
{"id":13438,"date":"2017-11-24T12:18:28","date_gmt":"2017-11-24T14:18:28","guid":{"rendered":"http:\/\/www7.icnetworks.org\/ocupacao\/?page_id=13438"},"modified":"2021-12-09T18:54:02","modified_gmt":"2021-12-09T21:54:02","slug":"o-que-e-a-loucura","status":"publish","type":"page","link":"https:\/\/ocupacao.icnetworks.org\/ocupacao\/nise-da-silveira\/o-que-e-a-loucura\/","title":{"rendered":"O que \u00e9 a loucura?"},"content":{"rendered":"","protected":false},"excerpt":{"rendered":"","protected":false},"author":8,"featured_media":0,"parent":12975,"menu_order":10,"comment_status":"closed","ping_status":"closed","template":"","meta":{"footnotes":""},"class_list":["post-13438","page","type-page","status-publish","hentry","temas-ditadura-militar","areas-psiquiatria"],"yoast_head":"<!-- This site is optimized with the Yoast SEO plugin v27.3 - https:\/\/yoast.com\/product\/yoast-seo-wordpress\/ -->\n<title>O que \u00e9 a loucura? - Ocupa\u00e7\u00e3o Nise da Silveira<\/title>\n<meta name=\"description\" content=\"Pessoas que concederam entrevistas sobre a vida e a obra de Nise da Silveira respondem a uma mesma pergunta: O que \u00e9 a loucura?\" \/>\n<meta name=\"robots\" content=\"index, follow, max-snippet:-1, max-image-preview:large, max-video-preview:-1\" \/>\n<link rel=\"canonical\" href=\"https:\/\/www.itaucultural.org.br\/ocupacao\/nise-da-silveira\/o-que-e-a-loucura\/\" \/>\n<meta property=\"og:locale\" content=\"pt_BR\" \/>\n<meta property=\"og:type\" content=\"article\" \/>\n<meta property=\"og:title\" content=\"O que \u00e9 a loucura? - Ocupa\u00e7\u00e3o Nise da Silveira\" \/>\n<meta property=\"og:description\" content=\"Pessoas que concederam entrevistas sobre a vida e a obra de Nise da Silveira respondem a uma mesma pergunta: O que \u00e9 a loucura?\" \/>\n<meta property=\"og:url\" content=\"https:\/\/www.itaucultural.org.br\/ocupacao\/nise-da-silveira\/o-que-e-a-loucura\/\" \/>\n<meta property=\"og:site_name\" content=\"Ocupa\u00e7\u00e3o\" \/>\n<meta property=\"article:modified_time\" content=\"2021-12-09T21:54:02+00:00\" \/>\n<meta name=\"twitter:card\" content=\"summary_large_image\" \/>\n<script type=\"application\/ld+json\" class=\"yoast-schema-graph\">{\"@context\":\"https:\\\/\\\/schema.org\",\"@graph\":[{\"@type\":\"WebPage\",\"@id\":\"https:\\\/\\\/www.itaucultural.org.br\\\/ocupacao\\\/nise-da-silveira\\\/o-que-e-a-loucura\\\/\",\"url\":\"https:\\\/\\\/www.itaucultural.org.br\\\/ocupacao\\\/nise-da-silveira\\\/o-que-e-a-loucura\\\/\",\"name\":\"O que \u00e9 a loucura? - Ocupa\u00e7\u00e3o Nise da Silveira\",\"isPartOf\":{\"@id\":\"https:\\\/\\\/www.itaucultural.org.br\\\/ocupacao\\\/en\\\/#website\"},\"datePublished\":\"2017-11-24T14:18:28+00:00\",\"dateModified\":\"2021-12-09T21:54:02+00:00\",\"description\":\"Pessoas que concederam entrevistas sobre a vida e a obra de Nise da Silveira respondem a uma mesma pergunta: O que \u00e9 a loucura?\",\"breadcrumb\":{\"@id\":\"https:\\\/\\\/www.itaucultural.org.br\\\/ocupacao\\\/nise-da-silveira\\\/o-que-e-a-loucura\\\/#breadcrumb\"},\"inLanguage\":\"pt-BR\",\"potentialAction\":[{\"@type\":\"ReadAction\",\"target\":[\"https:\\\/\\\/www.itaucultural.org.br\\\/ocupacao\\\/nise-da-silveira\\\/o-que-e-a-loucura\\\/\"]}]},{\"@type\":\"BreadcrumbList\",\"@id\":\"https:\\\/\\\/www.itaucultural.org.br\\\/ocupacao\\\/nise-da-silveira\\\/o-que-e-a-loucura\\\/#breadcrumb\",\"itemListElement\":[{\"@type\":\"ListItem\",\"position\":1,\"name\":\"In\u00edcio\",\"item\":\"https:\\\/\\\/www.itaucultural.org.br\\\/ocupacao\\\/en\\\/\"},{\"@type\":\"ListItem\",\"position\":2,\"name\":\"Nise da Silveira\",\"item\":\"https:\\\/\\\/ocupacao.icnetworks.org\\\/ocupacao\\\/nise-da-silveira\\\/\"},{\"@type\":\"ListItem\",\"position\":3,\"name\":\"O que \u00e9 a loucura?\"}]},{\"@type\":\"WebSite\",\"@id\":\"https:\\\/\\\/www.itaucultural.org.br\\\/ocupacao\\\/en\\\/#website\",\"url\":\"https:\\\/\\\/www.itaucultural.org.br\\\/ocupacao\\\/en\\\/\",\"name\":\"Ocupa\u00e7\u00e3o\",\"description\":\"S\u00f3 mais um site WordPress\",\"potentialAction\":[{\"@type\":\"SearchAction\",\"target\":{\"@type\":\"EntryPoint\",\"urlTemplate\":\"https:\\\/\\\/www.itaucultural.org.br\\\/ocupacao\\\/en\\\/?s={search_term_string}\"},\"query-input\":{\"@type\":\"PropertyValueSpecification\",\"valueRequired\":true,\"valueName\":\"search_term_string\"}}],\"inLanguage\":\"pt-BR\"}]}<\/script>\n<!-- \/ Yoast SEO plugin. -->","yoast_head_json":{"title":"O que \u00e9 a loucura? - Ocupa\u00e7\u00e3o Nise da Silveira","description":"Pessoas que concederam entrevistas sobre a vida e a obra de Nise da Silveira respondem a uma mesma pergunta: O que \u00e9 a loucura?","robots":{"index":"index","follow":"follow","max-snippet":"max-snippet:-1","max-image-preview":"max-image-preview:large","max-video-preview":"max-video-preview:-1"},"canonical":"https:\/\/www.itaucultural.org.br\/ocupacao\/nise-da-silveira\/o-que-e-a-loucura\/","og_locale":"pt_BR","og_type":"article","og_title":"O que \u00e9 a loucura? - Ocupa\u00e7\u00e3o Nise da Silveira","og_description":"Pessoas que concederam entrevistas sobre a vida e a obra de Nise da Silveira respondem a uma mesma pergunta: O que \u00e9 a loucura?","og_url":"https:\/\/www.itaucultural.org.br\/ocupacao\/nise-da-silveira\/o-que-e-a-loucura\/","og_site_name":"Ocupa\u00e7\u00e3o","article_modified_time":"2021-12-09T21:54:02+00:00","twitter_card":"summary_large_image","schema":{"@context":"https:\/\/schema.org","@graph":[{"@type":"WebPage","@id":"https:\/\/www.itaucultural.org.br\/ocupacao\/nise-da-silveira\/o-que-e-a-loucura\/","url":"https:\/\/www.itaucultural.org.br\/ocupacao\/nise-da-silveira\/o-que-e-a-loucura\/","name":"O que \u00e9 a loucura? - Ocupa\u00e7\u00e3o Nise da Silveira","isPartOf":{"@id":"https:\/\/www.itaucultural.org.br\/ocupacao\/en\/#website"},"datePublished":"2017-11-24T14:18:28+00:00","dateModified":"2021-12-09T21:54:02+00:00","description":"Pessoas que concederam entrevistas sobre a vida e a obra de Nise da Silveira respondem a uma mesma pergunta: O que \u00e9 a loucura?","breadcrumb":{"@id":"https:\/\/www.itaucultural.org.br\/ocupacao\/nise-da-silveira\/o-que-e-a-loucura\/#breadcrumb"},"inLanguage":"pt-BR","potentialAction":[{"@type":"ReadAction","target":["https:\/\/www.itaucultural.org.br\/ocupacao\/nise-da-silveira\/o-que-e-a-loucura\/"]}]},{"@type":"BreadcrumbList","@id":"https:\/\/www.itaucultural.org.br\/ocupacao\/nise-da-silveira\/o-que-e-a-loucura\/#breadcrumb","itemListElement":[{"@type":"ListItem","position":1,"name":"In\u00edcio","item":"https:\/\/www.itaucultural.org.br\/ocupacao\/en\/"},{"@type":"ListItem","position":2,"name":"Nise da Silveira","item":"https:\/\/ocupacao.icnetworks.org\/ocupacao\/nise-da-silveira\/"},{"@type":"ListItem","position":3,"name":"O que \u00e9 a loucura?"}]},{"@type":"WebSite","@id":"https:\/\/www.itaucultural.org.br\/ocupacao\/en\/#website","url":"https:\/\/www.itaucultural.org.br\/ocupacao\/en\/","name":"Ocupa\u00e7\u00e3o","description":"S\u00f3 mais um site WordPress","potentialAction":[{"@type":"SearchAction","target":{"@type":"EntryPoint","urlTemplate":"https:\/\/www.itaucultural.org.br\/ocupacao\/en\/?s={search_term_string}"},"query-input":{"@type":"PropertyValueSpecification","valueRequired":true,"valueName":"search_term_string"}}],"inLanguage":"pt-BR"}]}},"_links":{"self":[{"href":"https:\/\/ocupacao.icnetworks.org\/ocupacao\/wp-json\/wp\/v2\/pages\/13438","targetHints":{"allow":["GET"]}}],"collection":[{"href":"https:\/\/ocupacao.icnetworks.org\/ocupacao\/wp-json\/wp\/v2\/pages"}],"about":[{"href":"https:\/\/ocupacao.icnetworks.org\/ocupacao\/wp-json\/wp\/v2\/types\/page"}],"author":[{"embeddable":true,"href":"https:\/\/ocupacao.icnetworks.org\/ocupacao\/wp-json\/wp\/v2\/users\/8"}],"replies":[{"embeddable":true,"href":"https:\/\/ocupacao.icnetworks.org\/ocupacao\/wp-json\/wp\/v2\/comments?post=13438"}],"version-history":[{"count":15,"href":"https:\/\/ocupacao.icnetworks.org\/ocupacao\/wp-json\/wp\/v2\/pages\/13438\/revisions"}],"predecessor-version":[{"id":16423,"href":"https:\/\/ocupacao.icnetworks.org\/ocupacao\/wp-json\/wp\/v2\/pages\/13438\/revisions\/16423"}],"up":[{"embeddable":true,"href":"https:\/\/ocupacao.icnetworks.org\/ocupacao\/wp-json\/wp\/v2\/pages\/12975"}],"wp:attachment":[{"href":"https:\/\/ocupacao.icnetworks.org\/ocupacao\/wp-json\/wp\/v2\/media?parent=13438"}],"curies":[{"name":"wp","href":"https:\/\/api.w.org\/{rel}","templated":true}]}}