
{"id":14946,"date":"2019-07-18T15:17:09","date_gmt":"2019-07-18T18:17:09","guid":{"rendered":"http:\/\/www7.icnetworks.org\/ocupacao\/?page_id=14946"},"modified":"2020-11-09T13:24:05","modified_gmt":"2020-11-09T16:24:05","slug":"a-revolucao-que-falta","status":"publish","type":"page","link":"https:\/\/ocupacao.icnetworks.org\/ocupacao\/lydia-hortelio\/a-revolucao-que-falta\/","title":{"rendered":"A revolu\u00e7\u00e3o que falta"},"content":{"rendered":"","protected":false},"excerpt":{"rendered":"","protected":false},"author":16,"featured_media":0,"parent":14933,"menu_order":4,"comment_status":"closed","ping_status":"closed","template":"","meta":{"footnotes":""},"class_list":["post-14946","page","type-page","status-publish","hentry","areas-musica"],"yoast_head":"<!-- This site is optimized with the Yoast SEO plugin v27.5 - https:\/\/yoast.com\/product\/yoast-seo-wordpress\/ -->\n<title>A revolu\u00e7\u00e3o que falta - Ocupa\u00e7\u00e3o<\/title>\n<meta name=\"robots\" content=\"index, follow, max-snippet:-1, max-image-preview:large, max-video-preview:-1\" \/>\n<link rel=\"canonical\" href=\"https:\/\/www.itaucultural.org.br\/ocupacao\/lydia-hortelio\/a-revolucao-que-falta\/\" \/>\n<meta property=\"og:locale\" content=\"pt_BR\" \/>\n<meta property=\"og:type\" content=\"article\" \/>\n<meta property=\"og:title\" content=\"A revolu\u00e7\u00e3o que falta - Ocupa\u00e7\u00e3o\" \/>\n<meta property=\"og:url\" content=\"https:\/\/www.itaucultural.org.br\/ocupacao\/lydia-hortelio\/a-revolucao-que-falta\/\" \/>\n<meta property=\"og:site_name\" content=\"Ocupa\u00e7\u00e3o\" \/>\n<meta property=\"article:modified_time\" content=\"2020-11-09T16:24:05+00:00\" \/>\n<meta name=\"twitter:card\" content=\"summary_large_image\" \/>\n<script type=\"application\/ld+json\" class=\"yoast-schema-graph\">{\"@context\":\"https:\\\/\\\/schema.org\",\"@graph\":[{\"@type\":\"WebPage\",\"@id\":\"https:\\\/\\\/www.itaucultural.org.br\\\/ocupacao\\\/lydia-hortelio\\\/a-revolucao-que-falta\\\/\",\"url\":\"https:\\\/\\\/www.itaucultural.org.br\\\/ocupacao\\\/lydia-hortelio\\\/a-revolucao-que-falta\\\/\",\"name\":\"A revolu\u00e7\u00e3o que falta - Ocupa\u00e7\u00e3o\",\"isPartOf\":{\"@id\":\"https:\\\/\\\/www.itaucultural.org.br\\\/ocupacao\\\/en\\\/#website\"},\"datePublished\":\"2019-07-18T18:17:09+00:00\",\"dateModified\":\"2020-11-09T16:24:05+00:00\",\"breadcrumb\":{\"@id\":\"https:\\\/\\\/www.itaucultural.org.br\\\/ocupacao\\\/lydia-hortelio\\\/a-revolucao-que-falta\\\/#breadcrumb\"},\"inLanguage\":\"pt-BR\",\"potentialAction\":[{\"@type\":\"ReadAction\",\"target\":[\"https:\\\/\\\/www.itaucultural.org.br\\\/ocupacao\\\/lydia-hortelio\\\/a-revolucao-que-falta\\\/\"]}]},{\"@type\":\"BreadcrumbList\",\"@id\":\"https:\\\/\\\/www.itaucultural.org.br\\\/ocupacao\\\/lydia-hortelio\\\/a-revolucao-que-falta\\\/#breadcrumb\",\"itemListElement\":[{\"@type\":\"ListItem\",\"position\":1,\"name\":\"In\u00edcio\",\"item\":\"https:\\\/\\\/www.itaucultural.org.br\\\/ocupacao\\\/en\\\/\"},{\"@type\":\"ListItem\",\"position\":2,\"name\":\"Lydia Hort\u00e9lio\",\"item\":\"https:\\\/\\\/www.itaucultural.org.br\\\/ocupacao\\\/lydia-hortelio\\\/\"},{\"@type\":\"ListItem\",\"position\":3,\"name\":\"A revolu\u00e7\u00e3o que falta\"}]},{\"@type\":\"WebSite\",\"@id\":\"https:\\\/\\\/www.itaucultural.org.br\\\/ocupacao\\\/en\\\/#website\",\"url\":\"https:\\\/\\\/www.itaucultural.org.br\\\/ocupacao\\\/en\\\/\",\"name\":\"Ocupa\u00e7\u00e3o\",\"description\":\"S\u00f3 mais um site WordPress\",\"potentialAction\":[{\"@type\":\"SearchAction\",\"target\":{\"@type\":\"EntryPoint\",\"urlTemplate\":\"https:\\\/\\\/www.itaucultural.org.br\\\/ocupacao\\\/en\\\/?s={search_term_string}\"},\"query-input\":{\"@type\":\"PropertyValueSpecification\",\"valueRequired\":true,\"valueName\":\"search_term_string\"}}],\"inLanguage\":\"pt-BR\"}]}<\/script>\n<!-- \/ Yoast SEO plugin. -->","yoast_head_json":{"title":"A revolu\u00e7\u00e3o que falta - Ocupa\u00e7\u00e3o","robots":{"index":"index","follow":"follow","max-snippet":"max-snippet:-1","max-image-preview":"max-image-preview:large","max-video-preview":"max-video-preview:-1"},"canonical":"https:\/\/www.itaucultural.org.br\/ocupacao\/lydia-hortelio\/a-revolucao-que-falta\/","og_locale":"pt_BR","og_type":"article","og_title":"A revolu\u00e7\u00e3o que falta - Ocupa\u00e7\u00e3o","og_url":"https:\/\/www.itaucultural.org.br\/ocupacao\/lydia-hortelio\/a-revolucao-que-falta\/","og_site_name":"Ocupa\u00e7\u00e3o","article_modified_time":"2020-11-09T16:24:05+00:00","twitter_card":"summary_large_image","schema":{"@context":"https:\/\/schema.org","@graph":[{"@type":"WebPage","@id":"https:\/\/www.itaucultural.org.br\/ocupacao\/lydia-hortelio\/a-revolucao-que-falta\/","url":"https:\/\/www.itaucultural.org.br\/ocupacao\/lydia-hortelio\/a-revolucao-que-falta\/","name":"A revolu\u00e7\u00e3o que falta - Ocupa\u00e7\u00e3o","isPartOf":{"@id":"https:\/\/www.itaucultural.org.br\/ocupacao\/en\/#website"},"datePublished":"2019-07-18T18:17:09+00:00","dateModified":"2020-11-09T16:24:05+00:00","breadcrumb":{"@id":"https:\/\/www.itaucultural.org.br\/ocupacao\/lydia-hortelio\/a-revolucao-que-falta\/#breadcrumb"},"inLanguage":"pt-BR","potentialAction":[{"@type":"ReadAction","target":["https:\/\/www.itaucultural.org.br\/ocupacao\/lydia-hortelio\/a-revolucao-que-falta\/"]}]},{"@type":"BreadcrumbList","@id":"https:\/\/www.itaucultural.org.br\/ocupacao\/lydia-hortelio\/a-revolucao-que-falta\/#breadcrumb","itemListElement":[{"@type":"ListItem","position":1,"name":"In\u00edcio","item":"https:\/\/www.itaucultural.org.br\/ocupacao\/en\/"},{"@type":"ListItem","position":2,"name":"Lydia Hort\u00e9lio","item":"https:\/\/www.itaucultural.org.br\/ocupacao\/lydia-hortelio\/"},{"@type":"ListItem","position":3,"name":"A revolu\u00e7\u00e3o que falta"}]},{"@type":"WebSite","@id":"https:\/\/www.itaucultural.org.br\/ocupacao\/en\/#website","url":"https:\/\/www.itaucultural.org.br\/ocupacao\/en\/","name":"Ocupa\u00e7\u00e3o","description":"S\u00f3 mais um site WordPress","potentialAction":[{"@type":"SearchAction","target":{"@type":"EntryPoint","urlTemplate":"https:\/\/www.itaucultural.org.br\/ocupacao\/en\/?s={search_term_string}"},"query-input":{"@type":"PropertyValueSpecification","valueRequired":true,"valueName":"search_term_string"}}],"inLanguage":"pt-BR"}]}},"_links":{"self":[{"href":"https:\/\/ocupacao.icnetworks.org\/ocupacao\/wp-json\/wp\/v2\/pages\/14946","targetHints":{"allow":["GET"]}}],"collection":[{"href":"https:\/\/ocupacao.icnetworks.org\/ocupacao\/wp-json\/wp\/v2\/pages"}],"about":[{"href":"https:\/\/ocupacao.icnetworks.org\/ocupacao\/wp-json\/wp\/v2\/types\/page"}],"author":[{"embeddable":true,"href":"https:\/\/ocupacao.icnetworks.org\/ocupacao\/wp-json\/wp\/v2\/users\/16"}],"replies":[{"embeddable":true,"href":"https:\/\/ocupacao.icnetworks.org\/ocupacao\/wp-json\/wp\/v2\/comments?post=14946"}],"version-history":[{"count":4,"href":"https:\/\/ocupacao.icnetworks.org\/ocupacao\/wp-json\/wp\/v2\/pages\/14946\/revisions"}],"predecessor-version":[{"id":16107,"href":"https:\/\/ocupacao.icnetworks.org\/ocupacao\/wp-json\/wp\/v2\/pages\/14946\/revisions\/16107"}],"up":[{"embeddable":true,"href":"https:\/\/ocupacao.icnetworks.org\/ocupacao\/wp-json\/wp\/v2\/pages\/14933"}],"wp:attachment":[{"href":"https:\/\/ocupacao.icnetworks.org\/ocupacao\/wp-json\/wp\/v2\/media?parent=14946"}],"curies":[{"name":"wp","href":"https:\/\/api.w.org\/{rel}","templated":true}]}}

A revolução que falta

<!-- This site is optimized with the Yoast SEO plugin v27.5 - https://yoast.com/product/yoast-seo-wordpress/ -->
<title>A revolução que falta - Ocupação</title>
<meta name="robots" content="index, follow, max-snippet:-1, max-image-preview:large, max-video-preview:-1" />
<link rel="canonical" href="https://www.itaucultural.org.br/ocupacao/lydia-hortelio/a-revolucao-que-falta/" />
<meta property="og:locale" content="pt_BR" />
<meta property="og:type" content="article" />
<meta property="og:title" content="A revolução que falta - Ocupação" />
<meta property="og:url" content="https://www.itaucultural.org.br/ocupacao/lydia-hortelio/a-revolucao-que-falta/" />
<meta property="og:site_name" content="Ocupação" />
<meta property="article:modified_time" content="2020-11-09T16:24:05+00:00" />
<meta name="twitter:card" content="summary_large_image" />
<script type="application/ld+json" class="yoast-schema-graph">{"@context":"https:\/\/schema.org","@graph":[{"@type":"WebPage","@id":"https:\/\/www.itaucultural.org.br\/ocupacao\/lydia-hortelio\/a-revolucao-que-falta\/","url":"https:\/\/www.itaucultural.org.br\/ocupacao\/lydia-hortelio\/a-revolucao-que-falta\/","name":"A revolução que falta - Ocupação","isPartOf":{"@id":"https:\/\/www.itaucultural.org.br\/ocupacao\/en\/#website"},"datePublished":"2019-07-18T18:17:09+00:00","dateModified":"2020-11-09T16:24:05+00:00","breadcrumb":{"@id":"https:\/\/www.itaucultural.org.br\/ocupacao\/lydia-hortelio\/a-revolucao-que-falta\/#breadcrumb"},"inLanguage":"pt-BR","potentialAction":[{"@type":"ReadAction","target":["https:\/\/www.itaucultural.org.br\/ocupacao\/lydia-hortelio\/a-revolucao-que-falta\/"]}]},{"@type":"BreadcrumbList","@id":"https:\/\/www.itaucultural.org.br\/ocupacao\/lydia-hortelio\/a-revolucao-que-falta\/#breadcrumb","itemListElement":[{"@type":"ListItem","position":1,"name":"Início","item":"https:\/\/www.itaucultural.org.br\/ocupacao\/en\/"},{"@type":"ListItem","position":2,"name":"Lydia Hortélio","item":"https:\/\/www.itaucultural.org.br\/ocupacao\/lydia-hortelio\/"},{"@type":"ListItem","position":3,"name":"A revolução que falta"}]},{"@type":"WebSite","@id":"https:\/\/www.itaucultural.org.br\/ocupacao\/en\/#website","url":"https:\/\/www.itaucultural.org.br\/ocupacao\/en\/","name":"Ocupação","description":"Só mais um site WordPress","potentialAction":[{"@type":"SearchAction","target":{"@type":"EntryPoint","urlTemplate":"https:\/\/www.itaucultural.org.br\/ocupacao\/en\/?s={search_term_string}"},"query-input":{"@type":"PropertyValueSpecification","valueRequired":true,"valueName":"search_term_string"}}],"inLanguage":"pt-BR"}]}</script>
<!-- / Yoast SEO plugin. -->

A revolução que falta - Ocupação

Ocupação

Início

Lydia Hortélio

Só mais um site WordPress
