
{"id":17178,"date":"2021-08-24T17:55:24","date_gmt":"2021-08-24T20:55:24","guid":{"rendered":"https:\/\/www7.icnetworks.org\/ocupacao\/?page_id=17178"},"modified":"2021-12-17T17:03:25","modified_gmt":"2021-12-17T20:03:25","slug":"familia-sueli-carneiro","status":"publish","type":"page","link":"https:\/\/ocupacao.icnetworks.org\/ocupacao\/sueli-carneiro\/familia-sueli-carneiro\/","title":{"rendered":"Uma fam\u00edlia verdadeiramente coletiva"},"content":{"rendered":"","protected":false},"excerpt":{"rendered":"","protected":false},"author":4,"featured_media":0,"parent":17163,"menu_order":1,"comment_status":"closed","ping_status":"closed","template":"","meta":{"footnotes":""},"class_list":["post-17178","page","type-page","status-publish","hentry","temas-familia","temas-feminismo","temas-questoes-raciais","areas-ativismo"],"yoast_head":"<!-- This site is optimized with the Yoast SEO plugin v27.3 - https:\/\/yoast.com\/product\/yoast-seo-wordpress\/ -->\n<title>Uma fam\u00edlia verdadeiramente coletiva - Ocupa\u00e7\u00e3o Sueli Carneiro<\/title>\n<meta name=\"description\" content=\"Conhe\u00e7a o n\u00facleo familiar da fil\u00f3sofa Sueli Carneiro, a primeira de sete irm\u00e3os em uma fam\u00edlia constru\u00edda na coletividade e no afeto.\" \/>\n<meta name=\"robots\" content=\"index, follow, max-snippet:-1, max-image-preview:large, max-video-preview:-1\" \/>\n<link rel=\"canonical\" href=\"https:\/\/www.itaucultural.org.br\/ocupacao\/sueli-carneiro\/familia-sueli-carneiro\/\" \/>\n<meta property=\"og:locale\" content=\"pt_BR\" \/>\n<meta property=\"og:type\" content=\"article\" \/>\n<meta property=\"og:title\" content=\"Uma fam\u00edlia verdadeiramente coletiva - Ocupa\u00e7\u00e3o Sueli Carneiro\" \/>\n<meta property=\"og:description\" content=\"Conhe\u00e7a o n\u00facleo familiar da fil\u00f3sofa Sueli Carneiro, a primeira de sete irm\u00e3os em uma fam\u00edlia constru\u00edda na coletividade e no afeto.\" \/>\n<meta property=\"og:url\" content=\"https:\/\/www.itaucultural.org.br\/ocupacao\/sueli-carneiro\/familia-sueli-carneiro\/\" \/>\n<meta property=\"og:site_name\" content=\"Ocupa\u00e7\u00e3o\" \/>\n<meta property=\"article:modified_time\" content=\"2021-12-17T20:03:25+00:00\" \/>\n<meta name=\"twitter:card\" content=\"summary_large_image\" \/>\n<script type=\"application\/ld+json\" class=\"yoast-schema-graph\">{\"@context\":\"https:\\\/\\\/schema.org\",\"@graph\":[{\"@type\":\"WebPage\",\"@id\":\"https:\\\/\\\/www.itaucultural.org.br\\\/ocupacao\\\/sueli-carneiro\\\/familia-sueli-carneiro\\\/\",\"url\":\"https:\\\/\\\/www.itaucultural.org.br\\\/ocupacao\\\/sueli-carneiro\\\/familia-sueli-carneiro\\\/\",\"name\":\"Uma fam\u00edlia verdadeiramente coletiva - Ocupa\u00e7\u00e3o Sueli Carneiro\",\"isPartOf\":{\"@id\":\"https:\\\/\\\/www.itaucultural.org.br\\\/ocupacao\\\/en\\\/#website\"},\"datePublished\":\"2021-08-24T20:55:24+00:00\",\"dateModified\":\"2021-12-17T20:03:25+00:00\",\"description\":\"Conhe\u00e7a o n\u00facleo familiar da fil\u00f3sofa Sueli Carneiro, a primeira de sete irm\u00e3os em uma fam\u00edlia constru\u00edda na coletividade e no afeto.\",\"breadcrumb\":{\"@id\":\"https:\\\/\\\/www.itaucultural.org.br\\\/ocupacao\\\/sueli-carneiro\\\/familia-sueli-carneiro\\\/#breadcrumb\"},\"inLanguage\":\"pt-BR\",\"potentialAction\":[{\"@type\":\"ReadAction\",\"target\":[\"https:\\\/\\\/www.itaucultural.org.br\\\/ocupacao\\\/sueli-carneiro\\\/familia-sueli-carneiro\\\/\"]}]},{\"@type\":\"BreadcrumbList\",\"@id\":\"https:\\\/\\\/www.itaucultural.org.br\\\/ocupacao\\\/sueli-carneiro\\\/familia-sueli-carneiro\\\/#breadcrumb\",\"itemListElement\":[{\"@type\":\"ListItem\",\"position\":1,\"name\":\"In\u00edcio\",\"item\":\"https:\\\/\\\/www.itaucultural.org.br\\\/ocupacao\\\/en\\\/\"},{\"@type\":\"ListItem\",\"position\":2,\"name\":\"Sueli Carneiro\",\"item\":\"https:\\\/\\\/ocupacao.icnetworks.org\\\/ocupacao\\\/sueli-carneiro\\\/\"},{\"@type\":\"ListItem\",\"position\":3,\"name\":\"Uma fam\u00edlia verdadeiramente coletiva\"}]},{\"@type\":\"WebSite\",\"@id\":\"https:\\\/\\\/www.itaucultural.org.br\\\/ocupacao\\\/en\\\/#website\",\"url\":\"https:\\\/\\\/www.itaucultural.org.br\\\/ocupacao\\\/en\\\/\",\"name\":\"Ocupa\u00e7\u00e3o\",\"description\":\"S\u00f3 mais um site WordPress\",\"potentialAction\":[{\"@type\":\"SearchAction\",\"target\":{\"@type\":\"EntryPoint\",\"urlTemplate\":\"https:\\\/\\\/www.itaucultural.org.br\\\/ocupacao\\\/en\\\/?s={search_term_string}\"},\"query-input\":{\"@type\":\"PropertyValueSpecification\",\"valueRequired\":true,\"valueName\":\"search_term_string\"}}],\"inLanguage\":\"pt-BR\"}]}<\/script>\n<!-- \/ Yoast SEO plugin. -->","yoast_head_json":{"title":"Uma fam\u00edlia verdadeiramente coletiva - Ocupa\u00e7\u00e3o Sueli Carneiro","description":"Conhe\u00e7a o n\u00facleo familiar da fil\u00f3sofa Sueli Carneiro, a primeira de sete irm\u00e3os em uma fam\u00edlia constru\u00edda na coletividade e no afeto.","robots":{"index":"index","follow":"follow","max-snippet":"max-snippet:-1","max-image-preview":"max-image-preview:large","max-video-preview":"max-video-preview:-1"},"canonical":"https:\/\/www.itaucultural.org.br\/ocupacao\/sueli-carneiro\/familia-sueli-carneiro\/","og_locale":"pt_BR","og_type":"article","og_title":"Uma fam\u00edlia verdadeiramente coletiva - Ocupa\u00e7\u00e3o Sueli Carneiro","og_description":"Conhe\u00e7a o n\u00facleo familiar da fil\u00f3sofa Sueli Carneiro, a primeira de sete irm\u00e3os em uma fam\u00edlia constru\u00edda na coletividade e no afeto.","og_url":"https:\/\/www.itaucultural.org.br\/ocupacao\/sueli-carneiro\/familia-sueli-carneiro\/","og_site_name":"Ocupa\u00e7\u00e3o","article_modified_time":"2021-12-17T20:03:25+00:00","twitter_card":"summary_large_image","schema":{"@context":"https:\/\/schema.org","@graph":[{"@type":"WebPage","@id":"https:\/\/www.itaucultural.org.br\/ocupacao\/sueli-carneiro\/familia-sueli-carneiro\/","url":"https:\/\/www.itaucultural.org.br\/ocupacao\/sueli-carneiro\/familia-sueli-carneiro\/","name":"Uma fam\u00edlia verdadeiramente coletiva - Ocupa\u00e7\u00e3o Sueli Carneiro","isPartOf":{"@id":"https:\/\/www.itaucultural.org.br\/ocupacao\/en\/#website"},"datePublished":"2021-08-24T20:55:24+00:00","dateModified":"2021-12-17T20:03:25+00:00","description":"Conhe\u00e7a o n\u00facleo familiar da fil\u00f3sofa Sueli Carneiro, a primeira de sete irm\u00e3os em uma fam\u00edlia constru\u00edda na coletividade e no afeto.","breadcrumb":{"@id":"https:\/\/www.itaucultural.org.br\/ocupacao\/sueli-carneiro\/familia-sueli-carneiro\/#breadcrumb"},"inLanguage":"pt-BR","potentialAction":[{"@type":"ReadAction","target":["https:\/\/www.itaucultural.org.br\/ocupacao\/sueli-carneiro\/familia-sueli-carneiro\/"]}]},{"@type":"BreadcrumbList","@id":"https:\/\/www.itaucultural.org.br\/ocupacao\/sueli-carneiro\/familia-sueli-carneiro\/#breadcrumb","itemListElement":[{"@type":"ListItem","position":1,"name":"In\u00edcio","item":"https:\/\/www.itaucultural.org.br\/ocupacao\/en\/"},{"@type":"ListItem","position":2,"name":"Sueli Carneiro","item":"https:\/\/ocupacao.icnetworks.org\/ocupacao\/sueli-carneiro\/"},{"@type":"ListItem","position":3,"name":"Uma fam\u00edlia verdadeiramente coletiva"}]},{"@type":"WebSite","@id":"https:\/\/www.itaucultural.org.br\/ocupacao\/en\/#website","url":"https:\/\/www.itaucultural.org.br\/ocupacao\/en\/","name":"Ocupa\u00e7\u00e3o","description":"S\u00f3 mais um site WordPress","potentialAction":[{"@type":"SearchAction","target":{"@type":"EntryPoint","urlTemplate":"https:\/\/www.itaucultural.org.br\/ocupacao\/en\/?s={search_term_string}"},"query-input":{"@type":"PropertyValueSpecification","valueRequired":true,"valueName":"search_term_string"}}],"inLanguage":"pt-BR"}]}},"_links":{"self":[{"href":"https:\/\/ocupacao.icnetworks.org\/ocupacao\/wp-json\/wp\/v2\/pages\/17178","targetHints":{"allow":["GET"]}}],"collection":[{"href":"https:\/\/ocupacao.icnetworks.org\/ocupacao\/wp-json\/wp\/v2\/pages"}],"about":[{"href":"https:\/\/ocupacao.icnetworks.org\/ocupacao\/wp-json\/wp\/v2\/types\/page"}],"author":[{"embeddable":true,"href":"https:\/\/ocupacao.icnetworks.org\/ocupacao\/wp-json\/wp\/v2\/users\/4"}],"replies":[{"embeddable":true,"href":"https:\/\/ocupacao.icnetworks.org\/ocupacao\/wp-json\/wp\/v2\/comments?post=17178"}],"version-history":[{"count":46,"href":"https:\/\/ocupacao.icnetworks.org\/ocupacao\/wp-json\/wp\/v2\/pages\/17178\/revisions"}],"predecessor-version":[{"id":17810,"href":"https:\/\/ocupacao.icnetworks.org\/ocupacao\/wp-json\/wp\/v2\/pages\/17178\/revisions\/17810"}],"up":[{"embeddable":true,"href":"https:\/\/ocupacao.icnetworks.org\/ocupacao\/wp-json\/wp\/v2\/pages\/17163"}],"wp:attachment":[{"href":"https:\/\/ocupacao.icnetworks.org\/ocupacao\/wp-json\/wp\/v2\/media?parent=17178"}],"curies":[{"name":"wp","href":"https:\/\/api.w.org\/{rel}","templated":true}]}}