
{"id":17229,"date":"2021-08-24T18:18:14","date_gmt":"2021-08-24T21:18:14","guid":{"rendered":"https:\/\/www7.icnetworks.org\/ocupacao\/?page_id=17229"},"modified":"2023-11-17T17:35:07","modified_gmt":"2023-11-17T20:35:07","slug":"sueli-carneiro-musica-futebol","status":"publish","type":"page","link":"https:\/\/ocupacao.icnetworks.org\/ocupacao\/sueli-carneiro\/sueli-carneiro-musica-futebol\/","title":{"rendered":"Do samba-rock ao Corinthians"},"content":{"rendered":"","protected":false},"excerpt":{"rendered":"","protected":false},"author":16,"featured_media":0,"parent":17163,"menu_order":5,"comment_status":"closed","ping_status":"closed","template":"","meta":{"footnotes":""},"class_list":["post-17229","page","type-page","status-publish","hentry","temas-musica","areas-ativismo"],"yoast_head":"<!-- This site is optimized with the Yoast SEO plugin v27.5 - https:\/\/yoast.com\/product\/yoast-seo-wordpress\/ -->\n<title>Do samba-rock ao Corinthians - Ocupa\u00e7\u00e3o Sueli Carneiro<\/title>\n<meta name=\"description\" content=\"O amor da fil\u00f3sofa e ativista do movimento feminista negro Sueli Carneiro pela m\u00fasica e pelo futebol, especialmente o Corinthians.\" \/>\n<meta name=\"robots\" content=\"index, follow, max-snippet:-1, max-image-preview:large, max-video-preview:-1\" \/>\n<link rel=\"canonical\" href=\"https:\/\/ocupacao.icnetworks.org\/ocupacao\/sueli-carneiro\/sueli-carneiro-musica-futebol\/\" \/>\n<meta property=\"og:locale\" content=\"pt_BR\" \/>\n<meta property=\"og:type\" content=\"article\" \/>\n<meta property=\"og:title\" content=\"Do samba-rock ao Corinthians - Ocupa\u00e7\u00e3o Sueli Carneiro\" \/>\n<meta property=\"og:description\" content=\"O amor da fil\u00f3sofa e ativista do movimento feminista negro Sueli Carneiro pela m\u00fasica e pelo futebol, especialmente o Corinthians.\" \/>\n<meta property=\"og:url\" content=\"https:\/\/ocupacao.icnetworks.org\/ocupacao\/sueli-carneiro\/sueli-carneiro-musica-futebol\/\" \/>\n<meta property=\"og:site_name\" content=\"Ocupa\u00e7\u00e3o\" \/>\n<meta property=\"article:modified_time\" content=\"2023-11-17T20:35:07+00:00\" \/>\n<meta name=\"twitter:card\" content=\"summary_large_image\" \/>\n<script type=\"application\/ld+json\" class=\"yoast-schema-graph\">{\"@context\":\"https:\\\/\\\/schema.org\",\"@graph\":[{\"@type\":\"WebPage\",\"@id\":\"https:\\\/\\\/ocupacao.icnetworks.org\\\/ocupacao\\\/sueli-carneiro\\\/sueli-carneiro-musica-futebol\\\/\",\"url\":\"https:\\\/\\\/ocupacao.icnetworks.org\\\/ocupacao\\\/sueli-carneiro\\\/sueli-carneiro-musica-futebol\\\/\",\"name\":\"Do samba-rock ao Corinthians - Ocupa\u00e7\u00e3o Sueli Carneiro\",\"isPartOf\":{\"@id\":\"https:\\\/\\\/www.itaucultural.org.br\\\/ocupacao\\\/en\\\/#website\"},\"datePublished\":\"2021-08-24T21:18:14+00:00\",\"dateModified\":\"2023-11-17T20:35:07+00:00\",\"description\":\"O amor da fil\u00f3sofa e ativista do movimento feminista negro Sueli Carneiro pela m\u00fasica e pelo futebol, especialmente o Corinthians.\",\"breadcrumb\":{\"@id\":\"https:\\\/\\\/ocupacao.icnetworks.org\\\/ocupacao\\\/sueli-carneiro\\\/sueli-carneiro-musica-futebol\\\/#breadcrumb\"},\"inLanguage\":\"pt-BR\",\"potentialAction\":[{\"@type\":\"ReadAction\",\"target\":[\"https:\\\/\\\/ocupacao.icnetworks.org\\\/ocupacao\\\/sueli-carneiro\\\/sueli-carneiro-musica-futebol\\\/\"]}]},{\"@type\":\"BreadcrumbList\",\"@id\":\"https:\\\/\\\/ocupacao.icnetworks.org\\\/ocupacao\\\/sueli-carneiro\\\/sueli-carneiro-musica-futebol\\\/#breadcrumb\",\"itemListElement\":[{\"@type\":\"ListItem\",\"position\":1,\"name\":\"In\u00edcio\",\"item\":\"https:\\\/\\\/www.itaucultural.org.br\\\/ocupacao\\\/en\\\/\"},{\"@type\":\"ListItem\",\"position\":2,\"name\":\"Sueli Carneiro\",\"item\":\"https:\\\/\\\/ocupacao.icnetworks.org\\\/ocupacao\\\/sueli-carneiro\\\/\"},{\"@type\":\"ListItem\",\"position\":3,\"name\":\"Do samba-rock ao Corinthians\"}]},{\"@type\":\"WebSite\",\"@id\":\"https:\\\/\\\/www.itaucultural.org.br\\\/ocupacao\\\/en\\\/#website\",\"url\":\"https:\\\/\\\/www.itaucultural.org.br\\\/ocupacao\\\/en\\\/\",\"name\":\"Ocupa\u00e7\u00e3o\",\"description\":\"S\u00f3 mais um site WordPress\",\"potentialAction\":[{\"@type\":\"SearchAction\",\"target\":{\"@type\":\"EntryPoint\",\"urlTemplate\":\"https:\\\/\\\/www.itaucultural.org.br\\\/ocupacao\\\/en\\\/?s={search_term_string}\"},\"query-input\":{\"@type\":\"PropertyValueSpecification\",\"valueRequired\":true,\"valueName\":\"search_term_string\"}}],\"inLanguage\":\"pt-BR\"}]}<\/script>\n<!-- \/ Yoast SEO plugin. -->","yoast_head_json":{"title":"Do samba-rock ao Corinthians - Ocupa\u00e7\u00e3o Sueli Carneiro","description":"O amor da fil\u00f3sofa e ativista do movimento feminista negro Sueli Carneiro pela m\u00fasica e pelo futebol, especialmente o Corinthians.","robots":{"index":"index","follow":"follow","max-snippet":"max-snippet:-1","max-image-preview":"max-image-preview:large","max-video-preview":"max-video-preview:-1"},"canonical":"https:\/\/ocupacao.icnetworks.org\/ocupacao\/sueli-carneiro\/sueli-carneiro-musica-futebol\/","og_locale":"pt_BR","og_type":"article","og_title":"Do samba-rock ao Corinthians - Ocupa\u00e7\u00e3o Sueli Carneiro","og_description":"O amor da fil\u00f3sofa e ativista do movimento feminista negro Sueli Carneiro pela m\u00fasica e pelo futebol, especialmente o Corinthians.","og_url":"https:\/\/ocupacao.icnetworks.org\/ocupacao\/sueli-carneiro\/sueli-carneiro-musica-futebol\/","og_site_name":"Ocupa\u00e7\u00e3o","article_modified_time":"2023-11-17T20:35:07+00:00","twitter_card":"summary_large_image","schema":{"@context":"https:\/\/schema.org","@graph":[{"@type":"WebPage","@id":"https:\/\/ocupacao.icnetworks.org\/ocupacao\/sueli-carneiro\/sueli-carneiro-musica-futebol\/","url":"https:\/\/ocupacao.icnetworks.org\/ocupacao\/sueli-carneiro\/sueli-carneiro-musica-futebol\/","name":"Do samba-rock ao Corinthians - Ocupa\u00e7\u00e3o Sueli Carneiro","isPartOf":{"@id":"https:\/\/www.itaucultural.org.br\/ocupacao\/en\/#website"},"datePublished":"2021-08-24T21:18:14+00:00","dateModified":"2023-11-17T20:35:07+00:00","description":"O amor da fil\u00f3sofa e ativista do movimento feminista negro Sueli Carneiro pela m\u00fasica e pelo futebol, especialmente o Corinthians.","breadcrumb":{"@id":"https:\/\/ocupacao.icnetworks.org\/ocupacao\/sueli-carneiro\/sueli-carneiro-musica-futebol\/#breadcrumb"},"inLanguage":"pt-BR","potentialAction":[{"@type":"ReadAction","target":["https:\/\/ocupacao.icnetworks.org\/ocupacao\/sueli-carneiro\/sueli-carneiro-musica-futebol\/"]}]},{"@type":"BreadcrumbList","@id":"https:\/\/ocupacao.icnetworks.org\/ocupacao\/sueli-carneiro\/sueli-carneiro-musica-futebol\/#breadcrumb","itemListElement":[{"@type":"ListItem","position":1,"name":"In\u00edcio","item":"https:\/\/www.itaucultural.org.br\/ocupacao\/en\/"},{"@type":"ListItem","position":2,"name":"Sueli Carneiro","item":"https:\/\/ocupacao.icnetworks.org\/ocupacao\/sueli-carneiro\/"},{"@type":"ListItem","position":3,"name":"Do samba-rock ao Corinthians"}]},{"@type":"WebSite","@id":"https:\/\/www.itaucultural.org.br\/ocupacao\/en\/#website","url":"https:\/\/www.itaucultural.org.br\/ocupacao\/en\/","name":"Ocupa\u00e7\u00e3o","description":"S\u00f3 mais um site WordPress","potentialAction":[{"@type":"SearchAction","target":{"@type":"EntryPoint","urlTemplate":"https:\/\/www.itaucultural.org.br\/ocupacao\/en\/?s={search_term_string}"},"query-input":{"@type":"PropertyValueSpecification","valueRequired":true,"valueName":"search_term_string"}}],"inLanguage":"pt-BR"}]}},"_links":{"self":[{"href":"https:\/\/ocupacao.icnetworks.org\/ocupacao\/wp-json\/wp\/v2\/pages\/17229","targetHints":{"allow":["GET"]}}],"collection":[{"href":"https:\/\/ocupacao.icnetworks.org\/ocupacao\/wp-json\/wp\/v2\/pages"}],"about":[{"href":"https:\/\/ocupacao.icnetworks.org\/ocupacao\/wp-json\/wp\/v2\/types\/page"}],"author":[{"embeddable":true,"href":"https:\/\/ocupacao.icnetworks.org\/ocupacao\/wp-json\/wp\/v2\/users\/16"}],"replies":[{"embeddable":true,"href":"https:\/\/ocupacao.icnetworks.org\/ocupacao\/wp-json\/wp\/v2\/comments?post=17229"}],"version-history":[{"count":45,"href":"https:\/\/ocupacao.icnetworks.org\/ocupacao\/wp-json\/wp\/v2\/pages\/17229\/revisions"}],"predecessor-version":[{"id":20411,"href":"https:\/\/ocupacao.icnetworks.org\/ocupacao\/wp-json\/wp\/v2\/pages\/17229\/revisions\/20411"}],"up":[{"embeddable":true,"href":"https:\/\/ocupacao.icnetworks.org\/ocupacao\/wp-json\/wp\/v2\/pages\/17163"}],"wp:attachment":[{"href":"https:\/\/ocupacao.icnetworks.org\/ocupacao\/wp-json\/wp\/v2\/media?parent=17229"}],"curies":[{"name":"wp","href":"https:\/\/api.w.org\/{rel}","templated":true}]}}

<!-- This site is optimized with the Yoast SEO plugin v27.5 - https://yoast.com/product/yoast-seo-wordpress/ -->
<title>Do samba-rock ao Corinthians - Ocupação Sueli Carneiro</title>
<meta name="description" content="O amor da filósofa e ativista do movimento feminista negro Sueli Carneiro pela música e pelo futebol, especialmente o Corinthians." />
<meta name="robots" content="index, follow, max-snippet:-1, max-image-preview:large, max-video-preview:-1" />
<link rel="canonical" href="https://ocupacao.icnetworks.org/ocupacao/sueli-carneiro/sueli-carneiro-musica-futebol/" />
<meta property="og:locale" content="pt_BR" />
<meta property="og:type" content="article" />
<meta property="og:title" content="Do samba-rock ao Corinthians - Ocupação Sueli Carneiro" />
<meta property="og:description" content="O amor da filósofa e ativista do movimento feminista negro Sueli Carneiro pela música e pelo futebol, especialmente o Corinthians." />
<meta property="og:url" content="https://ocupacao.icnetworks.org/ocupacao/sueli-carneiro/sueli-carneiro-musica-futebol/" />
<meta property="og:site_name" content="Ocupação" />
<meta property="article:modified_time" content="2023-11-17T20:35:07+00:00" />
<meta name="twitter:card" content="summary_large_image" />
<script type="application/ld+json" class="yoast-schema-graph">{"@context":"https:\/\/schema.org","@graph":[{"@type":"WebPage","@id":"https:\/\/ocupacao.icnetworks.org\/ocupacao\/sueli-carneiro\/sueli-carneiro-musica-futebol\/","url":"https:\/\/ocupacao.icnetworks.org\/ocupacao\/sueli-carneiro\/sueli-carneiro-musica-futebol\/","name":"Do samba-rock ao Corinthians - Ocupação Sueli Carneiro","isPartOf":{"@id":"https:\/\/www.itaucultural.org.br\/ocupacao\/en\/#website"},"datePublished":"2021-08-24T21:18:14+00:00","dateModified":"2023-11-17T20:35:07+00:00","description":"O amor da filósofa e ativista do movimento feminista negro Sueli Carneiro pela música e pelo futebol, especialmente o Corinthians.","breadcrumb":{"@id":"https:\/\/ocupacao.icnetworks.org\/ocupacao\/sueli-carneiro\/sueli-carneiro-musica-futebol\/#breadcrumb"},"inLanguage":"pt-BR","potentialAction":[{"@type":"ReadAction","target":["https:\/\/ocupacao.icnetworks.org\/ocupacao\/sueli-carneiro\/sueli-carneiro-musica-futebol\/"]}]},{"@type":"BreadcrumbList","@id":"https:\/\/ocupacao.icnetworks.org\/ocupacao\/sueli-carneiro\/sueli-carneiro-musica-futebol\/#breadcrumb","itemListElement":[{"@type":"ListItem","position":1,"name":"Início","item":"https:\/\/www.itaucultural.org.br\/ocupacao\/en\/"},{"@type":"ListItem","position":2,"name":"Sueli Carneiro","item":"https:\/\/ocupacao.icnetworks.org\/ocupacao\/sueli-carneiro\/"},{"@type":"ListItem","position":3,"name":"Do samba-rock ao Corinthians"}]},{"@type":"WebSite","@id":"https:\/\/www.itaucultural.org.br\/ocupacao\/en\/#website","url":"https:\/\/www.itaucultural.org.br\/ocupacao\/en\/","name":"Ocupação","description":"Só mais um site WordPress","potentialAction":[{"@type":"SearchAction","target":{"@type":"EntryPoint","urlTemplate":"https:\/\/www.itaucultural.org.br\/ocupacao\/en\/?s={search_term_string}"},"query-input":{"@type":"PropertyValueSpecification","valueRequired":true,"valueName":"search_term_string"}}],"inLanguage":"pt-BR"}]}</script>
<!-- / Yoast SEO plugin. -->

Do samba-rock ao Corinthians - Ocupação Sueli Carneiro

O amor da filósofa e ativista do movimento feminista negro Sueli Carneiro pela música e pelo futebol, especialmente o Corinthians.

Ocupação

Início

Só mais um site WordPress
