
{"id":17617,"date":"2021-09-13T14:34:16","date_gmt":"2021-09-13T17:34:16","guid":{"rendered":"https:\/\/www7.icnetworks.org\/ocupacao\/?page_id=17617"},"modified":"2021-12-17T11:29:28","modified_gmt":"2021-12-17T14:29:28","slug":"paulo-freire-13-04","status":"publish","type":"page","link":"https:\/\/ocupacao.icnetworks.org\/ocupacao\/paulo-freire\/paulo-freire-13-04\/","title":{"rendered":"13.04"},"content":{"rendered":"","protected":false},"excerpt":{"rendered":"","protected":false},"author":17,"featured_media":0,"parent":17591,"menu_order":2,"comment_status":"closed","ping_status":"closed","template":"","meta":{"footnotes":""},"class_list":["post-17617","page","type-page","status-publish","hentry"],"yoast_head":"<!-- This site is optimized with the Yoast SEO plugin v27.4 - https:\/\/yoast.com\/product\/yoast-seo-wordpress\/ -->\n<title>A vida acad\u00eamica de Paulo Freire - Ocupa\u00e7\u00e3o Paulo Freire<\/title>\n<meta name=\"description\" content=\"Para entender a experi\u00eancia educacional que alfabetizou 300 pessoas em 40 horas, temos que conhecer a trajet\u00f3ria acad\u00eamica de Paulo Freire.\" \/>\n<meta name=\"robots\" content=\"index, follow, max-snippet:-1, max-image-preview:large, max-video-preview:-1\" \/>\n<link rel=\"canonical\" href=\"https:\/\/www.itaucultural.org.br\/ocupacao\/paulo-freire\/paulo-freire-13-04\/\" \/>\n<meta property=\"og:locale\" content=\"pt_BR\" \/>\n<meta property=\"og:type\" content=\"article\" \/>\n<meta property=\"og:title\" content=\"A vida acad\u00eamica de Paulo Freire - Ocupa\u00e7\u00e3o Paulo Freire\" \/>\n<meta property=\"og:description\" content=\"Para entender a experi\u00eancia educacional que alfabetizou 300 pessoas em 40 horas, temos que conhecer a trajet\u00f3ria acad\u00eamica de Paulo Freire.\" \/>\n<meta property=\"og:url\" content=\"https:\/\/www.itaucultural.org.br\/ocupacao\/paulo-freire\/paulo-freire-13-04\/\" \/>\n<meta property=\"og:site_name\" content=\"Ocupa\u00e7\u00e3o\" \/>\n<meta property=\"article:modified_time\" content=\"2021-12-17T14:29:28+00:00\" \/>\n<meta name=\"twitter:card\" content=\"summary_large_image\" \/>\n<script type=\"application\/ld+json\" class=\"yoast-schema-graph\">{\"@context\":\"https:\\\/\\\/schema.org\",\"@graph\":[{\"@type\":\"WebPage\",\"@id\":\"https:\\\/\\\/www.itaucultural.org.br\\\/ocupacao\\\/paulo-freire\\\/paulo-freire-13-04\\\/\",\"url\":\"https:\\\/\\\/www.itaucultural.org.br\\\/ocupacao\\\/paulo-freire\\\/paulo-freire-13-04\\\/\",\"name\":\"A vida acad\u00eamica de Paulo Freire - Ocupa\u00e7\u00e3o Paulo Freire\",\"isPartOf\":{\"@id\":\"https:\\\/\\\/www.itaucultural.org.br\\\/ocupacao\\\/en\\\/#website\"},\"datePublished\":\"2021-09-13T17:34:16+00:00\",\"dateModified\":\"2021-12-17T14:29:28+00:00\",\"description\":\"Para entender a experi\u00eancia educacional que alfabetizou 300 pessoas em 40 horas, temos que conhecer a trajet\u00f3ria acad\u00eamica de Paulo Freire.\",\"breadcrumb\":{\"@id\":\"https:\\\/\\\/www.itaucultural.org.br\\\/ocupacao\\\/paulo-freire\\\/paulo-freire-13-04\\\/#breadcrumb\"},\"inLanguage\":\"pt-BR\",\"potentialAction\":[{\"@type\":\"ReadAction\",\"target\":[\"https:\\\/\\\/www.itaucultural.org.br\\\/ocupacao\\\/paulo-freire\\\/paulo-freire-13-04\\\/\"]}]},{\"@type\":\"BreadcrumbList\",\"@id\":\"https:\\\/\\\/www.itaucultural.org.br\\\/ocupacao\\\/paulo-freire\\\/paulo-freire-13-04\\\/#breadcrumb\",\"itemListElement\":[{\"@type\":\"ListItem\",\"position\":1,\"name\":\"In\u00edcio\",\"item\":\"https:\\\/\\\/www.itaucultural.org.br\\\/ocupacao\\\/en\\\/\"},{\"@type\":\"ListItem\",\"position\":2,\"name\":\"Paulo Freire\",\"item\":\"https:\\\/\\\/www.itaucultural.org.br\\\/ocupacao\\\/paulo-freire\\\/\"},{\"@type\":\"ListItem\",\"position\":3,\"name\":\"13.04\"}]},{\"@type\":\"WebSite\",\"@id\":\"https:\\\/\\\/www.itaucultural.org.br\\\/ocupacao\\\/en\\\/#website\",\"url\":\"https:\\\/\\\/www.itaucultural.org.br\\\/ocupacao\\\/en\\\/\",\"name\":\"Ocupa\u00e7\u00e3o\",\"description\":\"S\u00f3 mais um site WordPress\",\"potentialAction\":[{\"@type\":\"SearchAction\",\"target\":{\"@type\":\"EntryPoint\",\"urlTemplate\":\"https:\\\/\\\/www.itaucultural.org.br\\\/ocupacao\\\/en\\\/?s={search_term_string}\"},\"query-input\":{\"@type\":\"PropertyValueSpecification\",\"valueRequired\":true,\"valueName\":\"search_term_string\"}}],\"inLanguage\":\"pt-BR\"}]}<\/script>\n<!-- \/ Yoast SEO plugin. -->","yoast_head_json":{"title":"A vida acad\u00eamica de Paulo Freire - Ocupa\u00e7\u00e3o Paulo Freire","description":"Para entender a experi\u00eancia educacional que alfabetizou 300 pessoas em 40 horas, temos que conhecer a trajet\u00f3ria acad\u00eamica de Paulo Freire.","robots":{"index":"index","follow":"follow","max-snippet":"max-snippet:-1","max-image-preview":"max-image-preview:large","max-video-preview":"max-video-preview:-1"},"canonical":"https:\/\/www.itaucultural.org.br\/ocupacao\/paulo-freire\/paulo-freire-13-04\/","og_locale":"pt_BR","og_type":"article","og_title":"A vida acad\u00eamica de Paulo Freire - Ocupa\u00e7\u00e3o Paulo Freire","og_description":"Para entender a experi\u00eancia educacional que alfabetizou 300 pessoas em 40 horas, temos que conhecer a trajet\u00f3ria acad\u00eamica de Paulo Freire.","og_url":"https:\/\/www.itaucultural.org.br\/ocupacao\/paulo-freire\/paulo-freire-13-04\/","og_site_name":"Ocupa\u00e7\u00e3o","article_modified_time":"2021-12-17T14:29:28+00:00","twitter_card":"summary_large_image","schema":{"@context":"https:\/\/schema.org","@graph":[{"@type":"WebPage","@id":"https:\/\/www.itaucultural.org.br\/ocupacao\/paulo-freire\/paulo-freire-13-04\/","url":"https:\/\/www.itaucultural.org.br\/ocupacao\/paulo-freire\/paulo-freire-13-04\/","name":"A vida acad\u00eamica de Paulo Freire - Ocupa\u00e7\u00e3o Paulo Freire","isPartOf":{"@id":"https:\/\/www.itaucultural.org.br\/ocupacao\/en\/#website"},"datePublished":"2021-09-13T17:34:16+00:00","dateModified":"2021-12-17T14:29:28+00:00","description":"Para entender a experi\u00eancia educacional que alfabetizou 300 pessoas em 40 horas, temos que conhecer a trajet\u00f3ria acad\u00eamica de Paulo Freire.","breadcrumb":{"@id":"https:\/\/www.itaucultural.org.br\/ocupacao\/paulo-freire\/paulo-freire-13-04\/#breadcrumb"},"inLanguage":"pt-BR","potentialAction":[{"@type":"ReadAction","target":["https:\/\/www.itaucultural.org.br\/ocupacao\/paulo-freire\/paulo-freire-13-04\/"]}]},{"@type":"BreadcrumbList","@id":"https:\/\/www.itaucultural.org.br\/ocupacao\/paulo-freire\/paulo-freire-13-04\/#breadcrumb","itemListElement":[{"@type":"ListItem","position":1,"name":"In\u00edcio","item":"https:\/\/www.itaucultural.org.br\/ocupacao\/en\/"},{"@type":"ListItem","position":2,"name":"Paulo Freire","item":"https:\/\/www.itaucultural.org.br\/ocupacao\/paulo-freire\/"},{"@type":"ListItem","position":3,"name":"13.04"}]},{"@type":"WebSite","@id":"https:\/\/www.itaucultural.org.br\/ocupacao\/en\/#website","url":"https:\/\/www.itaucultural.org.br\/ocupacao\/en\/","name":"Ocupa\u00e7\u00e3o","description":"S\u00f3 mais um site WordPress","potentialAction":[{"@type":"SearchAction","target":{"@type":"EntryPoint","urlTemplate":"https:\/\/www.itaucultural.org.br\/ocupacao\/en\/?s={search_term_string}"},"query-input":{"@type":"PropertyValueSpecification","valueRequired":true,"valueName":"search_term_string"}}],"inLanguage":"pt-BR"}]}},"_links":{"self":[{"href":"https:\/\/ocupacao.icnetworks.org\/ocupacao\/wp-json\/wp\/v2\/pages\/17617","targetHints":{"allow":["GET"]}}],"collection":[{"href":"https:\/\/ocupacao.icnetworks.org\/ocupacao\/wp-json\/wp\/v2\/pages"}],"about":[{"href":"https:\/\/ocupacao.icnetworks.org\/ocupacao\/wp-json\/wp\/v2\/types\/page"}],"author":[{"embeddable":true,"href":"https:\/\/ocupacao.icnetworks.org\/ocupacao\/wp-json\/wp\/v2\/users\/17"}],"replies":[{"embeddable":true,"href":"https:\/\/ocupacao.icnetworks.org\/ocupacao\/wp-json\/wp\/v2\/comments?post=17617"}],"version-history":[{"count":23,"href":"https:\/\/ocupacao.icnetworks.org\/ocupacao\/wp-json\/wp\/v2\/pages\/17617\/revisions"}],"predecessor-version":[{"id":18687,"href":"https:\/\/ocupacao.icnetworks.org\/ocupacao\/wp-json\/wp\/v2\/pages\/17617\/revisions\/18687"}],"up":[{"embeddable":true,"href":"https:\/\/ocupacao.icnetworks.org\/ocupacao\/wp-json\/wp\/v2\/pages\/17591"}],"wp:attachment":[{"href":"https:\/\/ocupacao.icnetworks.org\/ocupacao\/wp-json\/wp\/v2\/media?parent=17617"}],"curies":[{"name":"wp","href":"https:\/\/api.w.org\/{rel}","templated":true}]}}