
{"id":17697,"date":"2021-09-16T11:32:05","date_gmt":"2021-09-16T14:32:05","guid":{"rendered":"https:\/\/www7.icnetworks.org\/ocupacao\/?page_id=17697"},"modified":"2021-12-02T18:53:52","modified_gmt":"2021-12-02T21:53:52","slug":"ano1964-paulo-freire","status":"publish","type":"page","link":"https:\/\/ocupacao.icnetworks.org\/ocupacao\/paulo-freire\/ano1964-paulo-freire\/","title":{"rendered":"1964"},"content":{"rendered":"","protected":false},"excerpt":{"rendered":"","protected":false},"author":4,"featured_media":0,"parent":17591,"menu_order":3,"comment_status":"closed","ping_status":"closed","template":"","meta":{"footnotes":""},"class_list":["post-17697","page","type-page","status-publish","hentry"],"yoast_head":"<!-- This site is optimized with the Yoast SEO plugin v27.5 - https:\/\/yoast.com\/product\/yoast-seo-wordpress\/ -->\n<title>Ex\u00edlio | 1964 - Ocupa\u00e7\u00e3o Paulo Freire<\/title>\n<meta name=\"description\" content=\"Li\u00e7\u00f5es e lembran\u00e7as de Paulo Freire nos anos em que viveu no ex\u00edlio, por causa da ditadura militar no Brasil.\" \/>\n<meta name=\"robots\" content=\"index, follow, max-snippet:-1, max-image-preview:large, max-video-preview:-1\" \/>\n<link rel=\"canonical\" href=\"https:\/\/ocupacao.icnetworks.org\/ocupacao\/paulo-freire\/ano1964-paulo-freire\/\" \/>\n<meta property=\"og:locale\" content=\"pt_BR\" \/>\n<meta property=\"og:type\" content=\"article\" \/>\n<meta property=\"og:title\" content=\"Ex\u00edlio | 1964 - Ocupa\u00e7\u00e3o Paulo Freire\" \/>\n<meta property=\"og:description\" content=\"Li\u00e7\u00f5es e lembran\u00e7as de Paulo Freire nos anos em que viveu no ex\u00edlio, por causa da ditadura militar no Brasil.\" \/>\n<meta property=\"og:url\" content=\"https:\/\/ocupacao.icnetworks.org\/ocupacao\/paulo-freire\/ano1964-paulo-freire\/\" \/>\n<meta property=\"og:site_name\" content=\"Ocupa\u00e7\u00e3o\" \/>\n<meta property=\"article:modified_time\" content=\"2021-12-02T21:53:52+00:00\" \/>\n<meta name=\"twitter:card\" content=\"summary_large_image\" \/>\n<script type=\"application\/ld+json\" class=\"yoast-schema-graph\">{\"@context\":\"https:\\\/\\\/schema.org\",\"@graph\":[{\"@type\":\"WebPage\",\"@id\":\"https:\\\/\\\/ocupacao.icnetworks.org\\\/ocupacao\\\/paulo-freire\\\/ano1964-paulo-freire\\\/\",\"url\":\"https:\\\/\\\/ocupacao.icnetworks.org\\\/ocupacao\\\/paulo-freire\\\/ano1964-paulo-freire\\\/\",\"name\":\"Ex\u00edlio | 1964 - Ocupa\u00e7\u00e3o Paulo Freire\",\"isPartOf\":{\"@id\":\"https:\\\/\\\/www.itaucultural.org.br\\\/ocupacao\\\/en\\\/#website\"},\"datePublished\":\"2021-09-16T14:32:05+00:00\",\"dateModified\":\"2021-12-02T21:53:52+00:00\",\"description\":\"Li\u00e7\u00f5es e lembran\u00e7as de Paulo Freire nos anos em que viveu no ex\u00edlio, por causa da ditadura militar no Brasil.\",\"breadcrumb\":{\"@id\":\"https:\\\/\\\/ocupacao.icnetworks.org\\\/ocupacao\\\/paulo-freire\\\/ano1964-paulo-freire\\\/#breadcrumb\"},\"inLanguage\":\"pt-BR\",\"potentialAction\":[{\"@type\":\"ReadAction\",\"target\":[\"https:\\\/\\\/ocupacao.icnetworks.org\\\/ocupacao\\\/paulo-freire\\\/ano1964-paulo-freire\\\/\"]}]},{\"@type\":\"BreadcrumbList\",\"@id\":\"https:\\\/\\\/ocupacao.icnetworks.org\\\/ocupacao\\\/paulo-freire\\\/ano1964-paulo-freire\\\/#breadcrumb\",\"itemListElement\":[{\"@type\":\"ListItem\",\"position\":1,\"name\":\"In\u00edcio\",\"item\":\"https:\\\/\\\/www.itaucultural.org.br\\\/ocupacao\\\/en\\\/\"},{\"@type\":\"ListItem\",\"position\":2,\"name\":\"Paulo Freire\",\"item\":\"https:\\\/\\\/www.itaucultural.org.br\\\/ocupacao\\\/paulo-freire\\\/\"},{\"@type\":\"ListItem\",\"position\":3,\"name\":\"1964\"}]},{\"@type\":\"WebSite\",\"@id\":\"https:\\\/\\\/www.itaucultural.org.br\\\/ocupacao\\\/en\\\/#website\",\"url\":\"https:\\\/\\\/www.itaucultural.org.br\\\/ocupacao\\\/en\\\/\",\"name\":\"Ocupa\u00e7\u00e3o\",\"description\":\"S\u00f3 mais um site WordPress\",\"potentialAction\":[{\"@type\":\"SearchAction\",\"target\":{\"@type\":\"EntryPoint\",\"urlTemplate\":\"https:\\\/\\\/www.itaucultural.org.br\\\/ocupacao\\\/en\\\/?s={search_term_string}\"},\"query-input\":{\"@type\":\"PropertyValueSpecification\",\"valueRequired\":true,\"valueName\":\"search_term_string\"}}],\"inLanguage\":\"pt-BR\"}]}<\/script>\n<!-- \/ Yoast SEO plugin. -->","yoast_head_json":{"title":"Ex\u00edlio | 1964 - Ocupa\u00e7\u00e3o Paulo Freire","description":"Li\u00e7\u00f5es e lembran\u00e7as de Paulo Freire nos anos em que viveu no ex\u00edlio, por causa da ditadura militar no Brasil.","robots":{"index":"index","follow":"follow","max-snippet":"max-snippet:-1","max-image-preview":"max-image-preview:large","max-video-preview":"max-video-preview:-1"},"canonical":"https:\/\/ocupacao.icnetworks.org\/ocupacao\/paulo-freire\/ano1964-paulo-freire\/","og_locale":"pt_BR","og_type":"article","og_title":"Ex\u00edlio | 1964 - Ocupa\u00e7\u00e3o Paulo Freire","og_description":"Li\u00e7\u00f5es e lembran\u00e7as de Paulo Freire nos anos em que viveu no ex\u00edlio, por causa da ditadura militar no Brasil.","og_url":"https:\/\/ocupacao.icnetworks.org\/ocupacao\/paulo-freire\/ano1964-paulo-freire\/","og_site_name":"Ocupa\u00e7\u00e3o","article_modified_time":"2021-12-02T21:53:52+00:00","twitter_card":"summary_large_image","schema":{"@context":"https:\/\/schema.org","@graph":[{"@type":"WebPage","@id":"https:\/\/ocupacao.icnetworks.org\/ocupacao\/paulo-freire\/ano1964-paulo-freire\/","url":"https:\/\/ocupacao.icnetworks.org\/ocupacao\/paulo-freire\/ano1964-paulo-freire\/","name":"Ex\u00edlio | 1964 - Ocupa\u00e7\u00e3o Paulo Freire","isPartOf":{"@id":"https:\/\/www.itaucultural.org.br\/ocupacao\/en\/#website"},"datePublished":"2021-09-16T14:32:05+00:00","dateModified":"2021-12-02T21:53:52+00:00","description":"Li\u00e7\u00f5es e lembran\u00e7as de Paulo Freire nos anos em que viveu no ex\u00edlio, por causa da ditadura militar no Brasil.","breadcrumb":{"@id":"https:\/\/ocupacao.icnetworks.org\/ocupacao\/paulo-freire\/ano1964-paulo-freire\/#breadcrumb"},"inLanguage":"pt-BR","potentialAction":[{"@type":"ReadAction","target":["https:\/\/ocupacao.icnetworks.org\/ocupacao\/paulo-freire\/ano1964-paulo-freire\/"]}]},{"@type":"BreadcrumbList","@id":"https:\/\/ocupacao.icnetworks.org\/ocupacao\/paulo-freire\/ano1964-paulo-freire\/#breadcrumb","itemListElement":[{"@type":"ListItem","position":1,"name":"In\u00edcio","item":"https:\/\/www.itaucultural.org.br\/ocupacao\/en\/"},{"@type":"ListItem","position":2,"name":"Paulo Freire","item":"https:\/\/www.itaucultural.org.br\/ocupacao\/paulo-freire\/"},{"@type":"ListItem","position":3,"name":"1964"}]},{"@type":"WebSite","@id":"https:\/\/www.itaucultural.org.br\/ocupacao\/en\/#website","url":"https:\/\/www.itaucultural.org.br\/ocupacao\/en\/","name":"Ocupa\u00e7\u00e3o","description":"S\u00f3 mais um site WordPress","potentialAction":[{"@type":"SearchAction","target":{"@type":"EntryPoint","urlTemplate":"https:\/\/www.itaucultural.org.br\/ocupacao\/en\/?s={search_term_string}"},"query-input":{"@type":"PropertyValueSpecification","valueRequired":true,"valueName":"search_term_string"}}],"inLanguage":"pt-BR"}]}},"_links":{"self":[{"href":"https:\/\/ocupacao.icnetworks.org\/ocupacao\/wp-json\/wp\/v2\/pages\/17697","targetHints":{"allow":["GET"]}}],"collection":[{"href":"https:\/\/ocupacao.icnetworks.org\/ocupacao\/wp-json\/wp\/v2\/pages"}],"about":[{"href":"https:\/\/ocupacao.icnetworks.org\/ocupacao\/wp-json\/wp\/v2\/types\/page"}],"author":[{"embeddable":true,"href":"https:\/\/ocupacao.icnetworks.org\/ocupacao\/wp-json\/wp\/v2\/users\/4"}],"replies":[{"embeddable":true,"href":"https:\/\/ocupacao.icnetworks.org\/ocupacao\/wp-json\/wp\/v2\/comments?post=17697"}],"version-history":[{"count":25,"href":"https:\/\/ocupacao.icnetworks.org\/ocupacao\/wp-json\/wp\/v2\/pages\/17697\/revisions"}],"predecessor-version":[{"id":17787,"href":"https:\/\/ocupacao.icnetworks.org\/ocupacao\/wp-json\/wp\/v2\/pages\/17697\/revisions\/17787"}],"up":[{"embeddable":true,"href":"https:\/\/ocupacao.icnetworks.org\/ocupacao\/wp-json\/wp\/v2\/pages\/17591"}],"wp:attachment":[{"href":"https:\/\/ocupacao.icnetworks.org\/ocupacao\/wp-json\/wp\/v2\/media?parent=17697"}],"curies":[{"name":"wp","href":"https:\/\/api.w.org\/{rel}","templated":true}]}}

<!-- This site is optimized with the Yoast SEO plugin v27.5 - https://yoast.com/product/yoast-seo-wordpress/ -->
<title>Exílio | 1964 - Ocupação Paulo Freire</title>
<meta name="description" content="Lições e lembranças de Paulo Freire nos anos em que viveu no exílio, por causa da ditadura militar no Brasil." />
<meta name="robots" content="index, follow, max-snippet:-1, max-image-preview:large, max-video-preview:-1" />
<link rel="canonical" href="https://ocupacao.icnetworks.org/ocupacao/paulo-freire/ano1964-paulo-freire/" />
<meta property="og:locale" content="pt_BR" />
<meta property="og:type" content="article" />
<meta property="og:title" content="Exílio | 1964 - Ocupação Paulo Freire" />
<meta property="og:description" content="Lições e lembranças de Paulo Freire nos anos em que viveu no exílio, por causa da ditadura militar no Brasil." />
<meta property="og:url" content="https://ocupacao.icnetworks.org/ocupacao/paulo-freire/ano1964-paulo-freire/" />
<meta property="og:site_name" content="Ocupação" />
<meta property="article:modified_time" content="2021-12-02T21:53:52+00:00" />
<meta name="twitter:card" content="summary_large_image" />
<script type="application/ld+json" class="yoast-schema-graph">{"@context":"https:\/\/schema.org","@graph":[{"@type":"WebPage","@id":"https:\/\/ocupacao.icnetworks.org\/ocupacao\/paulo-freire\/ano1964-paulo-freire\/","url":"https:\/\/ocupacao.icnetworks.org\/ocupacao\/paulo-freire\/ano1964-paulo-freire\/","name":"Exílio | 1964 - Ocupação Paulo Freire","isPartOf":{"@id":"https:\/\/www.itaucultural.org.br\/ocupacao\/en\/#website"},"datePublished":"2021-09-16T14:32:05+00:00","dateModified":"2021-12-02T21:53:52+00:00","description":"Lições e lembranças de Paulo Freire nos anos em que viveu no exílio, por causa da ditadura militar no Brasil.","breadcrumb":{"@id":"https:\/\/ocupacao.icnetworks.org\/ocupacao\/paulo-freire\/ano1964-paulo-freire\/#breadcrumb"},"inLanguage":"pt-BR","potentialAction":[{"@type":"ReadAction","target":["https:\/\/ocupacao.icnetworks.org\/ocupacao\/paulo-freire\/ano1964-paulo-freire\/"]}]},{"@type":"BreadcrumbList","@id":"https:\/\/ocupacao.icnetworks.org\/ocupacao\/paulo-freire\/ano1964-paulo-freire\/#breadcrumb","itemListElement":[{"@type":"ListItem","position":1,"name":"Início","item":"https:\/\/www.itaucultural.org.br\/ocupacao\/en\/"},{"@type":"ListItem","position":2,"name":"Paulo Freire","item":"https:\/\/www.itaucultural.org.br\/ocupacao\/paulo-freire\/"},{"@type":"ListItem","position":3,"name":"1964"}]},{"@type":"WebSite","@id":"https:\/\/www.itaucultural.org.br\/ocupacao\/en\/#website","url":"https:\/\/www.itaucultural.org.br\/ocupacao\/en\/","name":"Ocupação","description":"Só mais um site WordPress","potentialAction":[{"@type":"SearchAction","target":{"@type":"EntryPoint","urlTemplate":"https:\/\/www.itaucultural.org.br\/ocupacao\/en\/?s={search_term_string}"},"query-input":{"@type":"PropertyValueSpecification","valueRequired":true,"valueName":"search_term_string"}}],"inLanguage":"pt-BR"}]}</script>
<!-- / Yoast SEO plugin. -->

Exílio | 1964 - Ocupação Paulo Freire

Lições e lembranças de Paulo Freire nos anos em que viveu no exílio, por causa da ditadura militar no Brasil.

Ocupação

Início

Só mais um site WordPress
