
{"id":18047,"date":"2021-10-20T18:50:11","date_gmt":"2021-10-20T21:50:11","guid":{"rendered":"https:\/\/ocupacao.icnetworks.org\/ocupacao\/?page_id=18047"},"modified":"2023-03-16T15:23:33","modified_gmt":"2023-03-16T18:23:33","slug":"benjamim-oliveira","status":"publish","type":"page","link":"https:\/\/ocupacao.icnetworks.org\/ocupacao\/benjamim-oliveira\/","title":{"rendered":"Benjamim de Oliveira"},"content":{"rendered":"","protected":false},"excerpt":{"rendered":"","protected":false},"author":20,"featured_media":18163,"parent":0,"menu_order":60,"comment_status":"closed","ping_status":"closed","template":"","meta":{"footnotes":""},"class_list":["post-18047","page","type-page","status-publish","has-post-thumbnail","hentry","temas-cultura-popular","temas-questoes-raciais","areas-circo","areas-musica","areas-teatro"],"yoast_head":"<!-- This site is optimized with the Yoast SEO plugin v27.4 - https:\/\/yoast.com\/product\/yoast-seo-wordpress\/ -->\n<title>Ocupa\u00e7\u00e3o Benjamim de Oliveira - Ita\u00fa Cultural<\/title>\n<meta name=\"description\" content=\"A 54\u00aa Ocupa\u00e7\u00e3o Ita\u00fa Cultural apresenta a vida e a obra de Benjamim de Oliveira, um dos mais importantes artistas circenses do Brasil.\" \/>\n<meta name=\"robots\" content=\"index, follow, max-snippet:-1, max-image-preview:large, max-video-preview:-1\" \/>\n<link rel=\"canonical\" href=\"https:\/\/www.itaucultural.org.br\/ocupacao\/benjamim-oliveira\/\" \/>\n<meta property=\"og:locale\" content=\"pt_BR\" \/>\n<meta property=\"og:type\" content=\"article\" \/>\n<meta property=\"og:title\" content=\"Ocupa\u00e7\u00e3o Benjamim de Oliveira - Ita\u00fa Cultural\" \/>\n<meta property=\"og:description\" content=\"A 54\u00aa Ocupa\u00e7\u00e3o Ita\u00fa Cultural apresenta a vida e a obra de Benjamim de Oliveira, um dos mais importantes artistas circenses do Brasil.\" \/>\n<meta property=\"og:url\" content=\"https:\/\/www.itaucultural.org.br\/ocupacao\/benjamim-oliveira\/\" \/>\n<meta property=\"og:site_name\" content=\"Ocupa\u00e7\u00e3o\" \/>\n<meta property=\"article:modified_time\" content=\"2023-03-16T18:23:33+00:00\" \/>\n<meta property=\"og:image\" content=\"https:\/\/www.itaucultural.org.br\/ocupacao\/wp-content\/uploads\/2021\/11\/thumb_ocup_benja_1920x1080_4.jpg\" \/>\n\t<meta property=\"og:image:width\" content=\"1920\" \/>\n\t<meta property=\"og:image:height\" content=\"1080\" \/>\n\t<meta property=\"og:image:type\" content=\"image\/jpeg\" \/>\n<meta name=\"twitter:card\" content=\"summary_large_image\" \/>\n<script type=\"application\/ld+json\" class=\"yoast-schema-graph\">{\"@context\":\"https:\\\/\\\/schema.org\",\"@graph\":[{\"@type\":\"WebPage\",\"@id\":\"https:\\\/\\\/www.itaucultural.org.br\\\/ocupacao\\\/benjamim-oliveira\\\/\",\"url\":\"https:\\\/\\\/www.itaucultural.org.br\\\/ocupacao\\\/benjamim-oliveira\\\/\",\"name\":\"Ocupa\u00e7\u00e3o Benjamim de Oliveira - Ita\u00fa Cultural\",\"isPartOf\":{\"@id\":\"https:\\\/\\\/www.itaucultural.org.br\\\/ocupacao\\\/en\\\/#website\"},\"primaryImageOfPage\":{\"@id\":\"https:\\\/\\\/www.itaucultural.org.br\\\/ocupacao\\\/benjamim-oliveira\\\/#primaryimage\"},\"image\":{\"@id\":\"https:\\\/\\\/www.itaucultural.org.br\\\/ocupacao\\\/benjamim-oliveira\\\/#primaryimage\"},\"thumbnailUrl\":\"https:\\\/\\\/ocupacao.icnetworks.org\\\/ocupacao\\\/wp-content\\\/uploads\\\/2021\\\/11\\\/thumb_ocup_benja_1920x1080_4.jpg\",\"datePublished\":\"2021-10-20T21:50:11+00:00\",\"dateModified\":\"2023-03-16T18:23:33+00:00\",\"description\":\"A 54\u00aa Ocupa\u00e7\u00e3o Ita\u00fa Cultural apresenta a vida e a obra de Benjamim de Oliveira, um dos mais importantes artistas circenses do Brasil.\",\"breadcrumb\":{\"@id\":\"https:\\\/\\\/www.itaucultural.org.br\\\/ocupacao\\\/benjamim-oliveira\\\/#breadcrumb\"},\"inLanguage\":\"pt-BR\",\"potentialAction\":[{\"@type\":\"ReadAction\",\"target\":[\"https:\\\/\\\/www.itaucultural.org.br\\\/ocupacao\\\/benjamim-oliveira\\\/\"]}]},{\"@type\":\"ImageObject\",\"inLanguage\":\"pt-BR\",\"@id\":\"https:\\\/\\\/www.itaucultural.org.br\\\/ocupacao\\\/benjamim-oliveira\\\/#primaryimage\",\"url\":\"https:\\\/\\\/ocupacao.icnetworks.org\\\/ocupacao\\\/wp-content\\\/uploads\\\/2021\\\/11\\\/thumb_ocup_benja_1920x1080_4.jpg\",\"contentUrl\":\"https:\\\/\\\/ocupacao.icnetworks.org\\\/ocupacao\\\/wp-content\\\/uploads\\\/2021\\\/11\\\/thumb_ocup_benja_1920x1080_4.jpg\",\"width\":1920,\"height\":1080,\"caption\":\"Benjamim de Oliveira\"},{\"@type\":\"BreadcrumbList\",\"@id\":\"https:\\\/\\\/www.itaucultural.org.br\\\/ocupacao\\\/benjamim-oliveira\\\/#breadcrumb\",\"itemListElement\":[{\"@type\":\"ListItem\",\"position\":1,\"name\":\"In\u00edcio\",\"item\":\"https:\\\/\\\/www.itaucultural.org.br\\\/ocupacao\\\/en\\\/\"},{\"@type\":\"ListItem\",\"position\":2,\"name\":\"Benjamim de Oliveira\"}]},{\"@type\":\"WebSite\",\"@id\":\"https:\\\/\\\/www.itaucultural.org.br\\\/ocupacao\\\/en\\\/#website\",\"url\":\"https:\\\/\\\/www.itaucultural.org.br\\\/ocupacao\\\/en\\\/\",\"name\":\"Ocupa\u00e7\u00e3o\",\"description\":\"S\u00f3 mais um site WordPress\",\"potentialAction\":[{\"@type\":\"SearchAction\",\"target\":{\"@type\":\"EntryPoint\",\"urlTemplate\":\"https:\\\/\\\/www.itaucultural.org.br\\\/ocupacao\\\/en\\\/?s={search_term_string}\"},\"query-input\":{\"@type\":\"PropertyValueSpecification\",\"valueRequired\":true,\"valueName\":\"search_term_string\"}}],\"inLanguage\":\"pt-BR\"}]}<\/script>\n<!-- \/ Yoast SEO plugin. -->","yoast_head_json":{"title":"Ocupa\u00e7\u00e3o Benjamim de Oliveira - Ita\u00fa Cultural","description":"A 54\u00aa Ocupa\u00e7\u00e3o Ita\u00fa Cultural apresenta a vida e a obra de Benjamim de Oliveira, um dos mais importantes artistas circenses do Brasil.","robots":{"index":"index","follow":"follow","max-snippet":"max-snippet:-1","max-image-preview":"max-image-preview:large","max-video-preview":"max-video-preview:-1"},"canonical":"https:\/\/www.itaucultural.org.br\/ocupacao\/benjamim-oliveira\/","og_locale":"pt_BR","og_type":"article","og_title":"Ocupa\u00e7\u00e3o Benjamim de Oliveira - Ita\u00fa Cultural","og_description":"A 54\u00aa Ocupa\u00e7\u00e3o Ita\u00fa Cultural apresenta a vida e a obra de Benjamim de Oliveira, um dos mais importantes artistas circenses do Brasil.","og_url":"https:\/\/www.itaucultural.org.br\/ocupacao\/benjamim-oliveira\/","og_site_name":"Ocupa\u00e7\u00e3o","article_modified_time":"2023-03-16T18:23:33+00:00","og_image":[{"width":1920,"height":1080,"url":"https:\/\/www.itaucultural.org.br\/ocupacao\/wp-content\/uploads\/2021\/11\/thumb_ocup_benja_1920x1080_4.jpg","type":"image\/jpeg"}],"twitter_card":"summary_large_image","schema":{"@context":"https:\/\/schema.org","@graph":[{"@type":"WebPage","@id":"https:\/\/www.itaucultural.org.br\/ocupacao\/benjamim-oliveira\/","url":"https:\/\/www.itaucultural.org.br\/ocupacao\/benjamim-oliveira\/","name":"Ocupa\u00e7\u00e3o Benjamim de Oliveira - Ita\u00fa Cultural","isPartOf":{"@id":"https:\/\/www.itaucultural.org.br\/ocupacao\/en\/#website"},"primaryImageOfPage":{"@id":"https:\/\/www.itaucultural.org.br\/ocupacao\/benjamim-oliveira\/#primaryimage"},"image":{"@id":"https:\/\/www.itaucultural.org.br\/ocupacao\/benjamim-oliveira\/#primaryimage"},"thumbnailUrl":"https:\/\/ocupacao.icnetworks.org\/ocupacao\/wp-content\/uploads\/2021\/11\/thumb_ocup_benja_1920x1080_4.jpg","datePublished":"2021-10-20T21:50:11+00:00","dateModified":"2023-03-16T18:23:33+00:00","description":"A 54\u00aa Ocupa\u00e7\u00e3o Ita\u00fa Cultural apresenta a vida e a obra de Benjamim de Oliveira, um dos mais importantes artistas circenses do Brasil.","breadcrumb":{"@id":"https:\/\/www.itaucultural.org.br\/ocupacao\/benjamim-oliveira\/#breadcrumb"},"inLanguage":"pt-BR","potentialAction":[{"@type":"ReadAction","target":["https:\/\/www.itaucultural.org.br\/ocupacao\/benjamim-oliveira\/"]}]},{"@type":"ImageObject","inLanguage":"pt-BR","@id":"https:\/\/www.itaucultural.org.br\/ocupacao\/benjamim-oliveira\/#primaryimage","url":"https:\/\/ocupacao.icnetworks.org\/ocupacao\/wp-content\/uploads\/2021\/11\/thumb_ocup_benja_1920x1080_4.jpg","contentUrl":"https:\/\/ocupacao.icnetworks.org\/ocupacao\/wp-content\/uploads\/2021\/11\/thumb_ocup_benja_1920x1080_4.jpg","width":1920,"height":1080,"caption":"Benjamim de Oliveira"},{"@type":"BreadcrumbList","@id":"https:\/\/www.itaucultural.org.br\/ocupacao\/benjamim-oliveira\/#breadcrumb","itemListElement":[{"@type":"ListItem","position":1,"name":"In\u00edcio","item":"https:\/\/www.itaucultural.org.br\/ocupacao\/en\/"},{"@type":"ListItem","position":2,"name":"Benjamim de Oliveira"}]},{"@type":"WebSite","@id":"https:\/\/www.itaucultural.org.br\/ocupacao\/en\/#website","url":"https:\/\/www.itaucultural.org.br\/ocupacao\/en\/","name":"Ocupa\u00e7\u00e3o","description":"S\u00f3 mais um site WordPress","potentialAction":[{"@type":"SearchAction","target":{"@type":"EntryPoint","urlTemplate":"https:\/\/www.itaucultural.org.br\/ocupacao\/en\/?s={search_term_string}"},"query-input":{"@type":"PropertyValueSpecification","valueRequired":true,"valueName":"search_term_string"}}],"inLanguage":"pt-BR"}]}},"_links":{"self":[{"href":"https:\/\/ocupacao.icnetworks.org\/ocupacao\/wp-json\/wp\/v2\/pages\/18047","targetHints":{"allow":["GET"]}}],"collection":[{"href":"https:\/\/ocupacao.icnetworks.org\/ocupacao\/wp-json\/wp\/v2\/pages"}],"about":[{"href":"https:\/\/ocupacao.icnetworks.org\/ocupacao\/wp-json\/wp\/v2\/types\/page"}],"author":[{"embeddable":true,"href":"https:\/\/ocupacao.icnetworks.org\/ocupacao\/wp-json\/wp\/v2\/users\/20"}],"replies":[{"embeddable":true,"href":"https:\/\/ocupacao.icnetworks.org\/ocupacao\/wp-json\/wp\/v2\/comments?post=18047"}],"version-history":[{"count":42,"href":"https:\/\/ocupacao.icnetworks.org\/ocupacao\/wp-json\/wp\/v2\/pages\/18047\/revisions"}],"predecessor-version":[{"id":19905,"href":"https:\/\/ocupacao.icnetworks.org\/ocupacao\/wp-json\/wp\/v2\/pages\/18047\/revisions\/19905"}],"wp:featuredmedia":[{"embeddable":true,"href":"https:\/\/ocupacao.icnetworks.org\/ocupacao\/wp-json\/wp\/v2\/media\/18163"}],"wp:attachment":[{"href":"https:\/\/ocupacao.icnetworks.org\/ocupacao\/wp-json\/wp\/v2\/media?parent=18047"}],"curies":[{"name":"wp","href":"https:\/\/api.w.org\/{rel}","templated":true}]}}

<!-- This site is optimized with the Yoast SEO plugin v27.4 - https://yoast.com/product/yoast-seo-wordpress/ -->
<title>Ocupação Benjamim de Oliveira - Itaú Cultural</title>
<meta name="description" content="A 54ª Ocupação Itaú Cultural apresenta a vida e a obra de Benjamim de Oliveira, um dos mais importantes artistas circenses do Brasil." />
<meta name="robots" content="index, follow, max-snippet:-1, max-image-preview:large, max-video-preview:-1" />
<link rel="canonical" href="https://www.itaucultural.org.br/ocupacao/benjamim-oliveira/" />
<meta property="og:locale" content="pt_BR" />
<meta property="og:type" content="article" />
<meta property="og:title" content="Ocupação Benjamim de Oliveira - Itaú Cultural" />
<meta property="og:description" content="A 54ª Ocupação Itaú Cultural apresenta a vida e a obra de Benjamim de Oliveira, um dos mais importantes artistas circenses do Brasil." />
<meta property="og:url" content="https://www.itaucultural.org.br/ocupacao/benjamim-oliveira/" />
<meta property="og:site_name" content="Ocupação" />
<meta property="article:modified_time" content="2023-03-16T18:23:33+00:00" />
<meta property="og:image" content="https://www.itaucultural.org.br/ocupacao/wp-content/uploads/2021/11/thumb_ocup_benja_1920x1080_4.jpg" />
	<meta property="og:image:width" content="1920" />
	<meta property="og:image:height" content="1080" />
	<meta property="og:image:type" content="image/jpeg" />
<meta name="twitter:card" content="summary_large_image" />
<script type="application/ld+json" class="yoast-schema-graph">{"@context":"https:\/\/schema.org","@graph":[{"@type":"WebPage","@id":"https:\/\/www.itaucultural.org.br\/ocupacao\/benjamim-oliveira\/","url":"https:\/\/www.itaucultural.org.br\/ocupacao\/benjamim-oliveira\/","name":"Ocupação Benjamim de Oliveira - Itaú Cultural","isPartOf":{"@id":"https:\/\/www.itaucultural.org.br\/ocupacao\/en\/#website"},"primaryImageOfPage":{"@id":"https:\/\/www.itaucultural.org.br\/ocupacao\/benjamim-oliveira\/#primaryimage"},"image":{"@id":"https:\/\/www.itaucultural.org.br\/ocupacao\/benjamim-oliveira\/#primaryimage"},"thumbnailUrl":"https:\/\/ocupacao.icnetworks.org\/ocupacao\/wp-content\/uploads\/2021\/11\/thumb_ocup_benja_1920x1080_4.jpg","datePublished":"2021-10-20T21:50:11+00:00","dateModified":"2023-03-16T18:23:33+00:00","description":"A 54ª Ocupação Itaú Cultural apresenta a vida e a obra de Benjamim de Oliveira, um dos mais importantes artistas circenses do Brasil.","breadcrumb":{"@id":"https:\/\/www.itaucultural.org.br\/ocupacao\/benjamim-oliveira\/#breadcrumb"},"inLanguage":"pt-BR","potentialAction":[{"@type":"ReadAction","target":["https:\/\/www.itaucultural.org.br\/ocupacao\/benjamim-oliveira\/"]}]},{"@type":"ImageObject","inLanguage":"pt-BR","@id":"https:\/\/www.itaucultural.org.br\/ocupacao\/benjamim-oliveira\/#primaryimage","url":"https:\/\/ocupacao.icnetworks.org\/ocupacao\/wp-content\/uploads\/2021\/11\/thumb_ocup_benja_1920x1080_4.jpg","contentUrl":"https:\/\/ocupacao.icnetworks.org\/ocupacao\/wp-content\/uploads\/2021\/11\/thumb_ocup_benja_1920x1080_4.jpg","width":1920,"height":1080,"caption":"Benjamim de Oliveira"},{"@type":"BreadcrumbList","@id":"https:\/\/www.itaucultural.org.br\/ocupacao\/benjamim-oliveira\/#breadcrumb","itemListElement":[{"@type":"ListItem","position":1,"name":"Início","item":"https:\/\/www.itaucultural.org.br\/ocupacao\/en\/"},{"@type":"ListItem","position":2,"name":"Benjamim de Oliveira"}]},{"@type":"WebSite","@id":"https:\/\/www.itaucultural.org.br\/ocupacao\/en\/#website","url":"https:\/\/www.itaucultural.org.br\/ocupacao\/en\/","name":"Ocupação","description":"Só mais um site WordPress","potentialAction":[{"@type":"SearchAction","target":{"@type":"EntryPoint","urlTemplate":"https:\/\/www.itaucultural.org.br\/ocupacao\/en\/?s={search_term_string}"},"query-input":{"@type":"PropertyValueSpecification","valueRequired":true,"valueName":"search_term_string"}}],"inLanguage":"pt-BR"}]}</script>
<!-- / Yoast SEO plugin. -->

Ocupação Benjamim de Oliveira - Itaú Cultural

A 54ª Ocupação Itaú Cultural apresenta a vida e a obra de Benjamim de Oliveira, um dos mais importantes artistas circenses do Brasil.

Ocupação

Início

Só mais um site WordPress
