
{"id":18053,"date":"2021-10-20T19:33:02","date_gmt":"2021-10-20T22:33:02","guid":{"rendered":"https:\/\/ocupacao.icnetworks.org\/ocupacao\/?page_id=18053"},"modified":"2021-12-14T17:20:45","modified_gmt":"2021-12-14T20:20:45","slug":"articulador-multidoes","status":"publish","type":"page","link":"https:\/\/ocupacao.icnetworks.org\/ocupacao\/benjamim-oliveira\/articulador-multidoes\/","title":{"rendered":"Articulador de multid\u00f5es"},"content":{"rendered":"<p>texto mina estandarte<\/p>\n","protected":false},"excerpt":{"rendered":"<p>texto mina estandarte<\/p>\n","protected":false},"author":20,"featured_media":0,"parent":18047,"menu_order":4,"comment_status":"closed","ping_status":"closed","template":"","meta":{"footnotes":""},"class_list":["post-18053","page","type-page","status-publish","hentry","temas-cultura-popular","temas-questoes-raciais","areas-circo","areas-musica","areas-teatro"],"yoast_head":"<!-- This site is optimized with the Yoast SEO plugin v27.4 - https:\/\/yoast.com\/product\/yoast-seo-wordpress\/ -->\n<title>Articulador de multid\u00f5es - Ocupa\u00e7\u00e3o Benjamim de Oliveira<\/title>\n<meta name=\"description\" content=\"A parceria de Benjamim de Oliveira com toda a diversidade cultural e social de seu tempo evidencia sua posi\u00e7\u00e3o de articulador de multid\u00f5es.\" \/>\n<meta name=\"robots\" content=\"index, follow, max-snippet:-1, max-image-preview:large, max-video-preview:-1\" \/>\n<link rel=\"canonical\" href=\"https:\/\/www.itaucultural.org.br\/ocupacao\/benjamim-oliveira\/articulador-multidoes\/\" \/>\n<meta property=\"og:locale\" content=\"pt_BR\" \/>\n<meta property=\"og:type\" content=\"article\" \/>\n<meta property=\"og:title\" content=\"Articulador de multid\u00f5es - Ocupa\u00e7\u00e3o Benjamim de Oliveira\" \/>\n<meta property=\"og:description\" content=\"A parceria de Benjamim de Oliveira com toda a diversidade cultural e social de seu tempo evidencia sua posi\u00e7\u00e3o de articulador de multid\u00f5es.\" \/>\n<meta property=\"og:url\" content=\"https:\/\/www.itaucultural.org.br\/ocupacao\/benjamim-oliveira\/articulador-multidoes\/\" \/>\n<meta property=\"og:site_name\" content=\"Ocupa\u00e7\u00e3o\" \/>\n<meta property=\"article:modified_time\" content=\"2021-12-14T20:20:45+00:00\" \/>\n<meta name=\"twitter:card\" content=\"summary_large_image\" \/>\n<meta name=\"twitter:label1\" content=\"Est. tempo de leitura\" \/>\n\t<meta name=\"twitter:data1\" content=\"1 minuto\" \/>\n<script type=\"application\/ld+json\" class=\"yoast-schema-graph\">{\"@context\":\"https:\\\/\\\/schema.org\",\"@graph\":[{\"@type\":\"WebPage\",\"@id\":\"https:\\\/\\\/www.itaucultural.org.br\\\/ocupacao\\\/benjamim-oliveira\\\/articulador-multidoes\\\/\",\"url\":\"https:\\\/\\\/www.itaucultural.org.br\\\/ocupacao\\\/benjamim-oliveira\\\/articulador-multidoes\\\/\",\"name\":\"Articulador de multid\u00f5es - Ocupa\u00e7\u00e3o Benjamim de Oliveira\",\"isPartOf\":{\"@id\":\"https:\\\/\\\/www.itaucultural.org.br\\\/ocupacao\\\/en\\\/#website\"},\"datePublished\":\"2021-10-20T22:33:02+00:00\",\"dateModified\":\"2021-12-14T20:20:45+00:00\",\"description\":\"A parceria de Benjamim de Oliveira com toda a diversidade cultural e social de seu tempo evidencia sua posi\u00e7\u00e3o de articulador de multid\u00f5es.\",\"breadcrumb\":{\"@id\":\"https:\\\/\\\/www.itaucultural.org.br\\\/ocupacao\\\/benjamim-oliveira\\\/articulador-multidoes\\\/#breadcrumb\"},\"inLanguage\":\"pt-BR\",\"potentialAction\":[{\"@type\":\"ReadAction\",\"target\":[\"https:\\\/\\\/www.itaucultural.org.br\\\/ocupacao\\\/benjamim-oliveira\\\/articulador-multidoes\\\/\"]}]},{\"@type\":\"BreadcrumbList\",\"@id\":\"https:\\\/\\\/www.itaucultural.org.br\\\/ocupacao\\\/benjamim-oliveira\\\/articulador-multidoes\\\/#breadcrumb\",\"itemListElement\":[{\"@type\":\"ListItem\",\"position\":1,\"name\":\"In\u00edcio\",\"item\":\"https:\\\/\\\/www.itaucultural.org.br\\\/ocupacao\\\/en\\\/\"},{\"@type\":\"ListItem\",\"position\":2,\"name\":\"Benjamim de Oliveira\",\"item\":\"https:\\\/\\\/www.itaucultural.org.br\\\/ocupacao\\\/benjamim-oliveira\\\/\"},{\"@type\":\"ListItem\",\"position\":3,\"name\":\"Articulador de multid\u00f5es\"}]},{\"@type\":\"WebSite\",\"@id\":\"https:\\\/\\\/www.itaucultural.org.br\\\/ocupacao\\\/en\\\/#website\",\"url\":\"https:\\\/\\\/www.itaucultural.org.br\\\/ocupacao\\\/en\\\/\",\"name\":\"Ocupa\u00e7\u00e3o\",\"description\":\"S\u00f3 mais um site WordPress\",\"potentialAction\":[{\"@type\":\"SearchAction\",\"target\":{\"@type\":\"EntryPoint\",\"urlTemplate\":\"https:\\\/\\\/www.itaucultural.org.br\\\/ocupacao\\\/en\\\/?s={search_term_string}\"},\"query-input\":{\"@type\":\"PropertyValueSpecification\",\"valueRequired\":true,\"valueName\":\"search_term_string\"}}],\"inLanguage\":\"pt-BR\"}]}<\/script>\n<!-- \/ Yoast SEO plugin. -->","yoast_head_json":{"title":"Articulador de multid\u00f5es - Ocupa\u00e7\u00e3o Benjamim de Oliveira","description":"A parceria de Benjamim de Oliveira com toda a diversidade cultural e social de seu tempo evidencia sua posi\u00e7\u00e3o de articulador de multid\u00f5es.","robots":{"index":"index","follow":"follow","max-snippet":"max-snippet:-1","max-image-preview":"max-image-preview:large","max-video-preview":"max-video-preview:-1"},"canonical":"https:\/\/www.itaucultural.org.br\/ocupacao\/benjamim-oliveira\/articulador-multidoes\/","og_locale":"pt_BR","og_type":"article","og_title":"Articulador de multid\u00f5es - Ocupa\u00e7\u00e3o Benjamim de Oliveira","og_description":"A parceria de Benjamim de Oliveira com toda a diversidade cultural e social de seu tempo evidencia sua posi\u00e7\u00e3o de articulador de multid\u00f5es.","og_url":"https:\/\/www.itaucultural.org.br\/ocupacao\/benjamim-oliveira\/articulador-multidoes\/","og_site_name":"Ocupa\u00e7\u00e3o","article_modified_time":"2021-12-14T20:20:45+00:00","twitter_card":"summary_large_image","twitter_misc":{"Est. tempo de leitura":"1 minuto"},"schema":{"@context":"https:\/\/schema.org","@graph":[{"@type":"WebPage","@id":"https:\/\/www.itaucultural.org.br\/ocupacao\/benjamim-oliveira\/articulador-multidoes\/","url":"https:\/\/www.itaucultural.org.br\/ocupacao\/benjamim-oliveira\/articulador-multidoes\/","name":"Articulador de multid\u00f5es - Ocupa\u00e7\u00e3o Benjamim de Oliveira","isPartOf":{"@id":"https:\/\/www.itaucultural.org.br\/ocupacao\/en\/#website"},"datePublished":"2021-10-20T22:33:02+00:00","dateModified":"2021-12-14T20:20:45+00:00","description":"A parceria de Benjamim de Oliveira com toda a diversidade cultural e social de seu tempo evidencia sua posi\u00e7\u00e3o de articulador de multid\u00f5es.","breadcrumb":{"@id":"https:\/\/www.itaucultural.org.br\/ocupacao\/benjamim-oliveira\/articulador-multidoes\/#breadcrumb"},"inLanguage":"pt-BR","potentialAction":[{"@type":"ReadAction","target":["https:\/\/www.itaucultural.org.br\/ocupacao\/benjamim-oliveira\/articulador-multidoes\/"]}]},{"@type":"BreadcrumbList","@id":"https:\/\/www.itaucultural.org.br\/ocupacao\/benjamim-oliveira\/articulador-multidoes\/#breadcrumb","itemListElement":[{"@type":"ListItem","position":1,"name":"In\u00edcio","item":"https:\/\/www.itaucultural.org.br\/ocupacao\/en\/"},{"@type":"ListItem","position":2,"name":"Benjamim de Oliveira","item":"https:\/\/www.itaucultural.org.br\/ocupacao\/benjamim-oliveira\/"},{"@type":"ListItem","position":3,"name":"Articulador de multid\u00f5es"}]},{"@type":"WebSite","@id":"https:\/\/www.itaucultural.org.br\/ocupacao\/en\/#website","url":"https:\/\/www.itaucultural.org.br\/ocupacao\/en\/","name":"Ocupa\u00e7\u00e3o","description":"S\u00f3 mais um site WordPress","potentialAction":[{"@type":"SearchAction","target":{"@type":"EntryPoint","urlTemplate":"https:\/\/www.itaucultural.org.br\/ocupacao\/en\/?s={search_term_string}"},"query-input":{"@type":"PropertyValueSpecification","valueRequired":true,"valueName":"search_term_string"}}],"inLanguage":"pt-BR"}]}},"_links":{"self":[{"href":"https:\/\/ocupacao.icnetworks.org\/ocupacao\/wp-json\/wp\/v2\/pages\/18053","targetHints":{"allow":["GET"]}}],"collection":[{"href":"https:\/\/ocupacao.icnetworks.org\/ocupacao\/wp-json\/wp\/v2\/pages"}],"about":[{"href":"https:\/\/ocupacao.icnetworks.org\/ocupacao\/wp-json\/wp\/v2\/types\/page"}],"author":[{"embeddable":true,"href":"https:\/\/ocupacao.icnetworks.org\/ocupacao\/wp-json\/wp\/v2\/users\/20"}],"replies":[{"embeddable":true,"href":"https:\/\/ocupacao.icnetworks.org\/ocupacao\/wp-json\/wp\/v2\/comments?post=18053"}],"version-history":[{"count":42,"href":"https:\/\/ocupacao.icnetworks.org\/ocupacao\/wp-json\/wp\/v2\/pages\/18053\/revisions"}],"predecessor-version":[{"id":18667,"href":"https:\/\/ocupacao.icnetworks.org\/ocupacao\/wp-json\/wp\/v2\/pages\/18053\/revisions\/18667"}],"up":[{"embeddable":true,"href":"https:\/\/ocupacao.icnetworks.org\/ocupacao\/wp-json\/wp\/v2\/pages\/18047"}],"wp:attachment":[{"href":"https:\/\/ocupacao.icnetworks.org\/ocupacao\/wp-json\/wp\/v2\/media?parent=18053"}],"curies":[{"name":"wp","href":"https:\/\/api.w.org\/{rel}","templated":true}]}}

Articulador de multidões

<!-- This site is optimized with the Yoast SEO plugin v27.4 - https://yoast.com/product/yoast-seo-wordpress/ -->
<title>Articulador de multidões - Ocupação Benjamim de Oliveira</title>
<meta name="description" content="A parceria de Benjamim de Oliveira com toda a diversidade cultural e social de seu tempo evidencia sua posição de articulador de multidões." />
<meta name="robots" content="index, follow, max-snippet:-1, max-image-preview:large, max-video-preview:-1" />
<link rel="canonical" href="https://www.itaucultural.org.br/ocupacao/benjamim-oliveira/articulador-multidoes/" />
<meta property="og:locale" content="pt_BR" />
<meta property="og:type" content="article" />
<meta property="og:title" content="Articulador de multidões - Ocupação Benjamim de Oliveira" />
<meta property="og:description" content="A parceria de Benjamim de Oliveira com toda a diversidade cultural e social de seu tempo evidencia sua posição de articulador de multidões." />
<meta property="og:url" content="https://www.itaucultural.org.br/ocupacao/benjamim-oliveira/articulador-multidoes/" />
<meta property="og:site_name" content="Ocupação" />
<meta property="article:modified_time" content="2021-12-14T20:20:45+00:00" />
<meta name="twitter:card" content="summary_large_image" />
<meta name="twitter:label1" content="Est. tempo de leitura" />
	<meta name="twitter:data1" content="1 minuto" />
<script type="application/ld+json" class="yoast-schema-graph">{"@context":"https:\/\/schema.org","@graph":[{"@type":"WebPage","@id":"https:\/\/www.itaucultural.org.br\/ocupacao\/benjamim-oliveira\/articulador-multidoes\/","url":"https:\/\/www.itaucultural.org.br\/ocupacao\/benjamim-oliveira\/articulador-multidoes\/","name":"Articulador de multidões - Ocupação Benjamim de Oliveira","isPartOf":{"@id":"https:\/\/www.itaucultural.org.br\/ocupacao\/en\/#website"},"datePublished":"2021-10-20T22:33:02+00:00","dateModified":"2021-12-14T20:20:45+00:00","description":"A parceria de Benjamim de Oliveira com toda a diversidade cultural e social de seu tempo evidencia sua posição de articulador de multidões.","breadcrumb":{"@id":"https:\/\/www.itaucultural.org.br\/ocupacao\/benjamim-oliveira\/articulador-multidoes\/#breadcrumb"},"inLanguage":"pt-BR","potentialAction":[{"@type":"ReadAction","target":["https:\/\/www.itaucultural.org.br\/ocupacao\/benjamim-oliveira\/articulador-multidoes\/"]}]},{"@type":"BreadcrumbList","@id":"https:\/\/www.itaucultural.org.br\/ocupacao\/benjamim-oliveira\/articulador-multidoes\/#breadcrumb","itemListElement":[{"@type":"ListItem","position":1,"name":"Início","item":"https:\/\/www.itaucultural.org.br\/ocupacao\/en\/"},{"@type":"ListItem","position":2,"name":"Benjamim de Oliveira","item":"https:\/\/www.itaucultural.org.br\/ocupacao\/benjamim-oliveira\/"},{"@type":"ListItem","position":3,"name":"Articulador de multidões"}]},{"@type":"WebSite","@id":"https:\/\/www.itaucultural.org.br\/ocupacao\/en\/#website","url":"https:\/\/www.itaucultural.org.br\/ocupacao\/en\/","name":"Ocupação","description":"Só mais um site WordPress","potentialAction":[{"@type":"SearchAction","target":{"@type":"EntryPoint","urlTemplate":"https:\/\/www.itaucultural.org.br\/ocupacao\/en\/?s={search_term_string}"},"query-input":{"@type":"PropertyValueSpecification","valueRequired":true,"valueName":"search_term_string"}}],"inLanguage":"pt-BR"}]}</script>
<!-- / Yoast SEO plugin. -->

Articulador de multidões - Ocupação Benjamim de Oliveira

A parceria de Benjamim de Oliveira com toda a diversidade cultural e social de seu tempo evidencia sua posição de articulador de multidões.

Ocupação

Início

Só mais um site WordPress
