
{"id":18140,"date":"2021-11-16T12:30:44","date_gmt":"2021-11-16T15:30:44","guid":{"rendered":"https:\/\/ocupacao.icnetworks.org\/ocupacao\/?page_id=18140"},"modified":"2021-12-01T17:27:46","modified_gmt":"2021-12-01T20:27:46","slug":"sertao-mineiro-palcos-picadeiros","status":"publish","type":"page","link":"https:\/\/ocupacao.icnetworks.org\/ocupacao\/benjamim-oliveira\/sertao-mineiro-palcos-picadeiros\/","title":{"rendered":"Do sert\u00e3o mineiro aos palcos-picadeiros"},"content":{"rendered":"<p>Benjamim de Oliveira nasceu em 11 de junho de 1870, em Par\u00e1 de Minas (MG), na Fazenda dos Guardas. Quem nasceu na pequena cidade, na verdade, foi Benjamim Chaves \u2013 o moleque Beijo. Filho de Leandra de Jesus, uma mulher escravizada, e de Malaquias Chaves, capataz de fazenda e ca\u00e7ador de escravizados fugidos, veio ao mundo no per\u00edodo da escravid\u00e3o \u2013 a Lei \u00c1urea s\u00f3 seria assinada anos mais tarde, em 1888. Contudo, assim como todos os seus irm\u00e3os, Benjamim foi alforriado ao nascer.<\/p>\n<p>Encantado com o circo, mas tamb\u00e9m querendo mudar a vida que tinha at\u00e9 ent\u00e3o, fugiu com o Circo Sotero aos 12 anos. A partir da\u00ed, viajando por v\u00e1rias cidades e pulando de circo em circo, come\u00e7ou sua forma\u00e7\u00e3o e sua carreira art\u00edstica at\u00e9 se tornar Benjamim de Oliveira, multiartista e um dos mais influentes da \u00e9poca.<\/p>\n","protected":false},"excerpt":{"rendered":"<p>Benjamim de Oliveira nasceu em 11 de junho de 1870, em Par\u00e1 de Minas (MG), na Fazenda dos Guardas. Quem nasceu na pequena cidade, na verdade, foi Benjamim Chaves \u2013 o moleque Beijo. Filho de Leandra de Jesus, uma mulher escravizada, e de Malaquias Chaves, capataz de fazenda e ca\u00e7ador de escravizados fugidos, veio ao [&hellip;]<\/p>\n","protected":false},"author":20,"featured_media":0,"parent":18047,"menu_order":1,"comment_status":"closed","ping_status":"closed","template":"","meta":{"footnotes":""},"class_list":["post-18140","page","type-page","status-publish","hentry","temas-cultura-popular","temas-familia","temas-questoes-raciais","areas-circo","areas-teatro"],"yoast_head":"<!-- This site is optimized with the Yoast SEO plugin v27.4 - https:\/\/yoast.com\/product\/yoast-seo-wordpress\/ -->\n<title>Do sert\u00e3o mineiro aos palcos-picadeiros - Ocupa\u00e7\u00e3o Benjamim de Oliveira<\/title>\n<meta name=\"description\" content=\"Benjamim de Oliveira, um dos maiores artistas circenses brasileiros, atuou nos palcos-picadeiros e nos bastidores do circo do s\u00e9culo XX.\" \/>\n<meta name=\"robots\" content=\"index, follow, max-snippet:-1, max-image-preview:large, max-video-preview:-1\" \/>\n<link rel=\"canonical\" href=\"https:\/\/ocupacao.icnetworks.org\/ocupacao\/benjamim-oliveira\/sertao-mineiro-palcos-picadeiros\/\" \/>\n<meta property=\"og:locale\" content=\"pt_BR\" \/>\n<meta property=\"og:type\" content=\"article\" \/>\n<meta property=\"og:title\" content=\"Do sert\u00e3o mineiro aos palcos-picadeiros - Ocupa\u00e7\u00e3o Benjamim de Oliveira\" \/>\n<meta property=\"og:description\" content=\"Benjamim de Oliveira, um dos maiores artistas circenses brasileiros, atuou nos palcos-picadeiros e nos bastidores do circo do s\u00e9culo XX.\" \/>\n<meta property=\"og:url\" content=\"https:\/\/ocupacao.icnetworks.org\/ocupacao\/benjamim-oliveira\/sertao-mineiro-palcos-picadeiros\/\" \/>\n<meta property=\"og:site_name\" content=\"Ocupa\u00e7\u00e3o\" \/>\n<meta property=\"article:modified_time\" content=\"2021-12-01T20:27:46+00:00\" \/>\n<meta name=\"twitter:card\" content=\"summary_large_image\" \/>\n<meta name=\"twitter:label1\" content=\"Est. tempo de leitura\" \/>\n\t<meta name=\"twitter:data1\" content=\"1 minuto\" \/>\n<script type=\"application\/ld+json\" class=\"yoast-schema-graph\">{\"@context\":\"https:\\\/\\\/schema.org\",\"@graph\":[{\"@type\":\"WebPage\",\"@id\":\"https:\\\/\\\/ocupacao.icnetworks.org\\\/ocupacao\\\/benjamim-oliveira\\\/sertao-mineiro-palcos-picadeiros\\\/\",\"url\":\"https:\\\/\\\/ocupacao.icnetworks.org\\\/ocupacao\\\/benjamim-oliveira\\\/sertao-mineiro-palcos-picadeiros\\\/\",\"name\":\"Do sert\u00e3o mineiro aos palcos-picadeiros - Ocupa\u00e7\u00e3o Benjamim de Oliveira\",\"isPartOf\":{\"@id\":\"https:\\\/\\\/www.itaucultural.org.br\\\/ocupacao\\\/en\\\/#website\"},\"datePublished\":\"2021-11-16T15:30:44+00:00\",\"dateModified\":\"2021-12-01T20:27:46+00:00\",\"description\":\"Benjamim de Oliveira, um dos maiores artistas circenses brasileiros, atuou nos palcos-picadeiros e nos bastidores do circo do s\u00e9culo XX.\",\"breadcrumb\":{\"@id\":\"https:\\\/\\\/ocupacao.icnetworks.org\\\/ocupacao\\\/benjamim-oliveira\\\/sertao-mineiro-palcos-picadeiros\\\/#breadcrumb\"},\"inLanguage\":\"pt-BR\",\"potentialAction\":[{\"@type\":\"ReadAction\",\"target\":[\"https:\\\/\\\/ocupacao.icnetworks.org\\\/ocupacao\\\/benjamim-oliveira\\\/sertao-mineiro-palcos-picadeiros\\\/\"]}]},{\"@type\":\"BreadcrumbList\",\"@id\":\"https:\\\/\\\/ocupacao.icnetworks.org\\\/ocupacao\\\/benjamim-oliveira\\\/sertao-mineiro-palcos-picadeiros\\\/#breadcrumb\",\"itemListElement\":[{\"@type\":\"ListItem\",\"position\":1,\"name\":\"In\u00edcio\",\"item\":\"https:\\\/\\\/www.itaucultural.org.br\\\/ocupacao\\\/en\\\/\"},{\"@type\":\"ListItem\",\"position\":2,\"name\":\"Benjamim de Oliveira\",\"item\":\"https:\\\/\\\/www.itaucultural.org.br\\\/ocupacao\\\/benjamim-oliveira\\\/\"},{\"@type\":\"ListItem\",\"position\":3,\"name\":\"Do sert\u00e3o mineiro aos palcos-picadeiros\"}]},{\"@type\":\"WebSite\",\"@id\":\"https:\\\/\\\/www.itaucultural.org.br\\\/ocupacao\\\/en\\\/#website\",\"url\":\"https:\\\/\\\/www.itaucultural.org.br\\\/ocupacao\\\/en\\\/\",\"name\":\"Ocupa\u00e7\u00e3o\",\"description\":\"S\u00f3 mais um site WordPress\",\"potentialAction\":[{\"@type\":\"SearchAction\",\"target\":{\"@type\":\"EntryPoint\",\"urlTemplate\":\"https:\\\/\\\/www.itaucultural.org.br\\\/ocupacao\\\/en\\\/?s={search_term_string}\"},\"query-input\":{\"@type\":\"PropertyValueSpecification\",\"valueRequired\":true,\"valueName\":\"search_term_string\"}}],\"inLanguage\":\"pt-BR\"}]}<\/script>\n<!-- \/ Yoast SEO plugin. -->","yoast_head_json":{"title":"Do sert\u00e3o mineiro aos palcos-picadeiros - Ocupa\u00e7\u00e3o Benjamim de Oliveira","description":"Benjamim de Oliveira, um dos maiores artistas circenses brasileiros, atuou nos palcos-picadeiros e nos bastidores do circo do s\u00e9culo XX.","robots":{"index":"index","follow":"follow","max-snippet":"max-snippet:-1","max-image-preview":"max-image-preview:large","max-video-preview":"max-video-preview:-1"},"canonical":"https:\/\/ocupacao.icnetworks.org\/ocupacao\/benjamim-oliveira\/sertao-mineiro-palcos-picadeiros\/","og_locale":"pt_BR","og_type":"article","og_title":"Do sert\u00e3o mineiro aos palcos-picadeiros - Ocupa\u00e7\u00e3o Benjamim de Oliveira","og_description":"Benjamim de Oliveira, um dos maiores artistas circenses brasileiros, atuou nos palcos-picadeiros e nos bastidores do circo do s\u00e9culo XX.","og_url":"https:\/\/ocupacao.icnetworks.org\/ocupacao\/benjamim-oliveira\/sertao-mineiro-palcos-picadeiros\/","og_site_name":"Ocupa\u00e7\u00e3o","article_modified_time":"2021-12-01T20:27:46+00:00","twitter_card":"summary_large_image","twitter_misc":{"Est. tempo de leitura":"1 minuto"},"schema":{"@context":"https:\/\/schema.org","@graph":[{"@type":"WebPage","@id":"https:\/\/ocupacao.icnetworks.org\/ocupacao\/benjamim-oliveira\/sertao-mineiro-palcos-picadeiros\/","url":"https:\/\/ocupacao.icnetworks.org\/ocupacao\/benjamim-oliveira\/sertao-mineiro-palcos-picadeiros\/","name":"Do sert\u00e3o mineiro aos palcos-picadeiros - Ocupa\u00e7\u00e3o Benjamim de Oliveira","isPartOf":{"@id":"https:\/\/www.itaucultural.org.br\/ocupacao\/en\/#website"},"datePublished":"2021-11-16T15:30:44+00:00","dateModified":"2021-12-01T20:27:46+00:00","description":"Benjamim de Oliveira, um dos maiores artistas circenses brasileiros, atuou nos palcos-picadeiros e nos bastidores do circo do s\u00e9culo XX.","breadcrumb":{"@id":"https:\/\/ocupacao.icnetworks.org\/ocupacao\/benjamim-oliveira\/sertao-mineiro-palcos-picadeiros\/#breadcrumb"},"inLanguage":"pt-BR","potentialAction":[{"@type":"ReadAction","target":["https:\/\/ocupacao.icnetworks.org\/ocupacao\/benjamim-oliveira\/sertao-mineiro-palcos-picadeiros\/"]}]},{"@type":"BreadcrumbList","@id":"https:\/\/ocupacao.icnetworks.org\/ocupacao\/benjamim-oliveira\/sertao-mineiro-palcos-picadeiros\/#breadcrumb","itemListElement":[{"@type":"ListItem","position":1,"name":"In\u00edcio","item":"https:\/\/www.itaucultural.org.br\/ocupacao\/en\/"},{"@type":"ListItem","position":2,"name":"Benjamim de Oliveira","item":"https:\/\/www.itaucultural.org.br\/ocupacao\/benjamim-oliveira\/"},{"@type":"ListItem","position":3,"name":"Do sert\u00e3o mineiro aos palcos-picadeiros"}]},{"@type":"WebSite","@id":"https:\/\/www.itaucultural.org.br\/ocupacao\/en\/#website","url":"https:\/\/www.itaucultural.org.br\/ocupacao\/en\/","name":"Ocupa\u00e7\u00e3o","description":"S\u00f3 mais um site WordPress","potentialAction":[{"@type":"SearchAction","target":{"@type":"EntryPoint","urlTemplate":"https:\/\/www.itaucultural.org.br\/ocupacao\/en\/?s={search_term_string}"},"query-input":{"@type":"PropertyValueSpecification","valueRequired":true,"valueName":"search_term_string"}}],"inLanguage":"pt-BR"}]}},"_links":{"self":[{"href":"https:\/\/ocupacao.icnetworks.org\/ocupacao\/wp-json\/wp\/v2\/pages\/18140","targetHints":{"allow":["GET"]}}],"collection":[{"href":"https:\/\/ocupacao.icnetworks.org\/ocupacao\/wp-json\/wp\/v2\/pages"}],"about":[{"href":"https:\/\/ocupacao.icnetworks.org\/ocupacao\/wp-json\/wp\/v2\/types\/page"}],"author":[{"embeddable":true,"href":"https:\/\/ocupacao.icnetworks.org\/ocupacao\/wp-json\/wp\/v2\/users\/20"}],"replies":[{"embeddable":true,"href":"https:\/\/ocupacao.icnetworks.org\/ocupacao\/wp-json\/wp\/v2\/comments?post=18140"}],"version-history":[{"count":42,"href":"https:\/\/ocupacao.icnetworks.org\/ocupacao\/wp-json\/wp\/v2\/pages\/18140\/revisions"}],"predecessor-version":[{"id":18580,"href":"https:\/\/ocupacao.icnetworks.org\/ocupacao\/wp-json\/wp\/v2\/pages\/18140\/revisions\/18580"}],"up":[{"embeddable":true,"href":"https:\/\/ocupacao.icnetworks.org\/ocupacao\/wp-json\/wp\/v2\/pages\/18047"}],"wp:attachment":[{"href":"https:\/\/ocupacao.icnetworks.org\/ocupacao\/wp-json\/wp\/v2\/media?parent=18140"}],"curies":[{"name":"wp","href":"https:\/\/api.w.org\/{rel}","templated":true}]}}

Do sertão mineiro aos palcos-picadeiros

<p>Benjamim de Oliveira nasceu em 11 de junho de 1870, em Pará de Minas (MG), na Fazenda dos Guardas. Quem nasceu na pequena cidade, na verdade, foi Benjamim Chaves – o moleque Beijo. Filho de Leandra de Jesus, uma mulher escravizada, e de Malaquias Chaves, capataz de fazenda e caçador de escravizados fugidos, veio ao mundo no período da escravidão – a Lei Áurea só seria assinada anos mais tarde, em 1888. Contudo, assim como todos os seus irmãos, Benjamim foi alforriado ao nascer.</p>
<p>Encantado com o circo, mas também querendo mudar a vida que tinha até então, fugiu com o Circo Sotero aos 12 anos. A partir daí, viajando por várias cidades e pulando de circo em circo, começou sua formação e sua carreira artística até se tornar Benjamim de Oliveira, multiartista e um dos mais influentes da época.</p>

<p>Benjamim de Oliveira nasceu em 11 de junho de 1870, em Pará de Minas (MG), na Fazenda dos Guardas. Quem nasceu na pequena cidade, na verdade, foi Benjamim Chaves – o moleque Beijo. Filho de Leandra de Jesus, uma mulher escravizada, e de Malaquias Chaves, capataz de fazenda e caçador de escravizados fugidos, veio ao [&hellip;]</p>

<!-- This site is optimized with the Yoast SEO plugin v27.4 - https://yoast.com/product/yoast-seo-wordpress/ -->
<title>Do sertão mineiro aos palcos-picadeiros - Ocupação Benjamim de Oliveira</title>
<meta name="description" content="Benjamim de Oliveira, um dos maiores artistas circenses brasileiros, atuou nos palcos-picadeiros e nos bastidores do circo do século XX." />
<meta name="robots" content="index, follow, max-snippet:-1, max-image-preview:large, max-video-preview:-1" />
<link rel="canonical" href="https://ocupacao.icnetworks.org/ocupacao/benjamim-oliveira/sertao-mineiro-palcos-picadeiros/" />
<meta property="og:locale" content="pt_BR" />
<meta property="og:type" content="article" />
<meta property="og:title" content="Do sertão mineiro aos palcos-picadeiros - Ocupação Benjamim de Oliveira" />
<meta property="og:description" content="Benjamim de Oliveira, um dos maiores artistas circenses brasileiros, atuou nos palcos-picadeiros e nos bastidores do circo do século XX." />
<meta property="og:url" content="https://ocupacao.icnetworks.org/ocupacao/benjamim-oliveira/sertao-mineiro-palcos-picadeiros/" />
<meta property="og:site_name" content="Ocupação" />
<meta property="article:modified_time" content="2021-12-01T20:27:46+00:00" />
<meta name="twitter:card" content="summary_large_image" />
<meta name="twitter:label1" content="Est. tempo de leitura" />
	<meta name="twitter:data1" content="1 minuto" />
<script type="application/ld+json" class="yoast-schema-graph">{"@context":"https:\/\/schema.org","@graph":[{"@type":"WebPage","@id":"https:\/\/ocupacao.icnetworks.org\/ocupacao\/benjamim-oliveira\/sertao-mineiro-palcos-picadeiros\/","url":"https:\/\/ocupacao.icnetworks.org\/ocupacao\/benjamim-oliveira\/sertao-mineiro-palcos-picadeiros\/","name":"Do sertão mineiro aos palcos-picadeiros - Ocupação Benjamim de Oliveira","isPartOf":{"@id":"https:\/\/www.itaucultural.org.br\/ocupacao\/en\/#website"},"datePublished":"2021-11-16T15:30:44+00:00","dateModified":"2021-12-01T20:27:46+00:00","description":"Benjamim de Oliveira, um dos maiores artistas circenses brasileiros, atuou nos palcos-picadeiros e nos bastidores do circo do século XX.","breadcrumb":{"@id":"https:\/\/ocupacao.icnetworks.org\/ocupacao\/benjamim-oliveira\/sertao-mineiro-palcos-picadeiros\/#breadcrumb"},"inLanguage":"pt-BR","potentialAction":[{"@type":"ReadAction","target":["https:\/\/ocupacao.icnetworks.org\/ocupacao\/benjamim-oliveira\/sertao-mineiro-palcos-picadeiros\/"]}]},{"@type":"BreadcrumbList","@id":"https:\/\/ocupacao.icnetworks.org\/ocupacao\/benjamim-oliveira\/sertao-mineiro-palcos-picadeiros\/#breadcrumb","itemListElement":[{"@type":"ListItem","position":1,"name":"Início","item":"https:\/\/www.itaucultural.org.br\/ocupacao\/en\/"},{"@type":"ListItem","position":2,"name":"Benjamim de Oliveira","item":"https:\/\/www.itaucultural.org.br\/ocupacao\/benjamim-oliveira\/"},{"@type":"ListItem","position":3,"name":"Do sertão mineiro aos palcos-picadeiros"}]},{"@type":"WebSite","@id":"https:\/\/www.itaucultural.org.br\/ocupacao\/en\/#website","url":"https:\/\/www.itaucultural.org.br\/ocupacao\/en\/","name":"Ocupação","description":"Só mais um site WordPress","potentialAction":[{"@type":"SearchAction","target":{"@type":"EntryPoint","urlTemplate":"https:\/\/www.itaucultural.org.br\/ocupacao\/en\/?s={search_term_string}"},"query-input":{"@type":"PropertyValueSpecification","valueRequired":true,"valueName":"search_term_string"}}],"inLanguage":"pt-BR"}]}</script>
<!-- / Yoast SEO plugin. -->

Do sertão mineiro aos palcos-picadeiros - Ocupação Benjamim de Oliveira

Benjamim de Oliveira, um dos maiores artistas circenses brasileiros, atuou nos palcos-picadeiros e nos bastidores do circo do século XX.

Ocupação

Início

Só mais um site WordPress
