
{"id":18184,"date":"2021-11-17T15:43:35","date_gmt":"2021-11-17T18:43:35","guid":{"rendered":"https:\/\/ocupacao.icnetworks.org\/ocupacao\/?page_id=18184"},"modified":"2021-12-01T18:12:19","modified_gmt":"2021-12-01T21:12:19","slug":"circo-bom-palhaco","status":"publish","type":"page","link":"https:\/\/ocupacao.icnetworks.org\/ocupacao\/benjamim-oliveira\/circo-bom-palhaco\/","title":{"rendered":"Circo s\u00f3 \u00e9 bom se tiver um bom palha\u00e7o"},"content":{"rendered":"","protected":false},"excerpt":{"rendered":"","protected":false},"author":20,"featured_media":0,"parent":18047,"menu_order":7,"comment_status":"closed","ping_status":"closed","template":"","meta":{"footnotes":""},"class_list":["post-18184","page","type-page","status-publish","hentry","temas-cultura-popular","temas-questoes-raciais","areas-circo"],"yoast_head":"<!-- This site is optimized with the Yoast SEO plugin v27.4 - https:\/\/yoast.com\/product\/yoast-seo-wordpress\/ -->\n<title>Circo s\u00f3 \u00e9 bom se tiver um bom palha\u00e7o - Ocupa\u00e7\u00e3o Benjamim de Oliveira<\/title>\n<meta name=\"description\" content=\"Benjamim de Oliveira virou palha\u00e7o aos 19 anos, sendo reconhecido como um dos mais prestigiados do s\u00e9culo XX.\" \/>\n<meta name=\"robots\" content=\"index, follow, max-snippet:-1, max-image-preview:large, max-video-preview:-1\" \/>\n<link rel=\"canonical\" href=\"https:\/\/www.itaucultural.org.br\/ocupacao\/benjamim-oliveira\/circo-bom-palhaco\/\" \/>\n<meta property=\"og:locale\" content=\"pt_BR\" \/>\n<meta property=\"og:type\" content=\"article\" \/>\n<meta property=\"og:title\" content=\"Circo s\u00f3 \u00e9 bom se tiver um bom palha\u00e7o - Ocupa\u00e7\u00e3o Benjamim de Oliveira\" \/>\n<meta property=\"og:description\" content=\"Benjamim de Oliveira virou palha\u00e7o aos 19 anos, sendo reconhecido como um dos mais prestigiados do s\u00e9culo XX.\" \/>\n<meta property=\"og:url\" content=\"https:\/\/www.itaucultural.org.br\/ocupacao\/benjamim-oliveira\/circo-bom-palhaco\/\" \/>\n<meta property=\"og:site_name\" content=\"Ocupa\u00e7\u00e3o\" \/>\n<meta property=\"article:modified_time\" content=\"2021-12-01T21:12:19+00:00\" \/>\n<meta name=\"twitter:card\" content=\"summary_large_image\" \/>\n<script type=\"application\/ld+json\" class=\"yoast-schema-graph\">{\"@context\":\"https:\\\/\\\/schema.org\",\"@graph\":[{\"@type\":\"WebPage\",\"@id\":\"https:\\\/\\\/www.itaucultural.org.br\\\/ocupacao\\\/benjamim-oliveira\\\/circo-bom-palhaco\\\/\",\"url\":\"https:\\\/\\\/www.itaucultural.org.br\\\/ocupacao\\\/benjamim-oliveira\\\/circo-bom-palhaco\\\/\",\"name\":\"Circo s\u00f3 \u00e9 bom se tiver um bom palha\u00e7o - Ocupa\u00e7\u00e3o Benjamim de Oliveira\",\"isPartOf\":{\"@id\":\"https:\\\/\\\/www.itaucultural.org.br\\\/ocupacao\\\/en\\\/#website\"},\"datePublished\":\"2021-11-17T18:43:35+00:00\",\"dateModified\":\"2021-12-01T21:12:19+00:00\",\"description\":\"Benjamim de Oliveira virou palha\u00e7o aos 19 anos, sendo reconhecido como um dos mais prestigiados do s\u00e9culo XX.\",\"breadcrumb\":{\"@id\":\"https:\\\/\\\/www.itaucultural.org.br\\\/ocupacao\\\/benjamim-oliveira\\\/circo-bom-palhaco\\\/#breadcrumb\"},\"inLanguage\":\"pt-BR\",\"potentialAction\":[{\"@type\":\"ReadAction\",\"target\":[\"https:\\\/\\\/www.itaucultural.org.br\\\/ocupacao\\\/benjamim-oliveira\\\/circo-bom-palhaco\\\/\"]}]},{\"@type\":\"BreadcrumbList\",\"@id\":\"https:\\\/\\\/www.itaucultural.org.br\\\/ocupacao\\\/benjamim-oliveira\\\/circo-bom-palhaco\\\/#breadcrumb\",\"itemListElement\":[{\"@type\":\"ListItem\",\"position\":1,\"name\":\"In\u00edcio\",\"item\":\"https:\\\/\\\/www.itaucultural.org.br\\\/ocupacao\\\/en\\\/\"},{\"@type\":\"ListItem\",\"position\":2,\"name\":\"Benjamim de Oliveira\",\"item\":\"https:\\\/\\\/www.itaucultural.org.br\\\/ocupacao\\\/benjamim-oliveira\\\/\"},{\"@type\":\"ListItem\",\"position\":3,\"name\":\"Circo s\u00f3 \u00e9 bom se tiver um bom palha\u00e7o\"}]},{\"@type\":\"WebSite\",\"@id\":\"https:\\\/\\\/www.itaucultural.org.br\\\/ocupacao\\\/en\\\/#website\",\"url\":\"https:\\\/\\\/www.itaucultural.org.br\\\/ocupacao\\\/en\\\/\",\"name\":\"Ocupa\u00e7\u00e3o\",\"description\":\"S\u00f3 mais um site WordPress\",\"potentialAction\":[{\"@type\":\"SearchAction\",\"target\":{\"@type\":\"EntryPoint\",\"urlTemplate\":\"https:\\\/\\\/www.itaucultural.org.br\\\/ocupacao\\\/en\\\/?s={search_term_string}\"},\"query-input\":{\"@type\":\"PropertyValueSpecification\",\"valueRequired\":true,\"valueName\":\"search_term_string\"}}],\"inLanguage\":\"pt-BR\"}]}<\/script>\n<!-- \/ Yoast SEO plugin. -->","yoast_head_json":{"title":"Circo s\u00f3 \u00e9 bom se tiver um bom palha\u00e7o - Ocupa\u00e7\u00e3o Benjamim de Oliveira","description":"Benjamim de Oliveira virou palha\u00e7o aos 19 anos, sendo reconhecido como um dos mais prestigiados do s\u00e9culo XX.","robots":{"index":"index","follow":"follow","max-snippet":"max-snippet:-1","max-image-preview":"max-image-preview:large","max-video-preview":"max-video-preview:-1"},"canonical":"https:\/\/www.itaucultural.org.br\/ocupacao\/benjamim-oliveira\/circo-bom-palhaco\/","og_locale":"pt_BR","og_type":"article","og_title":"Circo s\u00f3 \u00e9 bom se tiver um bom palha\u00e7o - Ocupa\u00e7\u00e3o Benjamim de Oliveira","og_description":"Benjamim de Oliveira virou palha\u00e7o aos 19 anos, sendo reconhecido como um dos mais prestigiados do s\u00e9culo XX.","og_url":"https:\/\/www.itaucultural.org.br\/ocupacao\/benjamim-oliveira\/circo-bom-palhaco\/","og_site_name":"Ocupa\u00e7\u00e3o","article_modified_time":"2021-12-01T21:12:19+00:00","twitter_card":"summary_large_image","schema":{"@context":"https:\/\/schema.org","@graph":[{"@type":"WebPage","@id":"https:\/\/www.itaucultural.org.br\/ocupacao\/benjamim-oliveira\/circo-bom-palhaco\/","url":"https:\/\/www.itaucultural.org.br\/ocupacao\/benjamim-oliveira\/circo-bom-palhaco\/","name":"Circo s\u00f3 \u00e9 bom se tiver um bom palha\u00e7o - Ocupa\u00e7\u00e3o Benjamim de Oliveira","isPartOf":{"@id":"https:\/\/www.itaucultural.org.br\/ocupacao\/en\/#website"},"datePublished":"2021-11-17T18:43:35+00:00","dateModified":"2021-12-01T21:12:19+00:00","description":"Benjamim de Oliveira virou palha\u00e7o aos 19 anos, sendo reconhecido como um dos mais prestigiados do s\u00e9culo XX.","breadcrumb":{"@id":"https:\/\/www.itaucultural.org.br\/ocupacao\/benjamim-oliveira\/circo-bom-palhaco\/#breadcrumb"},"inLanguage":"pt-BR","potentialAction":[{"@type":"ReadAction","target":["https:\/\/www.itaucultural.org.br\/ocupacao\/benjamim-oliveira\/circo-bom-palhaco\/"]}]},{"@type":"BreadcrumbList","@id":"https:\/\/www.itaucultural.org.br\/ocupacao\/benjamim-oliveira\/circo-bom-palhaco\/#breadcrumb","itemListElement":[{"@type":"ListItem","position":1,"name":"In\u00edcio","item":"https:\/\/www.itaucultural.org.br\/ocupacao\/en\/"},{"@type":"ListItem","position":2,"name":"Benjamim de Oliveira","item":"https:\/\/www.itaucultural.org.br\/ocupacao\/benjamim-oliveira\/"},{"@type":"ListItem","position":3,"name":"Circo s\u00f3 \u00e9 bom se tiver um bom palha\u00e7o"}]},{"@type":"WebSite","@id":"https:\/\/www.itaucultural.org.br\/ocupacao\/en\/#website","url":"https:\/\/www.itaucultural.org.br\/ocupacao\/en\/","name":"Ocupa\u00e7\u00e3o","description":"S\u00f3 mais um site WordPress","potentialAction":[{"@type":"SearchAction","target":{"@type":"EntryPoint","urlTemplate":"https:\/\/www.itaucultural.org.br\/ocupacao\/en\/?s={search_term_string}"},"query-input":{"@type":"PropertyValueSpecification","valueRequired":true,"valueName":"search_term_string"}}],"inLanguage":"pt-BR"}]}},"_links":{"self":[{"href":"https:\/\/ocupacao.icnetworks.org\/ocupacao\/wp-json\/wp\/v2\/pages\/18184","targetHints":{"allow":["GET"]}}],"collection":[{"href":"https:\/\/ocupacao.icnetworks.org\/ocupacao\/wp-json\/wp\/v2\/pages"}],"about":[{"href":"https:\/\/ocupacao.icnetworks.org\/ocupacao\/wp-json\/wp\/v2\/types\/page"}],"author":[{"embeddable":true,"href":"https:\/\/ocupacao.icnetworks.org\/ocupacao\/wp-json\/wp\/v2\/users\/20"}],"replies":[{"embeddable":true,"href":"https:\/\/ocupacao.icnetworks.org\/ocupacao\/wp-json\/wp\/v2\/comments?post=18184"}],"version-history":[{"count":52,"href":"https:\/\/ocupacao.icnetworks.org\/ocupacao\/wp-json\/wp\/v2\/pages\/18184\/revisions"}],"predecessor-version":[{"id":18591,"href":"https:\/\/ocupacao.icnetworks.org\/ocupacao\/wp-json\/wp\/v2\/pages\/18184\/revisions\/18591"}],"up":[{"embeddable":true,"href":"https:\/\/ocupacao.icnetworks.org\/ocupacao\/wp-json\/wp\/v2\/pages\/18047"}],"wp:attachment":[{"href":"https:\/\/ocupacao.icnetworks.org\/ocupacao\/wp-json\/wp\/v2\/media?parent=18184"}],"curies":[{"name":"wp","href":"https:\/\/api.w.org\/{rel}","templated":true}]}}

Circo só é bom se tiver um bom palhaço

<!-- This site is optimized with the Yoast SEO plugin v27.4 - https://yoast.com/product/yoast-seo-wordpress/ -->
<title>Circo só é bom se tiver um bom palhaço - Ocupação Benjamim de Oliveira</title>
<meta name="description" content="Benjamim de Oliveira virou palhaço aos 19 anos, sendo reconhecido como um dos mais prestigiados do século XX." />
<meta name="robots" content="index, follow, max-snippet:-1, max-image-preview:large, max-video-preview:-1" />
<link rel="canonical" href="https://www.itaucultural.org.br/ocupacao/benjamim-oliveira/circo-bom-palhaco/" />
<meta property="og:locale" content="pt_BR" />
<meta property="og:type" content="article" />
<meta property="og:title" content="Circo só é bom se tiver um bom palhaço - Ocupação Benjamim de Oliveira" />
<meta property="og:description" content="Benjamim de Oliveira virou palhaço aos 19 anos, sendo reconhecido como um dos mais prestigiados do século XX." />
<meta property="og:url" content="https://www.itaucultural.org.br/ocupacao/benjamim-oliveira/circo-bom-palhaco/" />
<meta property="og:site_name" content="Ocupação" />
<meta property="article:modified_time" content="2021-12-01T21:12:19+00:00" />
<meta name="twitter:card" content="summary_large_image" />
<script type="application/ld+json" class="yoast-schema-graph">{"@context":"https:\/\/schema.org","@graph":[{"@type":"WebPage","@id":"https:\/\/www.itaucultural.org.br\/ocupacao\/benjamim-oliveira\/circo-bom-palhaco\/","url":"https:\/\/www.itaucultural.org.br\/ocupacao\/benjamim-oliveira\/circo-bom-palhaco\/","name":"Circo só é bom se tiver um bom palhaço - Ocupação Benjamim de Oliveira","isPartOf":{"@id":"https:\/\/www.itaucultural.org.br\/ocupacao\/en\/#website"},"datePublished":"2021-11-17T18:43:35+00:00","dateModified":"2021-12-01T21:12:19+00:00","description":"Benjamim de Oliveira virou palhaço aos 19 anos, sendo reconhecido como um dos mais prestigiados do século XX.","breadcrumb":{"@id":"https:\/\/www.itaucultural.org.br\/ocupacao\/benjamim-oliveira\/circo-bom-palhaco\/#breadcrumb"},"inLanguage":"pt-BR","potentialAction":[{"@type":"ReadAction","target":["https:\/\/www.itaucultural.org.br\/ocupacao\/benjamim-oliveira\/circo-bom-palhaco\/"]}]},{"@type":"BreadcrumbList","@id":"https:\/\/www.itaucultural.org.br\/ocupacao\/benjamim-oliveira\/circo-bom-palhaco\/#breadcrumb","itemListElement":[{"@type":"ListItem","position":1,"name":"Início","item":"https:\/\/www.itaucultural.org.br\/ocupacao\/en\/"},{"@type":"ListItem","position":2,"name":"Benjamim de Oliveira","item":"https:\/\/www.itaucultural.org.br\/ocupacao\/benjamim-oliveira\/"},{"@type":"ListItem","position":3,"name":"Circo só é bom se tiver um bom palhaço"}]},{"@type":"WebSite","@id":"https:\/\/www.itaucultural.org.br\/ocupacao\/en\/#website","url":"https:\/\/www.itaucultural.org.br\/ocupacao\/en\/","name":"Ocupação","description":"Só mais um site WordPress","potentialAction":[{"@type":"SearchAction","target":{"@type":"EntryPoint","urlTemplate":"https:\/\/www.itaucultural.org.br\/ocupacao\/en\/?s={search_term_string}"},"query-input":{"@type":"PropertyValueSpecification","valueRequired":true,"valueName":"search_term_string"}}],"inLanguage":"pt-BR"}]}</script>
<!-- / Yoast SEO plugin. -->

Circo só é bom se tiver um bom palhaço - Ocupação Benjamim de Oliveira

Benjamim de Oliveira virou palhaço aos 19 anos, sendo reconhecido como um dos mais prestigiados do século XX.

Ocupação

Início

Só mais um site WordPress
