
{"id":18347,"date":"2021-11-24T16:53:56","date_gmt":"2021-11-24T19:53:56","guid":{"rendered":"https:\/\/ocupacao.icnetworks.org\/ocupacao\/?page_id=18347"},"modified":"2021-12-03T12:36:07","modified_gmt":"2021-12-03T15:36:07","slug":"ancestralidade-e-questoes-raciais","status":"publish","type":"page","link":"https:\/\/ocupacao.icnetworks.org\/ocupacao\/benjamim-oliveira\/ancestralidade-e-questoes-raciais\/","title":{"rendered":"Ancestralidade e quest\u00f5es raciais"},"content":{"rendered":"","protected":false},"excerpt":{"rendered":"","protected":false},"author":8,"featured_media":0,"parent":18047,"menu_order":5,"comment_status":"closed","ping_status":"closed","template":"","meta":{"footnotes":""},"class_list":["post-18347","page","type-page","status-publish","hentry"],"yoast_head":"<!-- This site is optimized with the Yoast SEO plugin v27.5 - https:\/\/yoast.com\/product\/yoast-seo-wordpress\/ -->\n<title>Ancestralidade e quest\u00f5es raciais - Ocupa\u00e7\u00e3o<\/title>\n<meta name=\"robots\" content=\"index, follow, max-snippet:-1, max-image-preview:large, max-video-preview:-1\" \/>\n<link rel=\"canonical\" href=\"https:\/\/www.itaucultural.org.br\/ocupacao\/benjamim-oliveira\/ancestralidade-e-questoes-raciais\/\" \/>\n<meta property=\"og:locale\" content=\"pt_BR\" \/>\n<meta property=\"og:type\" content=\"article\" \/>\n<meta property=\"og:title\" content=\"Ancestralidade e quest\u00f5es raciais - Ocupa\u00e7\u00e3o\" \/>\n<meta property=\"og:url\" content=\"https:\/\/www.itaucultural.org.br\/ocupacao\/benjamim-oliveira\/ancestralidade-e-questoes-raciais\/\" \/>\n<meta property=\"og:site_name\" content=\"Ocupa\u00e7\u00e3o\" \/>\n<meta property=\"article:modified_time\" content=\"2021-12-03T15:36:07+00:00\" \/>\n<meta name=\"twitter:card\" content=\"summary_large_image\" \/>\n<script type=\"application\/ld+json\" class=\"yoast-schema-graph\">{\"@context\":\"https:\\\/\\\/schema.org\",\"@graph\":[{\"@type\":\"WebPage\",\"@id\":\"https:\\\/\\\/www.itaucultural.org.br\\\/ocupacao\\\/benjamim-oliveira\\\/ancestralidade-e-questoes-raciais\\\/\",\"url\":\"https:\\\/\\\/www.itaucultural.org.br\\\/ocupacao\\\/benjamim-oliveira\\\/ancestralidade-e-questoes-raciais\\\/\",\"name\":\"Ancestralidade e quest\u00f5es raciais - Ocupa\u00e7\u00e3o\",\"isPartOf\":{\"@id\":\"https:\\\/\\\/www.itaucultural.org.br\\\/ocupacao\\\/en\\\/#website\"},\"datePublished\":\"2021-11-24T19:53:56+00:00\",\"dateModified\":\"2021-12-03T15:36:07+00:00\",\"breadcrumb\":{\"@id\":\"https:\\\/\\\/www.itaucultural.org.br\\\/ocupacao\\\/benjamim-oliveira\\\/ancestralidade-e-questoes-raciais\\\/#breadcrumb\"},\"inLanguage\":\"pt-BR\",\"potentialAction\":[{\"@type\":\"ReadAction\",\"target\":[\"https:\\\/\\\/www.itaucultural.org.br\\\/ocupacao\\\/benjamim-oliveira\\\/ancestralidade-e-questoes-raciais\\\/\"]}]},{\"@type\":\"BreadcrumbList\",\"@id\":\"https:\\\/\\\/www.itaucultural.org.br\\\/ocupacao\\\/benjamim-oliveira\\\/ancestralidade-e-questoes-raciais\\\/#breadcrumb\",\"itemListElement\":[{\"@type\":\"ListItem\",\"position\":1,\"name\":\"In\u00edcio\",\"item\":\"https:\\\/\\\/www.itaucultural.org.br\\\/ocupacao\\\/en\\\/\"},{\"@type\":\"ListItem\",\"position\":2,\"name\":\"Benjamim de Oliveira\",\"item\":\"https:\\\/\\\/www.itaucultural.org.br\\\/ocupacao\\\/benjamim-oliveira\\\/\"},{\"@type\":\"ListItem\",\"position\":3,\"name\":\"Ancestralidade e quest\u00f5es raciais\"}]},{\"@type\":\"WebSite\",\"@id\":\"https:\\\/\\\/www.itaucultural.org.br\\\/ocupacao\\\/en\\\/#website\",\"url\":\"https:\\\/\\\/www.itaucultural.org.br\\\/ocupacao\\\/en\\\/\",\"name\":\"Ocupa\u00e7\u00e3o\",\"description\":\"S\u00f3 mais um site WordPress\",\"potentialAction\":[{\"@type\":\"SearchAction\",\"target\":{\"@type\":\"EntryPoint\",\"urlTemplate\":\"https:\\\/\\\/www.itaucultural.org.br\\\/ocupacao\\\/en\\\/?s={search_term_string}\"},\"query-input\":{\"@type\":\"PropertyValueSpecification\",\"valueRequired\":true,\"valueName\":\"search_term_string\"}}],\"inLanguage\":\"pt-BR\"}]}<\/script>\n<!-- \/ Yoast SEO plugin. -->","yoast_head_json":{"title":"Ancestralidade e quest\u00f5es raciais - Ocupa\u00e7\u00e3o","robots":{"index":"index","follow":"follow","max-snippet":"max-snippet:-1","max-image-preview":"max-image-preview:large","max-video-preview":"max-video-preview:-1"},"canonical":"https:\/\/www.itaucultural.org.br\/ocupacao\/benjamim-oliveira\/ancestralidade-e-questoes-raciais\/","og_locale":"pt_BR","og_type":"article","og_title":"Ancestralidade e quest\u00f5es raciais - Ocupa\u00e7\u00e3o","og_url":"https:\/\/www.itaucultural.org.br\/ocupacao\/benjamim-oliveira\/ancestralidade-e-questoes-raciais\/","og_site_name":"Ocupa\u00e7\u00e3o","article_modified_time":"2021-12-03T15:36:07+00:00","twitter_card":"summary_large_image","schema":{"@context":"https:\/\/schema.org","@graph":[{"@type":"WebPage","@id":"https:\/\/www.itaucultural.org.br\/ocupacao\/benjamim-oliveira\/ancestralidade-e-questoes-raciais\/","url":"https:\/\/www.itaucultural.org.br\/ocupacao\/benjamim-oliveira\/ancestralidade-e-questoes-raciais\/","name":"Ancestralidade e quest\u00f5es raciais - Ocupa\u00e7\u00e3o","isPartOf":{"@id":"https:\/\/www.itaucultural.org.br\/ocupacao\/en\/#website"},"datePublished":"2021-11-24T19:53:56+00:00","dateModified":"2021-12-03T15:36:07+00:00","breadcrumb":{"@id":"https:\/\/www.itaucultural.org.br\/ocupacao\/benjamim-oliveira\/ancestralidade-e-questoes-raciais\/#breadcrumb"},"inLanguage":"pt-BR","potentialAction":[{"@type":"ReadAction","target":["https:\/\/www.itaucultural.org.br\/ocupacao\/benjamim-oliveira\/ancestralidade-e-questoes-raciais\/"]}]},{"@type":"BreadcrumbList","@id":"https:\/\/www.itaucultural.org.br\/ocupacao\/benjamim-oliveira\/ancestralidade-e-questoes-raciais\/#breadcrumb","itemListElement":[{"@type":"ListItem","position":1,"name":"In\u00edcio","item":"https:\/\/www.itaucultural.org.br\/ocupacao\/en\/"},{"@type":"ListItem","position":2,"name":"Benjamim de Oliveira","item":"https:\/\/www.itaucultural.org.br\/ocupacao\/benjamim-oliveira\/"},{"@type":"ListItem","position":3,"name":"Ancestralidade e quest\u00f5es raciais"}]},{"@type":"WebSite","@id":"https:\/\/www.itaucultural.org.br\/ocupacao\/en\/#website","url":"https:\/\/www.itaucultural.org.br\/ocupacao\/en\/","name":"Ocupa\u00e7\u00e3o","description":"S\u00f3 mais um site WordPress","potentialAction":[{"@type":"SearchAction","target":{"@type":"EntryPoint","urlTemplate":"https:\/\/www.itaucultural.org.br\/ocupacao\/en\/?s={search_term_string}"},"query-input":{"@type":"PropertyValueSpecification","valueRequired":true,"valueName":"search_term_string"}}],"inLanguage":"pt-BR"}]}},"_links":{"self":[{"href":"https:\/\/ocupacao.icnetworks.org\/ocupacao\/wp-json\/wp\/v2\/pages\/18347","targetHints":{"allow":["GET"]}}],"collection":[{"href":"https:\/\/ocupacao.icnetworks.org\/ocupacao\/wp-json\/wp\/v2\/pages"}],"about":[{"href":"https:\/\/ocupacao.icnetworks.org\/ocupacao\/wp-json\/wp\/v2\/types\/page"}],"author":[{"embeddable":true,"href":"https:\/\/ocupacao.icnetworks.org\/ocupacao\/wp-json\/wp\/v2\/users\/8"}],"replies":[{"embeddable":true,"href":"https:\/\/ocupacao.icnetworks.org\/ocupacao\/wp-json\/wp\/v2\/comments?post=18347"}],"version-history":[{"count":15,"href":"https:\/\/ocupacao.icnetworks.org\/ocupacao\/wp-json\/wp\/v2\/pages\/18347\/revisions"}],"predecessor-version":[{"id":18596,"href":"https:\/\/ocupacao.icnetworks.org\/ocupacao\/wp-json\/wp\/v2\/pages\/18347\/revisions\/18596"}],"up":[{"embeddable":true,"href":"https:\/\/ocupacao.icnetworks.org\/ocupacao\/wp-json\/wp\/v2\/pages\/18047"}],"wp:attachment":[{"href":"https:\/\/ocupacao.icnetworks.org\/ocupacao\/wp-json\/wp\/v2\/media?parent=18347"}],"curies":[{"name":"wp","href":"https:\/\/api.w.org\/{rel}","templated":true}]}}

Ancestralidade e questões raciais

<!-- This site is optimized with the Yoast SEO plugin v27.5 - https://yoast.com/product/yoast-seo-wordpress/ -->
<title>Ancestralidade e questões raciais - Ocupação</title>
<meta name="robots" content="index, follow, max-snippet:-1, max-image-preview:large, max-video-preview:-1" />
<link rel="canonical" href="https://www.itaucultural.org.br/ocupacao/benjamim-oliveira/ancestralidade-e-questoes-raciais/" />
<meta property="og:locale" content="pt_BR" />
<meta property="og:type" content="article" />
<meta property="og:title" content="Ancestralidade e questões raciais - Ocupação" />
<meta property="og:url" content="https://www.itaucultural.org.br/ocupacao/benjamim-oliveira/ancestralidade-e-questoes-raciais/" />
<meta property="og:site_name" content="Ocupação" />
<meta property="article:modified_time" content="2021-12-03T15:36:07+00:00" />
<meta name="twitter:card" content="summary_large_image" />
<script type="application/ld+json" class="yoast-schema-graph">{"@context":"https:\/\/schema.org","@graph":[{"@type":"WebPage","@id":"https:\/\/www.itaucultural.org.br\/ocupacao\/benjamim-oliveira\/ancestralidade-e-questoes-raciais\/","url":"https:\/\/www.itaucultural.org.br\/ocupacao\/benjamim-oliveira\/ancestralidade-e-questoes-raciais\/","name":"Ancestralidade e questões raciais - Ocupação","isPartOf":{"@id":"https:\/\/www.itaucultural.org.br\/ocupacao\/en\/#website"},"datePublished":"2021-11-24T19:53:56+00:00","dateModified":"2021-12-03T15:36:07+00:00","breadcrumb":{"@id":"https:\/\/www.itaucultural.org.br\/ocupacao\/benjamim-oliveira\/ancestralidade-e-questoes-raciais\/#breadcrumb"},"inLanguage":"pt-BR","potentialAction":[{"@type":"ReadAction","target":["https:\/\/www.itaucultural.org.br\/ocupacao\/benjamim-oliveira\/ancestralidade-e-questoes-raciais\/"]}]},{"@type":"BreadcrumbList","@id":"https:\/\/www.itaucultural.org.br\/ocupacao\/benjamim-oliveira\/ancestralidade-e-questoes-raciais\/#breadcrumb","itemListElement":[{"@type":"ListItem","position":1,"name":"Início","item":"https:\/\/www.itaucultural.org.br\/ocupacao\/en\/"},{"@type":"ListItem","position":2,"name":"Benjamim de Oliveira","item":"https:\/\/www.itaucultural.org.br\/ocupacao\/benjamim-oliveira\/"},{"@type":"ListItem","position":3,"name":"Ancestralidade e questões raciais"}]},{"@type":"WebSite","@id":"https:\/\/www.itaucultural.org.br\/ocupacao\/en\/#website","url":"https:\/\/www.itaucultural.org.br\/ocupacao\/en\/","name":"Ocupação","description":"Só mais um site WordPress","potentialAction":[{"@type":"SearchAction","target":{"@type":"EntryPoint","urlTemplate":"https:\/\/www.itaucultural.org.br\/ocupacao\/en\/?s={search_term_string}"},"query-input":{"@type":"PropertyValueSpecification","valueRequired":true,"valueName":"search_term_string"}}],"inLanguage":"pt-BR"}]}</script>
<!-- / Yoast SEO plugin. -->

Ancestralidade e questões raciais - Ocupação

Ocupação

Início

Só mais um site WordPress
