
{"id":19468,"date":"2022-10-18T18:11:18","date_gmt":"2022-10-18T21:11:18","guid":{"rendered":"https:\/\/ocupacao.icnetworks.org\/ocupacao\/?page_id=19468"},"modified":"2023-03-22T14:06:27","modified_gmt":"2023-03-22T17:06:27","slug":"censura","status":"publish","type":"page","link":"https:\/\/ocupacao.icnetworks.org\/ocupacao\/dias-gomes\/censura\/","title":{"rendered":"Censura de Roque Santeiro"},"content":{"rendered":"","protected":false},"excerpt":{"rendered":"","protected":false},"author":25,"featured_media":0,"parent":19348,"menu_order":5,"comment_status":"closed","ping_status":"closed","template":"","meta":{"footnotes":""},"class_list":["post-19468","page","type-page","status-publish","hentry","temas-cultura-popular","temas-ditadura-militar","areas-teatro","areas-televisao"],"yoast_head":"<!-- This site is optimized with the Yoast SEO plugin v27.5 - https:\/\/yoast.com\/product\/yoast-seo-wordpress\/ -->\n<title>Censura de Roque Santeiro - Ocupa\u00e7\u00e3o Dias Gomes<\/title>\n<meta name=\"description\" content=\"Saiba mais sobre a hist\u00f3ria de censura da obra Roque Santeiro, desde sua cria\u00e7\u00e3o para o teatro at\u00e9 a exibi\u00e7\u00e3o na televis\u00e3o.\" \/>\n<meta name=\"robots\" content=\"index, follow, max-snippet:-1, max-image-preview:large, max-video-preview:-1\" \/>\n<link rel=\"canonical\" href=\"https:\/\/ocupacao.icnetworks.org\/ocupacao\/dias-gomes\/censura\/\" \/>\n<meta property=\"og:locale\" content=\"pt_BR\" \/>\n<meta property=\"og:type\" content=\"article\" \/>\n<meta property=\"og:title\" content=\"Censura de Roque Santeiro - Ocupa\u00e7\u00e3o Dias Gomes\" \/>\n<meta property=\"og:description\" content=\"Saiba mais sobre a hist\u00f3ria de censura da obra Roque Santeiro, desde sua cria\u00e7\u00e3o para o teatro at\u00e9 a exibi\u00e7\u00e3o na televis\u00e3o.\" \/>\n<meta property=\"og:url\" content=\"https:\/\/ocupacao.icnetworks.org\/ocupacao\/dias-gomes\/censura\/\" \/>\n<meta property=\"og:site_name\" content=\"Ocupa\u00e7\u00e3o\" \/>\n<meta property=\"article:modified_time\" content=\"2023-03-22T17:06:27+00:00\" \/>\n<meta name=\"twitter:card\" content=\"summary_large_image\" \/>\n<script type=\"application\/ld+json\" class=\"yoast-schema-graph\">{\"@context\":\"https:\\\/\\\/schema.org\",\"@graph\":[{\"@type\":\"WebPage\",\"@id\":\"https:\\\/\\\/ocupacao.icnetworks.org\\\/ocupacao\\\/dias-gomes\\\/censura\\\/\",\"url\":\"https:\\\/\\\/ocupacao.icnetworks.org\\\/ocupacao\\\/dias-gomes\\\/censura\\\/\",\"name\":\"Censura de Roque Santeiro - Ocupa\u00e7\u00e3o Dias Gomes\",\"isPartOf\":{\"@id\":\"https:\\\/\\\/www.itaucultural.org.br\\\/ocupacao\\\/en\\\/#website\"},\"datePublished\":\"2022-10-18T21:11:18+00:00\",\"dateModified\":\"2023-03-22T17:06:27+00:00\",\"description\":\"Saiba mais sobre a hist\u00f3ria de censura da obra Roque Santeiro, desde sua cria\u00e7\u00e3o para o teatro at\u00e9 a exibi\u00e7\u00e3o na televis\u00e3o.\",\"breadcrumb\":{\"@id\":\"https:\\\/\\\/ocupacao.icnetworks.org\\\/ocupacao\\\/dias-gomes\\\/censura\\\/#breadcrumb\"},\"inLanguage\":\"pt-BR\",\"potentialAction\":[{\"@type\":\"ReadAction\",\"target\":[\"https:\\\/\\\/ocupacao.icnetworks.org\\\/ocupacao\\\/dias-gomes\\\/censura\\\/\"]}]},{\"@type\":\"BreadcrumbList\",\"@id\":\"https:\\\/\\\/ocupacao.icnetworks.org\\\/ocupacao\\\/dias-gomes\\\/censura\\\/#breadcrumb\",\"itemListElement\":[{\"@type\":\"ListItem\",\"position\":1,\"name\":\"In\u00edcio\",\"item\":\"https:\\\/\\\/www.itaucultural.org.br\\\/ocupacao\\\/en\\\/\"},{\"@type\":\"ListItem\",\"position\":2,\"name\":\"Dias Gomes\",\"item\":\"https:\\\/\\\/www.itaucultural.org.br\\\/ocupacao\\\/dias-gomes\\\/\"},{\"@type\":\"ListItem\",\"position\":3,\"name\":\"Censura de Roque Santeiro\"}]},{\"@type\":\"WebSite\",\"@id\":\"https:\\\/\\\/www.itaucultural.org.br\\\/ocupacao\\\/en\\\/#website\",\"url\":\"https:\\\/\\\/www.itaucultural.org.br\\\/ocupacao\\\/en\\\/\",\"name\":\"Ocupa\u00e7\u00e3o\",\"description\":\"S\u00f3 mais um site WordPress\",\"potentialAction\":[{\"@type\":\"SearchAction\",\"target\":{\"@type\":\"EntryPoint\",\"urlTemplate\":\"https:\\\/\\\/www.itaucultural.org.br\\\/ocupacao\\\/en\\\/?s={search_term_string}\"},\"query-input\":{\"@type\":\"PropertyValueSpecification\",\"valueRequired\":true,\"valueName\":\"search_term_string\"}}],\"inLanguage\":\"pt-BR\"}]}<\/script>\n<!-- \/ Yoast SEO plugin. -->","yoast_head_json":{"title":"Censura de Roque Santeiro - Ocupa\u00e7\u00e3o Dias Gomes","description":"Saiba mais sobre a hist\u00f3ria de censura da obra Roque Santeiro, desde sua cria\u00e7\u00e3o para o teatro at\u00e9 a exibi\u00e7\u00e3o na televis\u00e3o.","robots":{"index":"index","follow":"follow","max-snippet":"max-snippet:-1","max-image-preview":"max-image-preview:large","max-video-preview":"max-video-preview:-1"},"canonical":"https:\/\/ocupacao.icnetworks.org\/ocupacao\/dias-gomes\/censura\/","og_locale":"pt_BR","og_type":"article","og_title":"Censura de Roque Santeiro - Ocupa\u00e7\u00e3o Dias Gomes","og_description":"Saiba mais sobre a hist\u00f3ria de censura da obra Roque Santeiro, desde sua cria\u00e7\u00e3o para o teatro at\u00e9 a exibi\u00e7\u00e3o na televis\u00e3o.","og_url":"https:\/\/ocupacao.icnetworks.org\/ocupacao\/dias-gomes\/censura\/","og_site_name":"Ocupa\u00e7\u00e3o","article_modified_time":"2023-03-22T17:06:27+00:00","twitter_card":"summary_large_image","schema":{"@context":"https:\/\/schema.org","@graph":[{"@type":"WebPage","@id":"https:\/\/ocupacao.icnetworks.org\/ocupacao\/dias-gomes\/censura\/","url":"https:\/\/ocupacao.icnetworks.org\/ocupacao\/dias-gomes\/censura\/","name":"Censura de Roque Santeiro - Ocupa\u00e7\u00e3o Dias Gomes","isPartOf":{"@id":"https:\/\/www.itaucultural.org.br\/ocupacao\/en\/#website"},"datePublished":"2022-10-18T21:11:18+00:00","dateModified":"2023-03-22T17:06:27+00:00","description":"Saiba mais sobre a hist\u00f3ria de censura da obra Roque Santeiro, desde sua cria\u00e7\u00e3o para o teatro at\u00e9 a exibi\u00e7\u00e3o na televis\u00e3o.","breadcrumb":{"@id":"https:\/\/ocupacao.icnetworks.org\/ocupacao\/dias-gomes\/censura\/#breadcrumb"},"inLanguage":"pt-BR","potentialAction":[{"@type":"ReadAction","target":["https:\/\/ocupacao.icnetworks.org\/ocupacao\/dias-gomes\/censura\/"]}]},{"@type":"BreadcrumbList","@id":"https:\/\/ocupacao.icnetworks.org\/ocupacao\/dias-gomes\/censura\/#breadcrumb","itemListElement":[{"@type":"ListItem","position":1,"name":"In\u00edcio","item":"https:\/\/www.itaucultural.org.br\/ocupacao\/en\/"},{"@type":"ListItem","position":2,"name":"Dias Gomes","item":"https:\/\/www.itaucultural.org.br\/ocupacao\/dias-gomes\/"},{"@type":"ListItem","position":3,"name":"Censura de Roque Santeiro"}]},{"@type":"WebSite","@id":"https:\/\/www.itaucultural.org.br\/ocupacao\/en\/#website","url":"https:\/\/www.itaucultural.org.br\/ocupacao\/en\/","name":"Ocupa\u00e7\u00e3o","description":"S\u00f3 mais um site WordPress","potentialAction":[{"@type":"SearchAction","target":{"@type":"EntryPoint","urlTemplate":"https:\/\/www.itaucultural.org.br\/ocupacao\/en\/?s={search_term_string}"},"query-input":{"@type":"PropertyValueSpecification","valueRequired":true,"valueName":"search_term_string"}}],"inLanguage":"pt-BR"}]}},"_links":{"self":[{"href":"https:\/\/ocupacao.icnetworks.org\/ocupacao\/wp-json\/wp\/v2\/pages\/19468","targetHints":{"allow":["GET"]}}],"collection":[{"href":"https:\/\/ocupacao.icnetworks.org\/ocupacao\/wp-json\/wp\/v2\/pages"}],"about":[{"href":"https:\/\/ocupacao.icnetworks.org\/ocupacao\/wp-json\/wp\/v2\/types\/page"}],"author":[{"embeddable":true,"href":"https:\/\/ocupacao.icnetworks.org\/ocupacao\/wp-json\/wp\/v2\/users\/25"}],"replies":[{"embeddable":true,"href":"https:\/\/ocupacao.icnetworks.org\/ocupacao\/wp-json\/wp\/v2\/comments?post=19468"}],"version-history":[{"count":16,"href":"https:\/\/ocupacao.icnetworks.org\/ocupacao\/wp-json\/wp\/v2\/pages\/19468\/revisions"}],"predecessor-version":[{"id":19929,"href":"https:\/\/ocupacao.icnetworks.org\/ocupacao\/wp-json\/wp\/v2\/pages\/19468\/revisions\/19929"}],"up":[{"embeddable":true,"href":"https:\/\/ocupacao.icnetworks.org\/ocupacao\/wp-json\/wp\/v2\/pages\/19348"}],"wp:attachment":[{"href":"https:\/\/ocupacao.icnetworks.org\/ocupacao\/wp-json\/wp\/v2\/media?parent=19468"}],"curies":[{"name":"wp","href":"https:\/\/api.w.org\/{rel}","templated":true}]}}

<!-- This site is optimized with the Yoast SEO plugin v27.5 - https://yoast.com/product/yoast-seo-wordpress/ -->
<title>Censura de Roque Santeiro - Ocupação Dias Gomes</title>
<meta name="description" content="Saiba mais sobre a história de censura da obra Roque Santeiro, desde sua criação para o teatro até a exibição na televisão." />
<meta name="robots" content="index, follow, max-snippet:-1, max-image-preview:large, max-video-preview:-1" />
<link rel="canonical" href="https://ocupacao.icnetworks.org/ocupacao/dias-gomes/censura/" />
<meta property="og:locale" content="pt_BR" />
<meta property="og:type" content="article" />
<meta property="og:title" content="Censura de Roque Santeiro - Ocupação Dias Gomes" />
<meta property="og:description" content="Saiba mais sobre a história de censura da obra Roque Santeiro, desde sua criação para o teatro até a exibição na televisão." />
<meta property="og:url" content="https://ocupacao.icnetworks.org/ocupacao/dias-gomes/censura/" />
<meta property="og:site_name" content="Ocupação" />
<meta property="article:modified_time" content="2023-03-22T17:06:27+00:00" />
<meta name="twitter:card" content="summary_large_image" />
<script type="application/ld+json" class="yoast-schema-graph">{"@context":"https:\/\/schema.org","@graph":[{"@type":"WebPage","@id":"https:\/\/ocupacao.icnetworks.org\/ocupacao\/dias-gomes\/censura\/","url":"https:\/\/ocupacao.icnetworks.org\/ocupacao\/dias-gomes\/censura\/","name":"Censura de Roque Santeiro - Ocupação Dias Gomes","isPartOf":{"@id":"https:\/\/www.itaucultural.org.br\/ocupacao\/en\/#website"},"datePublished":"2022-10-18T21:11:18+00:00","dateModified":"2023-03-22T17:06:27+00:00","description":"Saiba mais sobre a história de censura da obra Roque Santeiro, desde sua criação para o teatro até a exibição na televisão.","breadcrumb":{"@id":"https:\/\/ocupacao.icnetworks.org\/ocupacao\/dias-gomes\/censura\/#breadcrumb"},"inLanguage":"pt-BR","potentialAction":[{"@type":"ReadAction","target":["https:\/\/ocupacao.icnetworks.org\/ocupacao\/dias-gomes\/censura\/"]}]},{"@type":"BreadcrumbList","@id":"https:\/\/ocupacao.icnetworks.org\/ocupacao\/dias-gomes\/censura\/#breadcrumb","itemListElement":[{"@type":"ListItem","position":1,"name":"Início","item":"https:\/\/www.itaucultural.org.br\/ocupacao\/en\/"},{"@type":"ListItem","position":2,"name":"Dias Gomes","item":"https:\/\/www.itaucultural.org.br\/ocupacao\/dias-gomes\/"},{"@type":"ListItem","position":3,"name":"Censura de Roque Santeiro"}]},{"@type":"WebSite","@id":"https:\/\/www.itaucultural.org.br\/ocupacao\/en\/#website","url":"https:\/\/www.itaucultural.org.br\/ocupacao\/en\/","name":"Ocupação","description":"Só mais um site WordPress","potentialAction":[{"@type":"SearchAction","target":{"@type":"EntryPoint","urlTemplate":"https:\/\/www.itaucultural.org.br\/ocupacao\/en\/?s={search_term_string}"},"query-input":{"@type":"PropertyValueSpecification","valueRequired":true,"valueName":"search_term_string"}}],"inLanguage":"pt-BR"}]}</script>
<!-- / Yoast SEO plugin. -->

Censura de Roque Santeiro - Ocupação Dias Gomes

Saiba mais sobre a história de censura da obra Roque Santeiro, desde sua criação para o teatro até a exibição na televisão.

Ocupação

Início

Só mais um site WordPress
