
{"id":19666,"date":"2023-03-13T11:27:02","date_gmt":"2023-03-13T14:27:02","guid":{"rendered":"https:\/\/ocupacao.icnetworks.org\/ocupacao\/?page_id=19666"},"modified":"2023-03-22T11:40:07","modified_gmt":"2023-03-22T14:40:07","slug":"faceira","status":"publish","type":"page","link":"https:\/\/ocupacao.icnetworks.org\/ocupacao\/dona-onete\/faceira\/","title":{"rendered":"Faceira"},"content":{"rendered":"","protected":false},"excerpt":{"rendered":"","protected":false},"author":4,"featured_media":0,"parent":19658,"menu_order":1,"comment_status":"closed","ping_status":"closed","template":"","meta":{"footnotes":""},"class_list":["post-19666","page","type-page","status-publish","hentry"],"yoast_head":"<!-- This site is optimized with the Yoast SEO plugin v27.5 - https:\/\/yoast.com\/product\/yoast-seo-wordpress\/ -->\n<title>Faceira - Ocupa\u00e7\u00e3o Dona Onete<\/title>\n<meta name=\"description\" content=\"Faceira, vaidosa, dengosa. Dona Onete \u00e9 uma mulher no auge dos seus mais de 80 anos que exala vivacidade, liberdade e sensualidade.\" \/>\n<meta name=\"robots\" content=\"index, follow, max-snippet:-1, max-image-preview:large, max-video-preview:-1\" \/>\n<link rel=\"canonical\" href=\"https:\/\/ocupacao.icnetworks.org\/ocupacao\/dona-onete\/faceira\/\" \/>\n<meta property=\"og:locale\" content=\"pt_BR\" \/>\n<meta property=\"og:type\" content=\"article\" \/>\n<meta property=\"og:title\" content=\"Faceira - Ocupa\u00e7\u00e3o Dona Onete\" \/>\n<meta property=\"og:description\" content=\"Faceira, vaidosa, dengosa. Dona Onete \u00e9 uma mulher no auge dos seus mais de 80 anos que exala vivacidade, liberdade e sensualidade.\" \/>\n<meta property=\"og:url\" content=\"https:\/\/ocupacao.icnetworks.org\/ocupacao\/dona-onete\/faceira\/\" \/>\n<meta property=\"og:site_name\" content=\"Ocupa\u00e7\u00e3o\" \/>\n<meta property=\"article:modified_time\" content=\"2023-03-22T14:40:07+00:00\" \/>\n<meta name=\"twitter:card\" content=\"summary_large_image\" \/>\n<script type=\"application\/ld+json\" class=\"yoast-schema-graph\">{\"@context\":\"https:\\\/\\\/schema.org\",\"@graph\":[{\"@type\":\"WebPage\",\"@id\":\"https:\\\/\\\/ocupacao.icnetworks.org\\\/ocupacao\\\/dona-onete\\\/faceira\\\/\",\"url\":\"https:\\\/\\\/ocupacao.icnetworks.org\\\/ocupacao\\\/dona-onete\\\/faceira\\\/\",\"name\":\"Faceira - Ocupa\u00e7\u00e3o Dona Onete\",\"isPartOf\":{\"@id\":\"https:\\\/\\\/www.itaucultural.org.br\\\/ocupacao\\\/en\\\/#website\"},\"datePublished\":\"2023-03-13T14:27:02+00:00\",\"dateModified\":\"2023-03-22T14:40:07+00:00\",\"description\":\"Faceira, vaidosa, dengosa. Dona Onete \u00e9 uma mulher no auge dos seus mais de 80 anos que exala vivacidade, liberdade e sensualidade.\",\"breadcrumb\":{\"@id\":\"https:\\\/\\\/ocupacao.icnetworks.org\\\/ocupacao\\\/dona-onete\\\/faceira\\\/#breadcrumb\"},\"inLanguage\":\"pt-BR\",\"potentialAction\":[{\"@type\":\"ReadAction\",\"target\":[\"https:\\\/\\\/ocupacao.icnetworks.org\\\/ocupacao\\\/dona-onete\\\/faceira\\\/\"]}]},{\"@type\":\"BreadcrumbList\",\"@id\":\"https:\\\/\\\/ocupacao.icnetworks.org\\\/ocupacao\\\/dona-onete\\\/faceira\\\/#breadcrumb\",\"itemListElement\":[{\"@type\":\"ListItem\",\"position\":1,\"name\":\"In\u00edcio\",\"item\":\"https:\\\/\\\/www.itaucultural.org.br\\\/ocupacao\\\/en\\\/\"},{\"@type\":\"ListItem\",\"position\":2,\"name\":\"Dona Onete\",\"item\":\"https:\\\/\\\/ocupacao.icnetworks.org\\\/ocupacao\\\/dona-onete\\\/\"},{\"@type\":\"ListItem\",\"position\":3,\"name\":\"Faceira\"}]},{\"@type\":\"WebSite\",\"@id\":\"https:\\\/\\\/www.itaucultural.org.br\\\/ocupacao\\\/en\\\/#website\",\"url\":\"https:\\\/\\\/www.itaucultural.org.br\\\/ocupacao\\\/en\\\/\",\"name\":\"Ocupa\u00e7\u00e3o\",\"description\":\"S\u00f3 mais um site WordPress\",\"potentialAction\":[{\"@type\":\"SearchAction\",\"target\":{\"@type\":\"EntryPoint\",\"urlTemplate\":\"https:\\\/\\\/www.itaucultural.org.br\\\/ocupacao\\\/en\\\/?s={search_term_string}\"},\"query-input\":{\"@type\":\"PropertyValueSpecification\",\"valueRequired\":true,\"valueName\":\"search_term_string\"}}],\"inLanguage\":\"pt-BR\"}]}<\/script>\n<!-- \/ Yoast SEO plugin. -->","yoast_head_json":{"title":"Faceira - Ocupa\u00e7\u00e3o Dona Onete","description":"Faceira, vaidosa, dengosa. Dona Onete \u00e9 uma mulher no auge dos seus mais de 80 anos que exala vivacidade, liberdade e sensualidade.","robots":{"index":"index","follow":"follow","max-snippet":"max-snippet:-1","max-image-preview":"max-image-preview:large","max-video-preview":"max-video-preview:-1"},"canonical":"https:\/\/ocupacao.icnetworks.org\/ocupacao\/dona-onete\/faceira\/","og_locale":"pt_BR","og_type":"article","og_title":"Faceira - Ocupa\u00e7\u00e3o Dona Onete","og_description":"Faceira, vaidosa, dengosa. Dona Onete \u00e9 uma mulher no auge dos seus mais de 80 anos que exala vivacidade, liberdade e sensualidade.","og_url":"https:\/\/ocupacao.icnetworks.org\/ocupacao\/dona-onete\/faceira\/","og_site_name":"Ocupa\u00e7\u00e3o","article_modified_time":"2023-03-22T14:40:07+00:00","twitter_card":"summary_large_image","schema":{"@context":"https:\/\/schema.org","@graph":[{"@type":"WebPage","@id":"https:\/\/ocupacao.icnetworks.org\/ocupacao\/dona-onete\/faceira\/","url":"https:\/\/ocupacao.icnetworks.org\/ocupacao\/dona-onete\/faceira\/","name":"Faceira - Ocupa\u00e7\u00e3o Dona Onete","isPartOf":{"@id":"https:\/\/www.itaucultural.org.br\/ocupacao\/en\/#website"},"datePublished":"2023-03-13T14:27:02+00:00","dateModified":"2023-03-22T14:40:07+00:00","description":"Faceira, vaidosa, dengosa. Dona Onete \u00e9 uma mulher no auge dos seus mais de 80 anos que exala vivacidade, liberdade e sensualidade.","breadcrumb":{"@id":"https:\/\/ocupacao.icnetworks.org\/ocupacao\/dona-onete\/faceira\/#breadcrumb"},"inLanguage":"pt-BR","potentialAction":[{"@type":"ReadAction","target":["https:\/\/ocupacao.icnetworks.org\/ocupacao\/dona-onete\/faceira\/"]}]},{"@type":"BreadcrumbList","@id":"https:\/\/ocupacao.icnetworks.org\/ocupacao\/dona-onete\/faceira\/#breadcrumb","itemListElement":[{"@type":"ListItem","position":1,"name":"In\u00edcio","item":"https:\/\/www.itaucultural.org.br\/ocupacao\/en\/"},{"@type":"ListItem","position":2,"name":"Dona Onete","item":"https:\/\/ocupacao.icnetworks.org\/ocupacao\/dona-onete\/"},{"@type":"ListItem","position":3,"name":"Faceira"}]},{"@type":"WebSite","@id":"https:\/\/www.itaucultural.org.br\/ocupacao\/en\/#website","url":"https:\/\/www.itaucultural.org.br\/ocupacao\/en\/","name":"Ocupa\u00e7\u00e3o","description":"S\u00f3 mais um site WordPress","potentialAction":[{"@type":"SearchAction","target":{"@type":"EntryPoint","urlTemplate":"https:\/\/www.itaucultural.org.br\/ocupacao\/en\/?s={search_term_string}"},"query-input":{"@type":"PropertyValueSpecification","valueRequired":true,"valueName":"search_term_string"}}],"inLanguage":"pt-BR"}]}},"_links":{"self":[{"href":"https:\/\/ocupacao.icnetworks.org\/ocupacao\/wp-json\/wp\/v2\/pages\/19666","targetHints":{"allow":["GET"]}}],"collection":[{"href":"https:\/\/ocupacao.icnetworks.org\/ocupacao\/wp-json\/wp\/v2\/pages"}],"about":[{"href":"https:\/\/ocupacao.icnetworks.org\/ocupacao\/wp-json\/wp\/v2\/types\/page"}],"author":[{"embeddable":true,"href":"https:\/\/ocupacao.icnetworks.org\/ocupacao\/wp-json\/wp\/v2\/users\/4"}],"replies":[{"embeddable":true,"href":"https:\/\/ocupacao.icnetworks.org\/ocupacao\/wp-json\/wp\/v2\/comments?post=19666"}],"version-history":[{"count":22,"href":"https:\/\/ocupacao.icnetworks.org\/ocupacao\/wp-json\/wp\/v2\/pages\/19666\/revisions"}],"predecessor-version":[{"id":19920,"href":"https:\/\/ocupacao.icnetworks.org\/ocupacao\/wp-json\/wp\/v2\/pages\/19666\/revisions\/19920"}],"up":[{"embeddable":true,"href":"https:\/\/ocupacao.icnetworks.org\/ocupacao\/wp-json\/wp\/v2\/pages\/19658"}],"wp:attachment":[{"href":"https:\/\/ocupacao.icnetworks.org\/ocupacao\/wp-json\/wp\/v2\/media?parent=19666"}],"curies":[{"name":"wp","href":"https:\/\/api.w.org\/{rel}","templated":true}]}}

<!-- This site is optimized with the Yoast SEO plugin v27.5 - https://yoast.com/product/yoast-seo-wordpress/ -->
<title>Faceira - Ocupação Dona Onete</title>
<meta name="description" content="Faceira, vaidosa, dengosa. Dona Onete é uma mulher no auge dos seus mais de 80 anos que exala vivacidade, liberdade e sensualidade." />
<meta name="robots" content="index, follow, max-snippet:-1, max-image-preview:large, max-video-preview:-1" />
<link rel="canonical" href="https://ocupacao.icnetworks.org/ocupacao/dona-onete/faceira/" />
<meta property="og:locale" content="pt_BR" />
<meta property="og:type" content="article" />
<meta property="og:title" content="Faceira - Ocupação Dona Onete" />
<meta property="og:description" content="Faceira, vaidosa, dengosa. Dona Onete é uma mulher no auge dos seus mais de 80 anos que exala vivacidade, liberdade e sensualidade." />
<meta property="og:url" content="https://ocupacao.icnetworks.org/ocupacao/dona-onete/faceira/" />
<meta property="og:site_name" content="Ocupação" />
<meta property="article:modified_time" content="2023-03-22T14:40:07+00:00" />
<meta name="twitter:card" content="summary_large_image" />
<script type="application/ld+json" class="yoast-schema-graph">{"@context":"https:\/\/schema.org","@graph":[{"@type":"WebPage","@id":"https:\/\/ocupacao.icnetworks.org\/ocupacao\/dona-onete\/faceira\/","url":"https:\/\/ocupacao.icnetworks.org\/ocupacao\/dona-onete\/faceira\/","name":"Faceira - Ocupação Dona Onete","isPartOf":{"@id":"https:\/\/www.itaucultural.org.br\/ocupacao\/en\/#website"},"datePublished":"2023-03-13T14:27:02+00:00","dateModified":"2023-03-22T14:40:07+00:00","description":"Faceira, vaidosa, dengosa. Dona Onete é uma mulher no auge dos seus mais de 80 anos que exala vivacidade, liberdade e sensualidade.","breadcrumb":{"@id":"https:\/\/ocupacao.icnetworks.org\/ocupacao\/dona-onete\/faceira\/#breadcrumb"},"inLanguage":"pt-BR","potentialAction":[{"@type":"ReadAction","target":["https:\/\/ocupacao.icnetworks.org\/ocupacao\/dona-onete\/faceira\/"]}]},{"@type":"BreadcrumbList","@id":"https:\/\/ocupacao.icnetworks.org\/ocupacao\/dona-onete\/faceira\/#breadcrumb","itemListElement":[{"@type":"ListItem","position":1,"name":"Início","item":"https:\/\/www.itaucultural.org.br\/ocupacao\/en\/"},{"@type":"ListItem","position":2,"name":"Dona Onete","item":"https:\/\/ocupacao.icnetworks.org\/ocupacao\/dona-onete\/"},{"@type":"ListItem","position":3,"name":"Faceira"}]},{"@type":"WebSite","@id":"https:\/\/www.itaucultural.org.br\/ocupacao\/en\/#website","url":"https:\/\/www.itaucultural.org.br\/ocupacao\/en\/","name":"Ocupação","description":"Só mais um site WordPress","potentialAction":[{"@type":"SearchAction","target":{"@type":"EntryPoint","urlTemplate":"https:\/\/www.itaucultural.org.br\/ocupacao\/en\/?s={search_term_string}"},"query-input":{"@type":"PropertyValueSpecification","valueRequired":true,"valueName":"search_term_string"}}],"inLanguage":"pt-BR"}]}</script>
<!-- / Yoast SEO plugin. -->

Faceira - Ocupação Dona Onete

Faceira, vaidosa, dengosa. Dona Onete é uma mulher no auge dos seus mais de 80 anos que exala vivacidade, liberdade e sensualidade.

Ocupação

Início

Só mais um site WordPress
