
{"id":20080,"date":"2023-10-09T19:26:46","date_gmt":"2023-10-09T22:26:46","guid":{"rendered":"https:\/\/ocupacao.icnetworks.org\/ocupacao\/?page_id=20080"},"modified":"2023-12-15T10:55:11","modified_gmt":"2023-12-15T13:55:11","slug":"pensamento-militancia-politica","status":"publish","type":"page","link":"https:\/\/ocupacao.icnetworks.org\/ocupacao\/mario-pedrosa\/pensamento-militancia-politica\/","title":{"rendered":"Pensamento e milit\u00e2ncia pol\u00edtica"},"content":{"rendered":"","protected":false},"excerpt":{"rendered":"","protected":false},"author":20,"featured_media":0,"parent":20056,"menu_order":5,"comment_status":"closed","ping_status":"closed","template":"","meta":{"footnotes":""},"class_list":["post-20080","page","type-page","status-publish","hentry","temas-ditadura-militar","temas-politica","areas-artes-visuais"],"yoast_head":"<!-- This site is optimized with the Yoast SEO plugin v27.5 - https:\/\/yoast.com\/product\/yoast-seo-wordpress\/ -->\n<title>Pensamento e milit\u00e2ncia pol\u00edtica - Ocupa\u00e7\u00e3o Mario Pedrosa<\/title>\n<meta name=\"description\" content=\"O pensamento e a milit\u00e2ncia pol\u00edtica de Mario Pedrosa se misturam com sua atua\u00e7\u00e3o nas artes e com o seu entendimento da identidade brasileira.\" \/>\n<meta name=\"robots\" content=\"index, follow, max-snippet:-1, max-image-preview:large, max-video-preview:-1\" \/>\n<link rel=\"canonical\" href=\"https:\/\/ocupacao.icnetworks.org\/ocupacao\/mario-pedrosa\/pensamento-militancia-politica\/\" \/>\n<meta property=\"og:locale\" content=\"pt_BR\" \/>\n<meta property=\"og:type\" content=\"article\" \/>\n<meta property=\"og:title\" content=\"Pensamento e milit\u00e2ncia pol\u00edtica - Ocupa\u00e7\u00e3o Mario Pedrosa\" \/>\n<meta property=\"og:description\" content=\"O pensamento e a milit\u00e2ncia pol\u00edtica de Mario Pedrosa se misturam com sua atua\u00e7\u00e3o nas artes e com o seu entendimento da identidade brasileira.\" \/>\n<meta property=\"og:url\" content=\"https:\/\/ocupacao.icnetworks.org\/ocupacao\/mario-pedrosa\/pensamento-militancia-politica\/\" \/>\n<meta property=\"og:site_name\" content=\"Ocupa\u00e7\u00e3o\" \/>\n<meta property=\"article:modified_time\" content=\"2023-12-15T13:55:11+00:00\" \/>\n<meta name=\"twitter:card\" content=\"summary_large_image\" \/>\n<script type=\"application\/ld+json\" class=\"yoast-schema-graph\">{\"@context\":\"https:\\\/\\\/schema.org\",\"@graph\":[{\"@type\":\"WebPage\",\"@id\":\"https:\\\/\\\/ocupacao.icnetworks.org\\\/ocupacao\\\/mario-pedrosa\\\/pensamento-militancia-politica\\\/\",\"url\":\"https:\\\/\\\/ocupacao.icnetworks.org\\\/ocupacao\\\/mario-pedrosa\\\/pensamento-militancia-politica\\\/\",\"name\":\"Pensamento e milit\u00e2ncia pol\u00edtica - Ocupa\u00e7\u00e3o Mario Pedrosa\",\"isPartOf\":{\"@id\":\"https:\\\/\\\/www.itaucultural.org.br\\\/ocupacao\\\/en\\\/#website\"},\"datePublished\":\"2023-10-09T22:26:46+00:00\",\"dateModified\":\"2023-12-15T13:55:11+00:00\",\"description\":\"O pensamento e a milit\u00e2ncia pol\u00edtica de Mario Pedrosa se misturam com sua atua\u00e7\u00e3o nas artes e com o seu entendimento da identidade brasileira.\",\"breadcrumb\":{\"@id\":\"https:\\\/\\\/ocupacao.icnetworks.org\\\/ocupacao\\\/mario-pedrosa\\\/pensamento-militancia-politica\\\/#breadcrumb\"},\"inLanguage\":\"pt-BR\",\"potentialAction\":[{\"@type\":\"ReadAction\",\"target\":[\"https:\\\/\\\/ocupacao.icnetworks.org\\\/ocupacao\\\/mario-pedrosa\\\/pensamento-militancia-politica\\\/\"]}]},{\"@type\":\"BreadcrumbList\",\"@id\":\"https:\\\/\\\/ocupacao.icnetworks.org\\\/ocupacao\\\/mario-pedrosa\\\/pensamento-militancia-politica\\\/#breadcrumb\",\"itemListElement\":[{\"@type\":\"ListItem\",\"position\":1,\"name\":\"In\u00edcio\",\"item\":\"https:\\\/\\\/www.itaucultural.org.br\\\/ocupacao\\\/en\\\/\"},{\"@type\":\"ListItem\",\"position\":2,\"name\":\"Mario Pedrosa\",\"item\":\"https:\\\/\\\/ocupacao.icnetworks.org\\\/ocupacao\\\/mario-pedrosa\\\/\"},{\"@type\":\"ListItem\",\"position\":3,\"name\":\"Pensamento e milit\u00e2ncia pol\u00edtica\"}]},{\"@type\":\"WebSite\",\"@id\":\"https:\\\/\\\/www.itaucultural.org.br\\\/ocupacao\\\/en\\\/#website\",\"url\":\"https:\\\/\\\/www.itaucultural.org.br\\\/ocupacao\\\/en\\\/\",\"name\":\"Ocupa\u00e7\u00e3o\",\"description\":\"S\u00f3 mais um site WordPress\",\"potentialAction\":[{\"@type\":\"SearchAction\",\"target\":{\"@type\":\"EntryPoint\",\"urlTemplate\":\"https:\\\/\\\/www.itaucultural.org.br\\\/ocupacao\\\/en\\\/?s={search_term_string}\"},\"query-input\":{\"@type\":\"PropertyValueSpecification\",\"valueRequired\":true,\"valueName\":\"search_term_string\"}}],\"inLanguage\":\"pt-BR\"}]}<\/script>\n<!-- \/ Yoast SEO plugin. -->","yoast_head_json":{"title":"Pensamento e milit\u00e2ncia pol\u00edtica - Ocupa\u00e7\u00e3o Mario Pedrosa","description":"O pensamento e a milit\u00e2ncia pol\u00edtica de Mario Pedrosa se misturam com sua atua\u00e7\u00e3o nas artes e com o seu entendimento da identidade brasileira.","robots":{"index":"index","follow":"follow","max-snippet":"max-snippet:-1","max-image-preview":"max-image-preview:large","max-video-preview":"max-video-preview:-1"},"canonical":"https:\/\/ocupacao.icnetworks.org\/ocupacao\/mario-pedrosa\/pensamento-militancia-politica\/","og_locale":"pt_BR","og_type":"article","og_title":"Pensamento e milit\u00e2ncia pol\u00edtica - Ocupa\u00e7\u00e3o Mario Pedrosa","og_description":"O pensamento e a milit\u00e2ncia pol\u00edtica de Mario Pedrosa se misturam com sua atua\u00e7\u00e3o nas artes e com o seu entendimento da identidade brasileira.","og_url":"https:\/\/ocupacao.icnetworks.org\/ocupacao\/mario-pedrosa\/pensamento-militancia-politica\/","og_site_name":"Ocupa\u00e7\u00e3o","article_modified_time":"2023-12-15T13:55:11+00:00","twitter_card":"summary_large_image","schema":{"@context":"https:\/\/schema.org","@graph":[{"@type":"WebPage","@id":"https:\/\/ocupacao.icnetworks.org\/ocupacao\/mario-pedrosa\/pensamento-militancia-politica\/","url":"https:\/\/ocupacao.icnetworks.org\/ocupacao\/mario-pedrosa\/pensamento-militancia-politica\/","name":"Pensamento e milit\u00e2ncia pol\u00edtica - Ocupa\u00e7\u00e3o Mario Pedrosa","isPartOf":{"@id":"https:\/\/www.itaucultural.org.br\/ocupacao\/en\/#website"},"datePublished":"2023-10-09T22:26:46+00:00","dateModified":"2023-12-15T13:55:11+00:00","description":"O pensamento e a milit\u00e2ncia pol\u00edtica de Mario Pedrosa se misturam com sua atua\u00e7\u00e3o nas artes e com o seu entendimento da identidade brasileira.","breadcrumb":{"@id":"https:\/\/ocupacao.icnetworks.org\/ocupacao\/mario-pedrosa\/pensamento-militancia-politica\/#breadcrumb"},"inLanguage":"pt-BR","potentialAction":[{"@type":"ReadAction","target":["https:\/\/ocupacao.icnetworks.org\/ocupacao\/mario-pedrosa\/pensamento-militancia-politica\/"]}]},{"@type":"BreadcrumbList","@id":"https:\/\/ocupacao.icnetworks.org\/ocupacao\/mario-pedrosa\/pensamento-militancia-politica\/#breadcrumb","itemListElement":[{"@type":"ListItem","position":1,"name":"In\u00edcio","item":"https:\/\/www.itaucultural.org.br\/ocupacao\/en\/"},{"@type":"ListItem","position":2,"name":"Mario Pedrosa","item":"https:\/\/ocupacao.icnetworks.org\/ocupacao\/mario-pedrosa\/"},{"@type":"ListItem","position":3,"name":"Pensamento e milit\u00e2ncia pol\u00edtica"}]},{"@type":"WebSite","@id":"https:\/\/www.itaucultural.org.br\/ocupacao\/en\/#website","url":"https:\/\/www.itaucultural.org.br\/ocupacao\/en\/","name":"Ocupa\u00e7\u00e3o","description":"S\u00f3 mais um site WordPress","potentialAction":[{"@type":"SearchAction","target":{"@type":"EntryPoint","urlTemplate":"https:\/\/www.itaucultural.org.br\/ocupacao\/en\/?s={search_term_string}"},"query-input":{"@type":"PropertyValueSpecification","valueRequired":true,"valueName":"search_term_string"}}],"inLanguage":"pt-BR"}]}},"_links":{"self":[{"href":"https:\/\/ocupacao.icnetworks.org\/ocupacao\/wp-json\/wp\/v2\/pages\/20080","targetHints":{"allow":["GET"]}}],"collection":[{"href":"https:\/\/ocupacao.icnetworks.org\/ocupacao\/wp-json\/wp\/v2\/pages"}],"about":[{"href":"https:\/\/ocupacao.icnetworks.org\/ocupacao\/wp-json\/wp\/v2\/types\/page"}],"author":[{"embeddable":true,"href":"https:\/\/ocupacao.icnetworks.org\/ocupacao\/wp-json\/wp\/v2\/users\/20"}],"replies":[{"embeddable":true,"href":"https:\/\/ocupacao.icnetworks.org\/ocupacao\/wp-json\/wp\/v2\/comments?post=20080"}],"version-history":[{"count":17,"href":"https:\/\/ocupacao.icnetworks.org\/ocupacao\/wp-json\/wp\/v2\/pages\/20080\/revisions"}],"predecessor-version":[{"id":20543,"href":"https:\/\/ocupacao.icnetworks.org\/ocupacao\/wp-json\/wp\/v2\/pages\/20080\/revisions\/20543"}],"up":[{"embeddable":true,"href":"https:\/\/ocupacao.icnetworks.org\/ocupacao\/wp-json\/wp\/v2\/pages\/20056"}],"wp:attachment":[{"href":"https:\/\/ocupacao.icnetworks.org\/ocupacao\/wp-json\/wp\/v2\/media?parent=20080"}],"curies":[{"name":"wp","href":"https:\/\/api.w.org\/{rel}","templated":true}]}}

Pensamento e militância política

<!-- This site is optimized with the Yoast SEO plugin v27.5 - https://yoast.com/product/yoast-seo-wordpress/ -->
<title>Pensamento e militância política - Ocupação Mario Pedrosa</title>
<meta name="description" content="O pensamento e a militância política de Mario Pedrosa se misturam com sua atuação nas artes e com o seu entendimento da identidade brasileira." />
<meta name="robots" content="index, follow, max-snippet:-1, max-image-preview:large, max-video-preview:-1" />
<link rel="canonical" href="https://ocupacao.icnetworks.org/ocupacao/mario-pedrosa/pensamento-militancia-politica/" />
<meta property="og:locale" content="pt_BR" />
<meta property="og:type" content="article" />
<meta property="og:title" content="Pensamento e militância política - Ocupação Mario Pedrosa" />
<meta property="og:description" content="O pensamento e a militância política de Mario Pedrosa se misturam com sua atuação nas artes e com o seu entendimento da identidade brasileira." />
<meta property="og:url" content="https://ocupacao.icnetworks.org/ocupacao/mario-pedrosa/pensamento-militancia-politica/" />
<meta property="og:site_name" content="Ocupação" />
<meta property="article:modified_time" content="2023-12-15T13:55:11+00:00" />
<meta name="twitter:card" content="summary_large_image" />
<script type="application/ld+json" class="yoast-schema-graph">{"@context":"https:\/\/schema.org","@graph":[{"@type":"WebPage","@id":"https:\/\/ocupacao.icnetworks.org\/ocupacao\/mario-pedrosa\/pensamento-militancia-politica\/","url":"https:\/\/ocupacao.icnetworks.org\/ocupacao\/mario-pedrosa\/pensamento-militancia-politica\/","name":"Pensamento e militância política - Ocupação Mario Pedrosa","isPartOf":{"@id":"https:\/\/www.itaucultural.org.br\/ocupacao\/en\/#website"},"datePublished":"2023-10-09T22:26:46+00:00","dateModified":"2023-12-15T13:55:11+00:00","description":"O pensamento e a militância política de Mario Pedrosa se misturam com sua atuação nas artes e com o seu entendimento da identidade brasileira.","breadcrumb":{"@id":"https:\/\/ocupacao.icnetworks.org\/ocupacao\/mario-pedrosa\/pensamento-militancia-politica\/#breadcrumb"},"inLanguage":"pt-BR","potentialAction":[{"@type":"ReadAction","target":["https:\/\/ocupacao.icnetworks.org\/ocupacao\/mario-pedrosa\/pensamento-militancia-politica\/"]}]},{"@type":"BreadcrumbList","@id":"https:\/\/ocupacao.icnetworks.org\/ocupacao\/mario-pedrosa\/pensamento-militancia-politica\/#breadcrumb","itemListElement":[{"@type":"ListItem","position":1,"name":"Início","item":"https:\/\/www.itaucultural.org.br\/ocupacao\/en\/"},{"@type":"ListItem","position":2,"name":"Mario Pedrosa","item":"https:\/\/ocupacao.icnetworks.org\/ocupacao\/mario-pedrosa\/"},{"@type":"ListItem","position":3,"name":"Pensamento e militância política"}]},{"@type":"WebSite","@id":"https:\/\/www.itaucultural.org.br\/ocupacao\/en\/#website","url":"https:\/\/www.itaucultural.org.br\/ocupacao\/en\/","name":"Ocupação","description":"Só mais um site WordPress","potentialAction":[{"@type":"SearchAction","target":{"@type":"EntryPoint","urlTemplate":"https:\/\/www.itaucultural.org.br\/ocupacao\/en\/?s={search_term_string}"},"query-input":{"@type":"PropertyValueSpecification","valueRequired":true,"valueName":"search_term_string"}}],"inLanguage":"pt-BR"}]}</script>
<!-- / Yoast SEO plugin. -->

Pensamento e militância política - Ocupação Mario Pedrosa

O pensamento e a militância política de Mario Pedrosa se misturam com sua atuação nas artes e com o seu entendimento da identidade brasileira.

Ocupação

Início

Só mais um site WordPress
