
{"id":8590,"date":"2016-08-19T21:18:42","date_gmt":"2016-08-20T00:18:42","guid":{"rendered":"http:\/\/qa.ocupacao.itau.nuova2.com\/ocupacao\/zuzu-angel\/o-brasil-como-inspiracao\/"},"modified":"2021-10-26T16:31:28","modified_gmt":"2021-10-26T19:31:28","slug":"o-brasil-como-inspiracao","status":"publish","type":"page","link":"https:\/\/ocupacao.icnetworks.org\/ocupacao\/zuzu-angel\/o-brasil-como-inspiracao\/","title":{"rendered":"O Brasil como Inspira\u00e7\u00e3o"},"content":{"rendered":"","protected":false},"excerpt":{"rendered":"","protected":false},"author":1,"featured_media":8608,"parent":8526,"menu_order":3,"comment_status":"closed","ping_status":"closed","template":"","meta":{"footnotes":""},"class_list":["post-8590","page","type-page","status-publish","has-post-thumbnail","hentry","temas-cultura-popular","areas-moda"],"yoast_head":"<!-- This site is optimized with the Yoast SEO plugin v27.4 - https:\/\/yoast.com\/product\/yoast-seo-wordpress\/ -->\n<title>O Brasil como Inspira\u00e7\u00e3o - Ocupa\u00e7\u00e3o<\/title>\n<meta name=\"description\" content=\"A moda de Zuzu Angel tem como inspira\u00e7\u00e3o a identidade brasileira. A estilista consagrou temas regionais, como as baianas e os cangaceiros.\" \/>\n<meta name=\"robots\" content=\"index, follow, max-snippet:-1, max-image-preview:large, max-video-preview:-1\" \/>\n<link rel=\"canonical\" href=\"https:\/\/ocupacao.icnetworks.org\/ocupacao\/zuzu-angel\/o-brasil-como-inspiracao\/\" \/>\n<meta property=\"og:locale\" content=\"pt_BR\" \/>\n<meta property=\"og:type\" content=\"article\" \/>\n<meta property=\"og:title\" content=\"O Brasil como Inspira\u00e7\u00e3o - Ocupa\u00e7\u00e3o\" \/>\n<meta property=\"og:description\" content=\"A moda de Zuzu Angel tem como inspira\u00e7\u00e3o a identidade brasileira. A estilista consagrou temas regionais, como as baianas e os cangaceiros.\" \/>\n<meta property=\"og:url\" content=\"https:\/\/ocupacao.icnetworks.org\/ocupacao\/zuzu-angel\/o-brasil-como-inspiracao\/\" \/>\n<meta property=\"og:site_name\" content=\"Ocupa\u00e7\u00e3o\" \/>\n<meta property=\"article:modified_time\" content=\"2021-10-26T19:31:28+00:00\" \/>\n<meta property=\"og:image\" content=\"https:\/\/ocupacao.icnetworks.org\/ocupacao\/wp-content\/uploads\/2014\/04\/croqui_9.jpg\" \/>\n\t<meta property=\"og:image:width\" content=\"2000\" \/>\n\t<meta property=\"og:image:height\" content=\"2741\" \/>\n\t<meta property=\"og:image:type\" content=\"image\/jpeg\" \/>\n<meta name=\"twitter:card\" content=\"summary_large_image\" \/>\n<script type=\"application\/ld+json\" class=\"yoast-schema-graph\">{\"@context\":\"https:\\\/\\\/schema.org\",\"@graph\":[{\"@type\":\"WebPage\",\"@id\":\"https:\\\/\\\/ocupacao.icnetworks.org\\\/ocupacao\\\/zuzu-angel\\\/o-brasil-como-inspiracao\\\/\",\"url\":\"https:\\\/\\\/ocupacao.icnetworks.org\\\/ocupacao\\\/zuzu-angel\\\/o-brasil-como-inspiracao\\\/\",\"name\":\"O Brasil como Inspira\u00e7\u00e3o - Ocupa\u00e7\u00e3o\",\"isPartOf\":{\"@id\":\"https:\\\/\\\/www.itaucultural.org.br\\\/ocupacao\\\/en\\\/#website\"},\"primaryImageOfPage\":{\"@id\":\"https:\\\/\\\/ocupacao.icnetworks.org\\\/ocupacao\\\/zuzu-angel\\\/o-brasil-como-inspiracao\\\/#primaryimage\"},\"image\":{\"@id\":\"https:\\\/\\\/ocupacao.icnetworks.org\\\/ocupacao\\\/zuzu-angel\\\/o-brasil-como-inspiracao\\\/#primaryimage\"},\"thumbnailUrl\":\"https:\\\/\\\/ocupacao.icnetworks.org\\\/ocupacao\\\/wp-content\\\/uploads\\\/2014\\\/04\\\/croqui_9.jpg\",\"datePublished\":\"2016-08-20T00:18:42+00:00\",\"dateModified\":\"2021-10-26T19:31:28+00:00\",\"description\":\"A moda de Zuzu Angel tem como inspira\u00e7\u00e3o a identidade brasileira. A estilista consagrou temas regionais, como as baianas e os cangaceiros.\",\"breadcrumb\":{\"@id\":\"https:\\\/\\\/ocupacao.icnetworks.org\\\/ocupacao\\\/zuzu-angel\\\/o-brasil-como-inspiracao\\\/#breadcrumb\"},\"inLanguage\":\"pt-BR\",\"potentialAction\":[{\"@type\":\"ReadAction\",\"target\":[\"https:\\\/\\\/ocupacao.icnetworks.org\\\/ocupacao\\\/zuzu-angel\\\/o-brasil-como-inspiracao\\\/\"]}]},{\"@type\":\"ImageObject\",\"inLanguage\":\"pt-BR\",\"@id\":\"https:\\\/\\\/ocupacao.icnetworks.org\\\/ocupacao\\\/zuzu-angel\\\/o-brasil-como-inspiracao\\\/#primaryimage\",\"url\":\"https:\\\/\\\/ocupacao.icnetworks.org\\\/ocupacao\\\/wp-content\\\/uploads\\\/2014\\\/04\\\/croqui_9.jpg\",\"contentUrl\":\"https:\\\/\\\/ocupacao.icnetworks.org\\\/ocupacao\\\/wp-content\\\/uploads\\\/2014\\\/04\\\/croqui_9.jpg\",\"width\":2000,\"height\":2741},{\"@type\":\"BreadcrumbList\",\"@id\":\"https:\\\/\\\/ocupacao.icnetworks.org\\\/ocupacao\\\/zuzu-angel\\\/o-brasil-como-inspiracao\\\/#breadcrumb\",\"itemListElement\":[{\"@type\":\"ListItem\",\"position\":1,\"name\":\"In\u00edcio\",\"item\":\"https:\\\/\\\/www.itaucultural.org.br\\\/ocupacao\\\/en\\\/\"},{\"@type\":\"ListItem\",\"position\":2,\"name\":\"Zuzu Angel\",\"item\":\"https:\\\/\\\/www.itaucultural.org.br\\\/ocupacao\\\/zuzu-angel\\\/\"},{\"@type\":\"ListItem\",\"position\":3,\"name\":\"O Brasil como Inspira\u00e7\u00e3o\"}]},{\"@type\":\"WebSite\",\"@id\":\"https:\\\/\\\/www.itaucultural.org.br\\\/ocupacao\\\/en\\\/#website\",\"url\":\"https:\\\/\\\/www.itaucultural.org.br\\\/ocupacao\\\/en\\\/\",\"name\":\"Ocupa\u00e7\u00e3o\",\"description\":\"S\u00f3 mais um site WordPress\",\"potentialAction\":[{\"@type\":\"SearchAction\",\"target\":{\"@type\":\"EntryPoint\",\"urlTemplate\":\"https:\\\/\\\/www.itaucultural.org.br\\\/ocupacao\\\/en\\\/?s={search_term_string}\"},\"query-input\":{\"@type\":\"PropertyValueSpecification\",\"valueRequired\":true,\"valueName\":\"search_term_string\"}}],\"inLanguage\":\"pt-BR\"}]}<\/script>\n<!-- \/ Yoast SEO plugin. -->","yoast_head_json":{"title":"O Brasil como Inspira\u00e7\u00e3o - Ocupa\u00e7\u00e3o","description":"A moda de Zuzu Angel tem como inspira\u00e7\u00e3o a identidade brasileira. A estilista consagrou temas regionais, como as baianas e os cangaceiros.","robots":{"index":"index","follow":"follow","max-snippet":"max-snippet:-1","max-image-preview":"max-image-preview:large","max-video-preview":"max-video-preview:-1"},"canonical":"https:\/\/ocupacao.icnetworks.org\/ocupacao\/zuzu-angel\/o-brasil-como-inspiracao\/","og_locale":"pt_BR","og_type":"article","og_title":"O Brasil como Inspira\u00e7\u00e3o - Ocupa\u00e7\u00e3o","og_description":"A moda de Zuzu Angel tem como inspira\u00e7\u00e3o a identidade brasileira. A estilista consagrou temas regionais, como as baianas e os cangaceiros.","og_url":"https:\/\/ocupacao.icnetworks.org\/ocupacao\/zuzu-angel\/o-brasil-como-inspiracao\/","og_site_name":"Ocupa\u00e7\u00e3o","article_modified_time":"2021-10-26T19:31:28+00:00","og_image":[{"width":2000,"height":2741,"url":"https:\/\/ocupacao.icnetworks.org\/ocupacao\/wp-content\/uploads\/2014\/04\/croqui_9.jpg","type":"image\/jpeg"}],"twitter_card":"summary_large_image","schema":{"@context":"https:\/\/schema.org","@graph":[{"@type":"WebPage","@id":"https:\/\/ocupacao.icnetworks.org\/ocupacao\/zuzu-angel\/o-brasil-como-inspiracao\/","url":"https:\/\/ocupacao.icnetworks.org\/ocupacao\/zuzu-angel\/o-brasil-como-inspiracao\/","name":"O Brasil como Inspira\u00e7\u00e3o - Ocupa\u00e7\u00e3o","isPartOf":{"@id":"https:\/\/www.itaucultural.org.br\/ocupacao\/en\/#website"},"primaryImageOfPage":{"@id":"https:\/\/ocupacao.icnetworks.org\/ocupacao\/zuzu-angel\/o-brasil-como-inspiracao\/#primaryimage"},"image":{"@id":"https:\/\/ocupacao.icnetworks.org\/ocupacao\/zuzu-angel\/o-brasil-como-inspiracao\/#primaryimage"},"thumbnailUrl":"https:\/\/ocupacao.icnetworks.org\/ocupacao\/wp-content\/uploads\/2014\/04\/croqui_9.jpg","datePublished":"2016-08-20T00:18:42+00:00","dateModified":"2021-10-26T19:31:28+00:00","description":"A moda de Zuzu Angel tem como inspira\u00e7\u00e3o a identidade brasileira. A estilista consagrou temas regionais, como as baianas e os cangaceiros.","breadcrumb":{"@id":"https:\/\/ocupacao.icnetworks.org\/ocupacao\/zuzu-angel\/o-brasil-como-inspiracao\/#breadcrumb"},"inLanguage":"pt-BR","potentialAction":[{"@type":"ReadAction","target":["https:\/\/ocupacao.icnetworks.org\/ocupacao\/zuzu-angel\/o-brasil-como-inspiracao\/"]}]},{"@type":"ImageObject","inLanguage":"pt-BR","@id":"https:\/\/ocupacao.icnetworks.org\/ocupacao\/zuzu-angel\/o-brasil-como-inspiracao\/#primaryimage","url":"https:\/\/ocupacao.icnetworks.org\/ocupacao\/wp-content\/uploads\/2014\/04\/croqui_9.jpg","contentUrl":"https:\/\/ocupacao.icnetworks.org\/ocupacao\/wp-content\/uploads\/2014\/04\/croqui_9.jpg","width":2000,"height":2741},{"@type":"BreadcrumbList","@id":"https:\/\/ocupacao.icnetworks.org\/ocupacao\/zuzu-angel\/o-brasil-como-inspiracao\/#breadcrumb","itemListElement":[{"@type":"ListItem","position":1,"name":"In\u00edcio","item":"https:\/\/www.itaucultural.org.br\/ocupacao\/en\/"},{"@type":"ListItem","position":2,"name":"Zuzu Angel","item":"https:\/\/www.itaucultural.org.br\/ocupacao\/zuzu-angel\/"},{"@type":"ListItem","position":3,"name":"O Brasil como Inspira\u00e7\u00e3o"}]},{"@type":"WebSite","@id":"https:\/\/www.itaucultural.org.br\/ocupacao\/en\/#website","url":"https:\/\/www.itaucultural.org.br\/ocupacao\/en\/","name":"Ocupa\u00e7\u00e3o","description":"S\u00f3 mais um site WordPress","potentialAction":[{"@type":"SearchAction","target":{"@type":"EntryPoint","urlTemplate":"https:\/\/www.itaucultural.org.br\/ocupacao\/en\/?s={search_term_string}"},"query-input":{"@type":"PropertyValueSpecification","valueRequired":true,"valueName":"search_term_string"}}],"inLanguage":"pt-BR"}]}},"_links":{"self":[{"href":"https:\/\/ocupacao.icnetworks.org\/ocupacao\/wp-json\/wp\/v2\/pages\/8590","targetHints":{"allow":["GET"]}}],"collection":[{"href":"https:\/\/ocupacao.icnetworks.org\/ocupacao\/wp-json\/wp\/v2\/pages"}],"about":[{"href":"https:\/\/ocupacao.icnetworks.org\/ocupacao\/wp-json\/wp\/v2\/types\/page"}],"author":[{"embeddable":true,"href":"https:\/\/ocupacao.icnetworks.org\/ocupacao\/wp-json\/wp\/v2\/users\/1"}],"replies":[{"embeddable":true,"href":"https:\/\/ocupacao.icnetworks.org\/ocupacao\/wp-json\/wp\/v2\/comments?post=8590"}],"version-history":[{"count":1,"href":"https:\/\/ocupacao.icnetworks.org\/ocupacao\/wp-json\/wp\/v2\/pages\/8590\/revisions"}],"predecessor-version":[{"id":16173,"href":"https:\/\/ocupacao.icnetworks.org\/ocupacao\/wp-json\/wp\/v2\/pages\/8590\/revisions\/16173"}],"up":[{"embeddable":true,"href":"https:\/\/ocupacao.icnetworks.org\/ocupacao\/wp-json\/wp\/v2\/pages\/8526"}],"wp:featuredmedia":[{"embeddable":true,"href":"https:\/\/ocupacao.icnetworks.org\/ocupacao\/wp-json\/wp\/v2\/media\/8608"}],"wp:attachment":[{"href":"https:\/\/ocupacao.icnetworks.org\/ocupacao\/wp-json\/wp\/v2\/media?parent=8590"}],"curies":[{"name":"wp","href":"https:\/\/api.w.org\/{rel}","templated":true}]}}

O Brasil como Inspiração

<!-- This site is optimized with the Yoast SEO plugin v27.4 - https://yoast.com/product/yoast-seo-wordpress/ -->
<title>O Brasil como Inspiração - Ocupação</title>
<meta name="description" content="A moda de Zuzu Angel tem como inspiração a identidade brasileira. A estilista consagrou temas regionais, como as baianas e os cangaceiros." />
<meta name="robots" content="index, follow, max-snippet:-1, max-image-preview:large, max-video-preview:-1" />
<link rel="canonical" href="https://ocupacao.icnetworks.org/ocupacao/zuzu-angel/o-brasil-como-inspiracao/" />
<meta property="og:locale" content="pt_BR" />
<meta property="og:type" content="article" />
<meta property="og:title" content="O Brasil como Inspiração - Ocupação" />
<meta property="og:description" content="A moda de Zuzu Angel tem como inspiração a identidade brasileira. A estilista consagrou temas regionais, como as baianas e os cangaceiros." />
<meta property="og:url" content="https://ocupacao.icnetworks.org/ocupacao/zuzu-angel/o-brasil-como-inspiracao/" />
<meta property="og:site_name" content="Ocupação" />
<meta property="article:modified_time" content="2021-10-26T19:31:28+00:00" />
<meta property="og:image" content="https://ocupacao.icnetworks.org/ocupacao/wp-content/uploads/2014/04/croqui_9.jpg" />
	<meta property="og:image:width" content="2000" />
	<meta property="og:image:height" content="2741" />
	<meta property="og:image:type" content="image/jpeg" />
<meta name="twitter:card" content="summary_large_image" />
<script type="application/ld+json" class="yoast-schema-graph">{"@context":"https:\/\/schema.org","@graph":[{"@type":"WebPage","@id":"https:\/\/ocupacao.icnetworks.org\/ocupacao\/zuzu-angel\/o-brasil-como-inspiracao\/","url":"https:\/\/ocupacao.icnetworks.org\/ocupacao\/zuzu-angel\/o-brasil-como-inspiracao\/","name":"O Brasil como Inspiração - Ocupação","isPartOf":{"@id":"https:\/\/www.itaucultural.org.br\/ocupacao\/en\/#website"},"primaryImageOfPage":{"@id":"https:\/\/ocupacao.icnetworks.org\/ocupacao\/zuzu-angel\/o-brasil-como-inspiracao\/#primaryimage"},"image":{"@id":"https:\/\/ocupacao.icnetworks.org\/ocupacao\/zuzu-angel\/o-brasil-como-inspiracao\/#primaryimage"},"thumbnailUrl":"https:\/\/ocupacao.icnetworks.org\/ocupacao\/wp-content\/uploads\/2014\/04\/croqui_9.jpg","datePublished":"2016-08-20T00:18:42+00:00","dateModified":"2021-10-26T19:31:28+00:00","description":"A moda de Zuzu Angel tem como inspiração a identidade brasileira. A estilista consagrou temas regionais, como as baianas e os cangaceiros.","breadcrumb":{"@id":"https:\/\/ocupacao.icnetworks.org\/ocupacao\/zuzu-angel\/o-brasil-como-inspiracao\/#breadcrumb"},"inLanguage":"pt-BR","potentialAction":[{"@type":"ReadAction","target":["https:\/\/ocupacao.icnetworks.org\/ocupacao\/zuzu-angel\/o-brasil-como-inspiracao\/"]}]},{"@type":"ImageObject","inLanguage":"pt-BR","@id":"https:\/\/ocupacao.icnetworks.org\/ocupacao\/zuzu-angel\/o-brasil-como-inspiracao\/#primaryimage","url":"https:\/\/ocupacao.icnetworks.org\/ocupacao\/wp-content\/uploads\/2014\/04\/croqui_9.jpg","contentUrl":"https:\/\/ocupacao.icnetworks.org\/ocupacao\/wp-content\/uploads\/2014\/04\/croqui_9.jpg","width":2000,"height":2741},{"@type":"BreadcrumbList","@id":"https:\/\/ocupacao.icnetworks.org\/ocupacao\/zuzu-angel\/o-brasil-como-inspiracao\/#breadcrumb","itemListElement":[{"@type":"ListItem","position":1,"name":"Início","item":"https:\/\/www.itaucultural.org.br\/ocupacao\/en\/"},{"@type":"ListItem","position":2,"name":"Zuzu Angel","item":"https:\/\/www.itaucultural.org.br\/ocupacao\/zuzu-angel\/"},{"@type":"ListItem","position":3,"name":"O Brasil como Inspiração"}]},{"@type":"WebSite","@id":"https:\/\/www.itaucultural.org.br\/ocupacao\/en\/#website","url":"https:\/\/www.itaucultural.org.br\/ocupacao\/en\/","name":"Ocupação","description":"Só mais um site WordPress","potentialAction":[{"@type":"SearchAction","target":{"@type":"EntryPoint","urlTemplate":"https:\/\/www.itaucultural.org.br\/ocupacao\/en\/?s={search_term_string}"},"query-input":{"@type":"PropertyValueSpecification","valueRequired":true,"valueName":"search_term_string"}}],"inLanguage":"pt-BR"}]}</script>
<!-- / Yoast SEO plugin. -->

O Brasil como Inspiração - Ocupação

A moda de Zuzu Angel tem como inspiração a identidade brasileira. A estilista consagrou temas regionais, como as baianas e os cangaceiros.

Ocupação

Início

Só mais um site WordPress
